INSERT INTO `wp_icl_translate` (`tid`, `job_id`, `content_id`, `timestamp`, `field_type`, `field_wrap_tag`, `field_format`, `field_translate`, `field_data`, `field_data_translated`, `field_finished`) VALUES
(18, 2, 0, '2025-03-18 13:45:10', 'excerpt', '', 'base64', 1, '', '', 1),
(19, 2, 0, '2025-03-18 13:45:10', 't_19', '', 'base64', 1, 'T3B0aW9uYWw=', '', 1),
(20, 2, 0, '2025-03-18 13:45:10', 'tdesc_19', '', 'base64', 1, '', '', 1),
(21, 2, 0, '2025-03-18 13:45:10', 'package-string-3-145', '', 'base64', 1, 'PHA+aW5mb0BzaGVnYXJma2FyYW4uY29tPC9wPg==', 'PHA+aW5mb0BzaGVnYXJma2FyYW4uY29tPC9wPg==', 1),
(22, 2, 0, '2025-03-18 13:45:10', 'package-string-3-146', '', 'base64', 1, 'PHA+MDkxMzEyNjY4OTI8L3A+', 'PHA+MDkxMzEyNjY4OTI8L3A+', 1),
(23, 2, 0, '2025-03-18 13:45:10', 'package-string-3-147', '', 'base64', 1, 'PGRpdiBjbGFzcz0ibWVzc2FnZS1idWJibGUgcm91bmRlZC0zeGwgcHJvc2UgZGFyazpwcm9zZS1pbnZlcnQgYnJlYWstd29yZHMgdGV4dC1wcmltYXJ5IG1pbi1oLTcgcHJvc2UtcDpvcGFjaXR5LTk1IHByb3NlLXN0cm9uZzpvcGFjaXR5LTEwMCB3LWZ1bGwgbWF4LXctbm9uZSIgZGlyPSJhdXRvIj48cCBjbGFzcz0iYnJlYWstd29yZHMiPlVuaXQgNTA3LCAzcmQgRmxvb3IsIFBoYXNlIDEsIEtvd3NhciBDb21wbGV4LCBDaGFoYXJiYWdoLWUgQmFsYSwgSXNmYWhhbiwgSXJhbjwvcD48L2Rpdj4=', 'PGRpdiBjbGFzcz0ibWVzc2FnZS1idWJibGUgcm91bmRlZC0zeGwgcHJvc2UgZGFyazpwcm9zZS1pbnZlcnQgYnJlYWstd29yZHMgdGV4dC1wcmltYXJ5IG1pbi1oLTcgcHJvc2UtcDpvcGFjaXR5LTk1IHByb3NlLXN0cm9uZzpvcGFjaXR5LTEwMCB3LWZ1bGwgbWF4LXctbm9uZSIgZGlyPSJhdXRvIj48cCBjbGFzcz0iYnJlYWstd29yZHMiPlVuaXQgNTA3LCAzcmQgRmxvb3IsIFBoYXNlIDEsIEtvd3NhciBDb21wbGV4LCBDaGFoYXJiYWdoLWUgQmFsYSwgSXNmYWhhbiwgSXJhbjwvcD48L2Rpdj4=', 1),
(24, 2, 0, '2025-03-18 13:45:10', 'package-string-3-148', '', 'base64', 1, 'PHA+QWxsIFJpZ2h0cyBSZXNlcnZlZC48L3A+', 'PHA+QWxsIFJpZ2h0cyBSZXNlcnZlZC48L3A+', 1),
(25, 2, 0, '2025-03-18 13:45:10', 'package-string-3-149', '', 'base64', 1, 'RGVzaWduIGFuZCBleGVjdXRpb24gb2Ygd2Vic2l0ZXM6IDxhIHN0eWxlPSJjb2xvcjogI2ZmZjsiIGhyZWY9Imh0dHA6Ly93d3cuYWRtZWhyLmNvbSI+TWVociBIb2xkaW5nPC9hPg==', 'RGVzaWduIGFuZCBleGVjdXRpb24gb2Ygd2Vic2l0ZXM6IDxhIHN0eWxlPSJjb2xvcjogI2ZmZjsiIGhyZWY9Imh0dHA6Ly93d3cuYWRtZWhyLmNvbSI+TWVociBIb2xkaW5nPC9hPg==', 1),
(26, 3, 0, '2025-03-18 14:52:02', 'original_id', '', '', 0, '920', '1216', 1),
(27, 3, 0, '2025-03-18 14:52:02', 'title', '', 'base64', 1, '2K/Yp9mG2LTaqdiv2Ycg2YHZhtuMINit2LHZgdmH4oCM2KfbjCDZhdmH2KfYrNixINiz2b7Yp9mH2KfZhiDYtNmH2LE=', 'TWlncmF0b3J5IFZvY2F0aW9uYWwgRmFjdWx0eSBvZiBTZXBhaGFuIFNoYWhy', 1);
INSERT INTO `wp_icl_translate` (`tid`, `job_id`, `content_id`, `timestamp`, `field_type`, `field_wrap_tag`, `field_format`, `field_translate`, `field_data`, `field_data_translated`, `field_finished`) VALUES
(28, 3, 0, '2025-03-18 14:52:02', 'body', '', 'base64', 0, '[encoded data, 25596 characters]', '[encoded data, 25892 characters]', 1);
INSERT INTO `wp_icl_translate` (`tid`, `job_id`, `content_id`, `timestamp`, `field_type`, `field_wrap_tag`, `field_format`, `field_translate`, `field_data`, `field_data_translated`, `field_finished`) VALUES
(29, 3, 0, '2025-03-18 14:52:02', 'excerpt', '', 'base64', 1, '', '', 1),
(30, 3, 0, '2025-03-18 14:52:02', 't_26', '', 'base64', 1, '2b7YsdmI2pjZhyDZh9in24wg2LPYp9iu2KrZhdin2YbbjA==', '2b7YsdmI2pjZhyDZh9in24wg2LPYp9iu2KrZhdin2YbbjA==', 1),
(31, 3, 0, '2025-03-18 14:52:02', 'tdesc_26', '', 'base64', 1, '', '', 1),
(32, 3, 0, '2025-03-18 14:52:02', 'package-string-4-150', '', 'base64', 1, 'PGgyIHN0eWxlPSJ0ZXh0LWFsaWduOiByaWdodDsiPtiv2KfZhti02qnYr9mHINmB2YbbjCDYrdix2YHZhyDYp9uMINmF2YfYp9is2LEg2LPZvtin2YfYp9mGINi02YfYsTwvaDI+PGg0IHN0eWxlPSJ0ZXh0LWFsaWduOiByaWdodDsiPtmF2YjZgti524zYqjog2K/Yp9mG2LTar9in2Ycg2YHZhtuMINit2LHZgdmHINin24wg2K/Yrtiq2LHYp9mG2Ycg2LPZvtin2YfYp9mGINi02YfYsTwvaDQ+', 'PGgyIHN0eWxlPSJ0ZXh0LWFsaWduOiByaWdodDsiPtiv2KfZhti02qnYr9mHINmB2YbbjCDYrdix2YHZhyDYp9uMINmF2YfYp9is2LEg2LPZvtin2YfYp9mGINi02YfYsTwvaDI+PGg0IHN0eWxlPSJ0ZXh0LWFsaWduOiByaWdodDsiPtmF2YjZgti524zYqjog2K/Yp9mG2LTar9in2Ycg2YHZhtuMINit2LHZgdmHINin24wg2K/Yrtiq2LHYp9mG2Ycg2LPZvtin2YfYp9mGINi02YfYsTwvaDQ+', 1),
(33, 4, 0, '2025-03-18 14:58:34', 'original_id', '', '', 0, '905', '1221', 1),
(34, 4, 0, '2025-03-18 14:58:34', 'title', '', 'base64', 1, '2qnYp9mB2Ycg2qnYqtin2Kgg2K/Yp9mG2LTar9in2Ycg2LXZhti52KrbjA==', 'VW5pdmVyc2l0eSBvZiBUZWNobm9sb2d5IEJvb2sgQ2FmZQ==', 1),
(35, 4, 0, '2025-03-18 14:58:34', 'body', '', 'base64', 0, '[encoded data, 7412 characters]', '[encoded data, 7428 characters]', 1),
(36, 4, 0, '2025-03-18 14:58:34', 'excerpt', '', 'base64', 1, '', '', 1),
(39, 4, 0, '2025-03-18 14:58:34', 'package-string-5-151', '', 'base64', 1, 'PGgyIHN0eWxlPSJ0ZXh0LWFsaWduOiByaWdodDsiPtqp2KfZgdmHINqp2KrYp9ioINiv2KfZhti02q/Yp9mHINi12YbYudiq24w8L2gyPjxoNCBzdHlsZT0idGV4dC1hbGlnbjogcmlnaHQ7Ij7ZhdmI2YLYuduM2Ko6INiv2KfZhti02q/Yp9mHINi12YbYudiq24wg2KfYtdmB2YfYp9mGPC9oND4=', 'PGgyIHN0eWxlPSJ0ZXh0LWFsaWduOiByaWdodDsiPtqp2KfZgdmHINqp2KrYp9ioINiv2KfZhti02q/Yp9mHINi12YbYudiq24w8L2gyPjxoNCBzdHlsZT0idGV4dC1hbGlnbjogcmlnaHQ7Ij7ZhdmI2YLYuduM2Ko6INiv2KfZhti02q/Yp9mHINi12YbYudiq24wg2KfYtdmB2YfYp9mGPC9oND4=', 1),
(40, 5, 0, '2025-03-18 15:04:57', 'original_id', '', '', 0, '555', '1226', 1),
(41, 5, 0, '2025-03-18 15:04:57', 'title', '', 'base64', 1, '2qnYp9mG2YjZhiDZvtix2YjYsdi0INmB2qnYsduMINqp2YjYr9qp2KfZhg==', 'Q2hpbGRyZW4ncyBEZXZlbG9wbWVudCBDZW50ZXI=', 1),
(42, 5, 0, '2025-03-18 15:04:57', 'body', '', 'base64', 0, '[encoded data, 8192 characters]', '[encoded data, 8256 characters]', 1),
(43, 5, 0, '2025-03-18 15:04:57', 'excerpt', '', 'base64', 1, '', '', 1),
(46, 5, 0, '2025-03-18 15:04:57', 'package-string-6-152', '', 'base64', 1, 'PGgyIHN0eWxlPSJ0ZXh0LWFsaWduOiByaWdodDsiPtqp2KfZhtmI2YYg2b7YsdmI2LHYtCDZgdqp2LHbjCDaqdmI2K/aqdin2YY8L2gyPjxoNCBzdHlsZT0idGV4dC1hbGlnbjogcmlnaHQ7Ij7ZhdmI2YLYuduM2Ko6INiu24zYp9io2KfZhiDaqdin2LTYp9mG24w8L2g0Pg==', 'PGgyIHN0eWxlPSJ0ZXh0LWFsaWduOiByaWdodDsiPtqp2KfZhtmI2YYg2b7YsdmI2LHYtCDZgdqp2LHbjCDaqdmI2K/aqdin2YY8L2gyPjxoNCBzdHlsZT0idGV4dC1hbGlnbjogcmlnaHQ7Ij7ZhdmI2YLYuduM2Ko6INiu24zYp9io2KfZhiDaqdin2LTYp9mG24w8L2g0Pg==', 1),
(47, 6, 0, '2025-03-18 15:15:15', 'original_id', '', '', 0, '546', '1231', 1),
(48, 6, 0, '2025-03-18 15:15:15', 'title', '', 'base64', 1, '2K/Yp9mG2LTar9in2Ycg2YHZhtuMINit2LHZgdmH4oCM2KfbjCDYr9iu2KrYsdin2YbZhyDYs9m+2KfZh9in2YYg2LTZh9ix', 'U2VwYWhhbiBTaGFociBHaXJscycgVGVjaG5pY2FsIGFuZCBWb2NhdGlvbmFsIFVuaXZlcnNpdHk=', 1),
(49, 6, 0, '2025-03-18 15:15:15', 'body', '', 'base64', 0, 'PGEgZGF0YS1lbGVtZW50b3Itb3Blbi1saWdodGJveD0ieWVzIiBkYXRhLWVsZW1lbnRvci1saWdodGJveC1zbGlkZXNob3c9IjhjYzY1MjAiIGRhdGEtZS1hY3Rpb24taGFzaD0iI2VsZW1lbnRvci1hY3Rpb24lM0FhY3Rpb24lM0RsaWdodGJveCUyNnNldHRpbmdzJTNEZXlKcFpDSTZOVFEzTENKMWNtd2lPaUpvZEhSd2N6cGNMMXd2YzJobFoyRnlabXRoY21GdUxtTnZiVnd2ZDNBdFkyOXVkR1Z1ZEZ3dmRYQnNiMkZrYzF3dk1qQXlOVnd2TUROY0wwUlRRMTgzTmprekxXTnZjSGt1YW5Cbklpd2ljMnhwWkdWemFHOTNJam9pT0dOak5qVXlNQ0o5IiBocmVmPSJodHRwczovL3NoZWdhcmZrYXJhbi5jb20vd3AtY29udGVudC91cGxvYWRzLzIwMjUvMDMvRFNDXzc2OTMtY29weS5qcGciPjxmaWd1cmU+PGltZyBzcmM9Imh0dHBzOi8vc2hlZ2FyZmthcmFuLmNvbS93cC1jb250ZW50L3VwbG9hZHMvMjAyNS8wMy9EU0NfNzY5My1jb3B5LmpwZyIgYWx0PSIiIC8+PC9maWd1cmU+PC9hPjxhIGRhdGEtZWxlbWVudG9yLW9wZW4tbGlnaHRib3g9InllcyIgZGF0YS1lbGVtZW50b3ItbGlnaHRib3gtc2xpZGVzaG93PSI4Y2M2NTIwIiBkYXRhLWUtYWN0aW9uLWhhc2g9IiNlbGVtZW50b3ItYWN0aW9uJTNBYWN0aW9uJTNEbGlnaHRib3glMjZzZXR0aW5ncyUzRGV5SnBaQ0k2TlRRNUxDSjFjbXdpT2lKb2RIUndjenBjTDF3dmMyaGxaMkZ5Wm10aGNtRnVMbU52YlZ3dmQzQXRZMjl1ZEdWdWRGd3ZkWEJzYjJGa2Mxd3ZNakF5TlZ3dk1ETmNMMFJUUTE4M05qZ3lMV052Y0hrdWFuQm5JaXdpYzJ4cFpHVnphRzkzSWpvaU9HTmpOalV5TUNKOSIgaHJlZj0iaHR0cHM6Ly9zaGVnYXJma2FyYW4uY29tL3dwLWNvbnRlbnQvdXBsb2Fkcy8yMDI1LzAzL0RTQ183NjgyLWNvcHkuanBnIj48ZmlndXJlPjxpbWcgc3JjPSJodHRwczovL3NoZWdhcmZrYXJhbi5jb20vd3AtY29udGVudC91cGxvYWRzLzIwMjUvMDMvRFNDXzc2ODItY29weS5qcGciIGFsdD0iIiAvPjwvZmlndXJlPjwvYT48YSBkYXRhLWVsZW1lbnRvci1vcGVuLWxpZ2h0Ym94PSJ5ZXMiIGRhdGEtZWxlbWVudG9yLWxpZ2h0Ym94LXNsaWRlc2hvdz0iOGNjNjUyMCIgZGF0YS1lLWFjdGlvbi1oYXNoPSIjZWxlbWVudG9yLWFjdGlvbiUzQWFjdGlvbiUzRGxpZ2h0Ym94JTI2c2V0dGluZ3MlM0RleUpwWkNJNk5UVXdMQ0oxY213aU9pSm9kSFJ3Y3pwY0wxd3ZjMmhsWjJGeVptdGhjbUZ1TG1OdmJWd3ZkM0F0WTI5dWRHVnVkRnd2ZFhCc2IyRmtjMXd2TWpBeU5Wd3ZNRE5jTDBSVFExODNOamcyTFdOdmNIa3VhbkJuSWl3aWMyeHBaR1Z6YUc5M0lqb2lPR05qTmpVeU1DSjkiIGhyZWY9Imh0dHBzOi8vc2hlZ2FyZmthcmFuLmNvbS93cC1jb250ZW50L3VwbG9hZHMvMjAyNS8wMy9EU0NfNzY4Ni1jb3B5LmpwZyI+PGZpZ3VyZT48aW1nIHNyYz0iaHR0cHM6Ly9zaGVnYXJma2FyYW4uY29tL3dwLWNvbnRlbnQvdXBsb2Fkcy8yMDI1LzAzL0RTQ183Njg2LWNvcHkuanBnIiBhbHQ9IiIgLz48L2ZpZ3VyZT48L2E+CQkJCgkJCQkJCTxzdmcgYXJpYS1oaWRkZW49InRydWUiIHZpZXdCb3g9IjAgMCAxMDAwIDEwMDAiIHhtbG5zPSJodHRwOi8vd3d3LnczLm9yZy8yMDAwL3N2ZyI+PHBhdGggZD0iTTY0NiAxMjVDNjI5IDEyNSA2MTMgMTMzIDYwNCAxNDJMMzA4IDQ0MkMyOTYgNDU0IDI5MiA0NzEgMjkyIDQ4NyAyOTIgNTA0IDI5NiA1MjEgMzA4IDUzM0w2MDQgODU0QzYxNyA4NjcgNjI5IDg3NSA2NDYgODc1IDY2MyA4NzUgNjc5IDg3MSA2OTIgODU4IDcwNCA4NDYgNzEzIDgyOSA3MTMgODEyIDcxMyA3OTYgNzA4IDc3OSA2OTIgNzY3TDQzOCA0ODcgNjkyIDIyNUM3MDAgMjE3IDcwOCAyMDQgNzA4IDE4NyA3MDggMTcxIDcwNCAxNTQgNjkyIDE0MiA2NzUgMTI5IDY2MyAxMjUgNjQ2IDEyNVoiPjwvcGF0aD48L3N2Zz4JCQkJCQoJCQkJCQk8c3ZnIGFyaWEtaGlkZGVuPSJ0cnVlIiB2aWV3Qm94PSIwIDAgMTAwMCAxMDAwIiB4bWxucz0iaHR0cDovL3d3dy53My5vcmcvMjAwMC9zdmciPjxwYXRoIGQ9Ik02OTYgNTMzQzcwOCA1MjEgNzEzIDUwNCA3MTMgNDg3IDcxMyA0NzEgNzA4IDQ1NCA2OTYgNDQ2TDQwMCAxNDZDMzg4IDEzMyAzNzUgMTI1IDM1NCAxMjUgMzM4IDEyNSAzMjUgMTI5IDMxMyAxNDIgMzAwIDE1NCAyOTIgMTcxIDI5MiAxODcgMjkyIDIwNCAyOTYgMjIxIDMwOCAyMzNMNTYzIDQ5MiAzMDQgNzcxQzI5MiA3ODMgMjg4IDgwMCAyODggODE3IDI4OCA4MzMgMjk2IDg1MCAzMDggODYzIDMyMSA4NzEgMzM4IDg3NSAzNTQgODc1IDM3MSA4NzUgMzg4IDg2NyA0MDAgODU0TDY5NiA1MzNaIj48L3BhdGg+PC9zdmc+CQkJCQkKCQkJCQkJCQk8bGluayByZWw9InN0eWxlc2hlZXQiIGlkPSJ3ZC10ZXh0LWJsb2NrLWNzcyIgaHJlZj0iaHR0cHM6Ly9zaGVnYXJma2FyYW4uY29tL3dwLWNvbnRlbnQvdGhlbWVzL3dvb2RtYXJ0L2Nzcy9wYXJ0cy9lbC10ZXh0LWJsb2NrLm1pbi5jc3M/dmVyPTguMC42IiB0eXBlPSJ0ZXh0L2NzcyIgbWVkaWE9ImFsbCIgLz4gCQkJCQkKCQkJPGgyIHN0eWxlPSJ0ZXh0LWFsaWduOiByaWdodDsiPtiv2KfZhti02q/Yp9mHINmB2YbbjCDYrdix2YHZh+KAjNin24wg2K/Yrtiq2LHYp9mG2Ycg2LPZvtin2YfYp9mGINi02YfYsTwvaDI+PGg0IHN0eWxlPSJ0ZXh0LWFsaWduOiByaWdodDsiPtmF2YjZgti524zYqjog2LPZvtin2YfYp9mGINi02YfYsTwvaDQ+', 'PGEgZGF0YS1lbGVtZW50b3Itb3Blbi1saWdodGJveD0ieWVzIiBkYXRhLWVsZW1lbnRvci1saWdodGJveC1zbGlkZXNob3c9IjhjYzY1MjAiIGRhdGEtZS1hY3Rpb24taGFzaD0iI2VsZW1lbnRvci1hY3Rpb24lM0FhY3Rpb24lM0RsaWdodGJveCUyNnNldHRpbmdzJTNEZXlKcFpDSTZNVEE1TkN3aWRYSnNJam9pYUhSMGNITTZYQzljTDNOb1pXZGhjbVpyWVhKaGJpNWpiMjFjTDNkd0xXTnZiblJsYm5SY0wzVndiRzloWkhOY0x6SXdNalZjTHpBelhDOUVVME5mTnpZNU15MWpiM0I1TG1wd1p5SXNJbk5zYVdSbGMyaHZkeUk2SWpoall6WTFNakFpZlElM0QlM0QiIGhyZWY9Imh0dHBzOi8vc2hlZ2FyZmthcmFuLmNvbS93cC1jb250ZW50L3VwbG9hZHMvMjAyNS8wMy9EU0NfNzY5My1jb3B5LmpwZyI+PGZpZ3VyZT48aW1nIHNyYz0iaHR0cHM6Ly9zaGVnYXJma2FyYW4uY29tL3dwLWNvbnRlbnQvdXBsb2Fkcy8yMDI1LzAzL0RTQ183NjkzLWNvcHkuanBnIiBhbHQ9IiIgLz48L2ZpZ3VyZT48L2E+PGEgZGF0YS1lbGVtZW50b3Itb3Blbi1saWdodGJveD0ieWVzIiBkYXRhLWVsZW1lbnRvci1saWdodGJveC1zbGlkZXNob3c9IjhjYzY1MjAiIGRhdGEtZS1hY3Rpb24taGFzaD0iI2VsZW1lbnRvci1hY3Rpb24lM0FhY3Rpb24lM0RsaWdodGJveCUyNnNldHRpbmdzJTNEZXlKcFpDSTZNVEE1TlN3aWRYSnNJam9pYUhSMGNITTZYQzljTDNOb1pXZGhjbVpyWVhKaGJpNWpiMjFjTDNkd0xXTnZiblJsYm5SY0wzVndiRzloWkhOY0x6SXdNalZjTHpBelhDOUVVME5mTnpZNE1pMWpiM0I1TG1wd1p5SXNJbk5zYVdSbGMyaHZkeUk2SWpoall6WTFNakFpZlElM0QlM0QiIGhyZWY9Imh0dHBzOi8vc2hlZ2FyZmthcmFuLmNvbS93cC1jb250ZW50L3VwbG9hZHMvMjAyNS8wMy9EU0NfNzY4Mi1jb3B5LmpwZyI+PGZpZ3VyZT48aW1nIHNyYz0iaHR0cHM6Ly9zaGVnYXJma2FyYW4uY29tL3dwLWNvbnRlbnQvdXBsb2Fkcy8yMDI1LzAzL0RTQ183NjgyLWNvcHkuanBnIiBhbHQ9IiIgLz48L2ZpZ3VyZT48L2E+PGEgZGF0YS1lbGVtZW50b3Itb3Blbi1saWdodGJveD0ieWVzIiBkYXRhLWVsZW1lbnRvci1saWdodGJveC1zbGlkZXNob3c9IjhjYzY1MjAiIGRhdGEtZS1hY3Rpb24taGFzaD0iI2VsZW1lbnRvci1hY3Rpb24lM0FhY3Rpb24lM0RsaWdodGJveCUyNnNldHRpbmdzJTNEZXlKcFpDSTZNVEE1Tml3aWRYSnNJam9pYUhSMGNITTZYQzljTDNOb1pXZGhjbVpyWVhKaGJpNWpiMjFjTDNkd0xXTnZiblJsYm5SY0wzVndiRzloWkhOY0x6SXdNalZjTHpBelhDOUVVME5mTnpZNE5pMWpiM0I1TG1wd1p5SXNJbk5zYVdSbGMyaHZkeUk2SWpoall6WTFNakFpZlElM0QlM0QiIGhyZWY9Imh0dHBzOi8vc2hlZ2FyZmthcmFuLmNvbS93cC1jb250ZW50L3VwbG9hZHMvMjAyNS8wMy9EU0NfNzY4Ni1jb3B5LmpwZyI+PGZpZ3VyZT48aW1nIHNyYz0iaHR0cHM6Ly9zaGVnYXJma2FyYW4uY29tL3dwLWNvbnRlbnQvdXBsb2Fkcy8yMDI1LzAzL0RTQ183Njg2LWNvcHkuanBnIiBhbHQ9IiIgLz48L2ZpZ3VyZT48L2E+CQkJCgkJCQkJCTxzdmcgYXJpYS1oaWRkZW49InRydWUiIHZpZXdCb3g9IjAgMCAxMDAwIDEwMDAiIHhtbG5zPSJodHRwOi8vd3d3LnczLm9yZy8yMDAwL3N2ZyI+PHBhdGggZD0iTTY0NiAxMjVDNjI5IDEyNSA2MTMgMTMzIDYwNCAxNDJMMzA4IDQ0MkMyOTYgNDU0IDI5MiA0NzEgMjkyIDQ4NyAyOTIgNTA0IDI5NiA1MjEgMzA4IDUzM0w2MDQgODU0QzYxNyA4NjcgNjI5IDg3NSA2NDYgODc1IDY2MyA4NzUgNjc5IDg3MSA2OTIgODU4IDcwNCA4NDYgNzEzIDgyOSA3MTMgODEyIDcxMyA3OTYgNzA4IDc3OSA2OTIgNzY3TDQzOCA0ODcgNjkyIDIyNUM3MDAgMjE3IDcwOCAyMDQgNzA4IDE4NyA3MDggMTcxIDcwNCAxNTQgNjkyIDE0MiA2NzUgMTI5IDY2MyAxMjUgNjQ2IDEyNVoiPjwvcGF0aD48L3N2Zz4JCQkJCQoJCQkJCQk8c3ZnIGFyaWEtaGlkZGVuPSJ0cnVlIiB2aWV3Qm94PSIwIDAgMTAwMCAxMDAwIiB4bWxucz0iaHR0cDovL3d3dy53My5vcmcvMjAwMC9zdmciPjxwYXRoIGQ9Ik02OTYgNTMzQzcwOCA1MjEgNzEzIDUwNCA3MTMgNDg3IDcxMyA0NzEgNzA4IDQ1NCA2OTYgNDQ2TDQwMCAxNDZDMzg4IDEzMyAzNzUgMTI1IDM1NCAxMjUgMzM4IDEyNSAzMjUgMTI5IDMxMyAxNDIgMzAwIDE1NCAyOTIgMTcxIDI5MiAxODcgMjkyIDIwNCAyOTYgMjIxIDMwOCAyMzNMNTYzIDQ5MiAzMDQgNzcxQzI5MiA3ODMgMjg4IDgwMCAyODggODE3IDI4OCA4MzMgMjk2IDg1MCAzMDggODYzIDMyMSA4NzEgMzM4IDg3NSAzNTQgODc1IDM3MSA4NzUgMzg4IDg2NyA0MDAgODU0TDY5NiA1MzNaIj48L3BhdGg+PC9zdmc+CQkJCQkKCQkJCQkJCQk8bGluayByZWw9InN0eWxlc2hlZXQiIGlkPSJ3ZC10ZXh0LWJsb2NrLWNzcyIgaHJlZj0iaHR0cHM6Ly9zaGVnYXJma2FyYW4uY29tL3dwLWNvbnRlbnQvdGhlbWVzL3dvb2RtYXJ0L2Nzcy9wYXJ0cy9lbC10ZXh0LWJsb2NrLm1pbi5jc3M/dmVyPTguMC42IiB0eXBlPSJ0ZXh0L2NzcyIgbWVkaWE9ImFsbCIgLz4gCQkJCQkKCQkJPGgyIHN0eWxlPSJ0ZXh0LWFsaWduOiBsZWZ0OyI+U2VwYWhhbiBTaGFociBHaXJscycgVGVjaG5pY2FsIGFuZCBWb2NhdGlvbmFsIFVuaXZlcnNpdHk8L2gyPjxoNCBzdHlsZT0idGV4dC1hbGlnbjogbGVmdDsiPkxvY2F0aW9uOiBTZXBhaGFuIFNoYWhyPC9oND4=', 1),
(50, 6, 0, '2025-03-18 15:15:15', 'excerpt', '', 'base64', 1, '', '', 1),
(53, 6, 0, '2025-03-18 15:15:15', 'package-string-7-153', '', 'base64', 1, 'PGgyIHN0eWxlPSJ0ZXh0LWFsaWduOiByaWdodDsiPtiv2KfZhti02q/Yp9mHINmB2YbbjCDYrdix2YHZh+KAjNin24wg2K/Yrtiq2LHYp9mG2Ycg2LPZvtin2YfYp9mGINi02YfYsTwvaDI+PGg0IHN0eWxlPSJ0ZXh0LWFsaWduOiByaWdodDsiPtmF2YjZgti524zYqjog2LPZvtin2YfYp9mGINi02YfYsTwvaDQ+', 'PGgyIHN0eWxlPSJ0ZXh0LWFsaWduOiByaWdodDsiPtiv2KfZhti02q/Yp9mHINmB2YbbjCDYrdix2YHZh+KAjNin24wg2K/Yrtiq2LHYp9mG2Ycg2LPZvtin2YfYp9mGINi02YfYsTwvaDI+PGg0IHN0eWxlPSJ0ZXh0LWFsaWduOiByaWdodDsiPtmF2YjZgti524zYqjog2LPZvtin2YfYp9mGINi02YfYsTwvaDQ+', 1),
(54, 7, 0, '2025-03-18 15:21:43', 'original_id', '', '', 0, '534', '1236', 1),
(55, 7, 0, '2025-03-18 15:21:43', 'title', '', 'base64', 1, '2KfYr9in2LHZhyDYq9io2Kog2KfYrdmI2KfZhA==', 'Q2l2aWwgUmVnaXN0cnkgT2ZmaWNl', 1),
(56, 7, 0, '2025-03-18 15:21:43', 'body', '', 'base64', 0, 'PGEgZGF0YS1lbGVtZW50b3Itb3Blbi1saWdodGJveD0ieWVzIiBkYXRhLWVsZW1lbnRvci1saWdodGJveC1zbGlkZXNob3c9ImQ1N2MzYjAiIGRhdGEtZS1hY3Rpb24taGFzaD0iI2VsZW1lbnRvci1hY3Rpb24lM0FhY3Rpb24lM0RsaWdodGJveCUyNnNldHRpbmdzJTNEZXlKcFpDSTZOVE0xTENKMWNtd2lPaUpvZEhSd2N6cGNMMXd2YzJobFoyRnlabXRoY21GdUxtTnZiVnd2ZDNBdFkyOXVkR1Z1ZEZ3dmRYQnNiMkZrYzF3dk1qQXlOVnd2TUROY0wwUlRRMTgzTmprMkxXTnZjSGt1YW5Cbklpd2ljMnhwWkdWemFHOTNJam9pWkRVM1l6TmlNQ0o5IiBocmVmPSJodHRwczovL3NoZWdhcmZrYXJhbi5jb20vd3AtY29udGVudC91cGxvYWRzLzIwMjUvMDMvRFNDXzc2OTYtY29weS5qcGciPjxmaWd1cmU+PGltZyBzcmM9Imh0dHBzOi8vc2hlZ2FyZmthcmFuLmNvbS93cC1jb250ZW50L3VwbG9hZHMvMjAyNS8wMy9EU0NfNzY5Ni1jb3B5LmpwZyIgYWx0PSIiIC8+PC9maWd1cmU+PC9hPjxhIGRhdGEtZWxlbWVudG9yLW9wZW4tbGlnaHRib3g9InllcyIgZGF0YS1lbGVtZW50b3ItbGlnaHRib3gtc2xpZGVzaG93PSJkNTdjM2IwIiBkYXRhLWUtYWN0aW9uLWhhc2g9IiNlbGVtZW50b3ItYWN0aW9uJTNBYWN0aW9uJTNEbGlnaHRib3glMjZzZXR0aW5ncyUzRGV5SnBaQ0k2TlRNM0xDSjFjbXdpT2lKb2RIUndjenBjTDF3dmMyaGxaMkZ5Wm10aGNtRnVMbU52YlZ3dmQzQXRZMjl1ZEdWdWRGd3ZkWEJzYjJGa2Mxd3ZNakF5TlZ3dk1ETmNMMFJUUTE4M056QXlMV052Y0hrdWFuQm5JaXdpYzJ4cFpHVnphRzkzSWpvaVpEVTNZek5pTUNKOSIgaHJlZj0iaHR0cHM6Ly9zaGVnYXJma2FyYW4uY29tL3dwLWNvbnRlbnQvdXBsb2Fkcy8yMDI1LzAzL0RTQ183NzAyLWNvcHkuanBnIj48ZmlndXJlPjxpbWcgc3JjPSJodHRwczovL3NoZWdhcmZrYXJhbi5jb20vd3AtY29udGVudC91cGxvYWRzLzIwMjUvMDMvRFNDXzc3MDItY29weS5qcGciIGFsdD0iIiAvPjwvZmlndXJlPjwvYT48YSBkYXRhLWVsZW1lbnRvci1vcGVuLWxpZ2h0Ym94PSJ5ZXMiIGRhdGEtZWxlbWVudG9yLWxpZ2h0Ym94LXNsaWRlc2hvdz0iZDU3YzNiMCIgZGF0YS1lLWFjdGlvbi1oYXNoPSIjZWxlbWVudG9yLWFjdGlvbiUzQWFjdGlvbiUzRGxpZ2h0Ym94JTI2c2V0dGluZ3MlM0RleUpwWkNJNk5UTTRMQ0oxY213aU9pSm9kSFJ3Y3pwY0wxd3ZjMmhsWjJGeVptdGhjbUZ1TG1OdmJWd3ZkM0F0WTI5dWRHVnVkRnd2ZFhCc2IyRmtjMXd2TWpBeU5Wd3ZNRE5jTDBSVFExODNOekF6TFdOdmNIa3VhbkJuSWl3aWMyeHBaR1Z6YUc5M0lqb2laRFUzWXpOaU1DSjkiIGhyZWY9Imh0dHBzOi8vc2hlZ2FyZmthcmFuLmNvbS93cC1jb250ZW50L3VwbG9hZHMvMjAyNS8wMy9EU0NfNzcwMy1jb3B5LmpwZyI+PGZpZ3VyZT48aW1nIHNyYz0iaHR0cHM6Ly9zaGVnYXJma2FyYW4uY29tL3dwLWNvbnRlbnQvdXBsb2Fkcy8yMDI1LzAzL0RTQ183NzAzLWNvcHkuanBnIiBhbHQ9IiIgLz48L2ZpZ3VyZT48L2E+CQkJCgkJCQkJCTxzdmcgYXJpYS1oaWRkZW49InRydWUiIHZpZXdCb3g9IjAgMCAxMDAwIDEwMDAiIHhtbG5zPSJodHRwOi8vd3d3LnczLm9yZy8yMDAwL3N2ZyI+PHBhdGggZD0iTTY0NiAxMjVDNjI5IDEyNSA2MTMgMTMzIDYwNCAxNDJMMzA4IDQ0MkMyOTYgNDU0IDI5MiA0NzEgMjkyIDQ4NyAyOTIgNTA0IDI5NiA1MjEgMzA4IDUzM0w2MDQgODU0QzYxNyA4NjcgNjI5IDg3NSA2NDYgODc1IDY2MyA4NzUgNjc5IDg3MSA2OTIgODU4IDcwNCA4NDYgNzEzIDgyOSA3MTMgODEyIDcxMyA3OTYgNzA4IDc3OSA2OTIgNzY3TDQzOCA0ODcgNjkyIDIyNUM3MDAgMjE3IDcwOCAyMDQgNzA4IDE4NyA3MDggMTcxIDcwNCAxNTQgNjkyIDE0MiA2NzUgMTI5IDY2MyAxMjUgNjQ2IDEyNVoiPjwvcGF0aD48L3N2Zz4JCQkJCQoJCQkJCQk8c3ZnIGFyaWEtaGlkZGVuPSJ0cnVlIiB2aWV3Qm94PSIwIDAgMTAwMCAxMDAwIiB4bWxucz0iaHR0cDovL3d3dy53My5vcmcvMjAwMC9zdmciPjxwYXRoIGQ9Ik02OTYgNTMzQzcwOCA1MjEgNzEzIDUwNCA3MTMgNDg3IDcxMyA0NzEgNzA4IDQ1NCA2OTYgNDQ2TDQwMCAxNDZDMzg4IDEzMyAzNzUgMTI1IDM1NCAxMjUgMzM4IDEyNSAzMjUgMTI5IDMxMyAxNDIgMzAwIDE1NCAyOTIgMTcxIDI5MiAxODcgMjkyIDIwNCAyOTYgMjIxIDMwOCAyMzNMNTYzIDQ5MiAzMDQgNzcxQzI5MiA3ODMgMjg4IDgwMCAyODggODE3IDI4OCA4MzMgMjk2IDg1MCAzMDggODYzIDMyMSA4NzEgMzM4IDg3NSAzNTQgODc1IDM3MSA4NzUgMzg4IDg2NyA0MDAgODU0TDY5NiA1MzNaIj48L3BhdGg+PC9zdmc+CQkJCQkKCQkJCQkJCQk8bGluayByZWw9InN0eWxlc2hlZXQiIGlkPSJ3ZC10ZXh0LWJsb2NrLWNzcyIgaHJlZj0iaHR0cHM6Ly9zaGVnYXJma2FyYW4uY29tL3dwLWNvbnRlbnQvdGhlbWVzL3dvb2RtYXJ0L2Nzcy9wYXJ0cy9lbC10ZXh0LWJsb2NrLm1pbi5jc3M/dmVyPTguMC42IiB0eXBlPSJ0ZXh0L2NzcyIgbWVkaWE9ImFsbCIgLz4gCQkJCQkKCQkJPGgyIHN0eWxlPSJ0ZXh0LWFsaWduOiByaWdodDsiPtin2K/Yp9ix2Ycg2KvYqNiqINin2K3ZiNin2YQ8L2gyPjxoNCBzdHlsZT0idGV4dC1hbGlnbjogcmlnaHQ7Ij7ZhdmI2YLYuduM2Ko6INiu24zYp9io2KfZhiDbstuyINio2YfZhdmGPC9oND4=', 'PGEgZGF0YS1lbGVtZW50b3Itb3Blbi1saWdodGJveD0ieWVzIiBkYXRhLWVsZW1lbnRvci1saWdodGJveC1zbGlkZXNob3c9ImQ1N2MzYjAiIGRhdGEtZS1hY3Rpb24taGFzaD0iI2VsZW1lbnRvci1hY3Rpb24lM0FhY3Rpb24lM0RsaWdodGJveCUyNnNldHRpbmdzJTNEZXlKcFpDSTZNVEE1TVN3aWRYSnNJam9pYUhSMGNITTZYQzljTDNOb1pXZGhjbVpyWVhKaGJpNWpiMjFjTDNkd0xXTnZiblJsYm5SY0wzVndiRzloWkhOY0x6SXdNalZjTHpBelhDOUVVME5mTnpZNU5pMWpiM0I1TG1wd1p5SXNJbk5zYVdSbGMyaHZkeUk2SW1RMU4yTXpZakFpZlElM0QlM0QiIGhyZWY9Imh0dHBzOi8vc2hlZ2FyZmthcmFuLmNvbS93cC1jb250ZW50L3VwbG9hZHMvMjAyNS8wMy9EU0NfNzY5Ni1jb3B5LmpwZyI+PGZpZ3VyZT48aW1nIHNyYz0iaHR0cHM6Ly9zaGVnYXJma2FyYW4uY29tL3dwLWNvbnRlbnQvdXBsb2Fkcy8yMDI1LzAzL0RTQ183Njk2LWNvcHkuanBnIiBhbHQ9IiIgLz48L2ZpZ3VyZT48L2E+PGEgZGF0YS1lbGVtZW50b3Itb3Blbi1saWdodGJveD0ieWVzIiBkYXRhLWVsZW1lbnRvci1saWdodGJveC1zbGlkZXNob3c9ImQ1N2MzYjAiIGRhdGEtZS1hY3Rpb24taGFzaD0iI2VsZW1lbnRvci1hY3Rpb24lM0FhY3Rpb24lM0RsaWdodGJveCUyNnNldHRpbmdzJTNEZXlKcFpDSTZNVEE1TWl3aWRYSnNJam9pYUhSMGNITTZYQzljTDNOb1pXZGhjbVpyWVhKaGJpNWpiMjFjTDNkd0xXTnZiblJsYm5SY0wzVndiRzloWkhOY0x6SXdNalZjTHpBelhDOUVVME5mTnpjd01pMWpiM0I1TG1wd1p5SXNJbk5zYVdSbGMyaHZkeUk2SW1RMU4yTXpZakFpZlElM0QlM0QiIGhyZWY9Imh0dHBzOi8vc2hlZ2FyZmthcmFuLmNvbS93cC1jb250ZW50L3VwbG9hZHMvMjAyNS8wMy9EU0NfNzcwMi1jb3B5LmpwZyI+PGZpZ3VyZT48aW1nIHNyYz0iaHR0cHM6Ly9zaGVnYXJma2FyYW4uY29tL3dwLWNvbnRlbnQvdXBsb2Fkcy8yMDI1LzAzL0RTQ183NzAyLWNvcHkuanBnIiBhbHQ9IiIgLz48L2ZpZ3VyZT48L2E+PGEgZGF0YS1lbGVtZW50b3Itb3Blbi1saWdodGJveD0ieWVzIiBkYXRhLWVsZW1lbnRvci1saWdodGJveC1zbGlkZXNob3c9ImQ1N2MzYjAiIGRhdGEtZS1hY3Rpb24taGFzaD0iI2VsZW1lbnRvci1hY3Rpb24lM0FhY3Rpb24lM0RsaWdodGJveCUyNnNldHRpbmdzJTNEZXlKcFpDSTZNVEE1TXl3aWRYSnNJam9pYUhSMGNITTZYQzljTDNOb1pXZGhjbVpyWVhKaGJpNWpiMjFjTDNkd0xXTnZiblJsYm5SY0wzVndiRzloWkhOY0x6SXdNalZjTHpBelhDOUVVME5mTnpjd015MWpiM0I1TG1wd1p5SXNJbk5zYVdSbGMyaHZkeUk2SW1RMU4yTXpZakFpZlElM0QlM0QiIGhyZWY9Imh0dHBzOi8vc2hlZ2FyZmthcmFuLmNvbS93cC1jb250ZW50L3VwbG9hZHMvMjAyNS8wMy9EU0NfNzcwMy1jb3B5LmpwZyI+PGZpZ3VyZT48aW1nIHNyYz0iaHR0cHM6Ly9zaGVnYXJma2FyYW4uY29tL3dwLWNvbnRlbnQvdXBsb2Fkcy8yMDI1LzAzL0RTQ183NzAzLWNvcHkuanBnIiBhbHQ9IiIgLz48L2ZpZ3VyZT48L2E+CQkJCgkJCQkJCTxzdmcgYXJpYS1oaWRkZW49InRydWUiIHZpZXdCb3g9IjAgMCAxMDAwIDEwMDAiIHhtbG5zPSJodHRwOi8vd3d3LnczLm9yZy8yMDAwL3N2ZyI+PHBhdGggZD0iTTY0NiAxMjVDNjI5IDEyNSA2MTMgMTMzIDYwNCAxNDJMMzA4IDQ0MkMyOTYgNDU0IDI5MiA0NzEgMjkyIDQ4NyAyOTIgNTA0IDI5NiA1MjEgMzA4IDUzM0w2MDQgODU0QzYxNyA4NjcgNjI5IDg3NSA2NDYgODc1IDY2MyA4NzUgNjc5IDg3MSA2OTIgODU4IDcwNCA4NDYgNzEzIDgyOSA3MTMgODEyIDcxMyA3OTYgNzA4IDc3OSA2OTIgNzY3TDQzOCA0ODcgNjkyIDIyNUM3MDAgMjE3IDcwOCAyMDQgNzA4IDE4NyA3MDggMTcxIDcwNCAxNTQgNjkyIDE0MiA2NzUgMTI5IDY2MyAxMjUgNjQ2IDEyNVoiPjwvcGF0aD48L3N2Zz4JCQkJCQoJCQkJCQk8c3ZnIGFyaWEtaGlkZGVuPSJ0cnVlIiB2aWV3Qm94PSIwIDAgMTAwMCAxMDAwIiB4bWxucz0iaHR0cDovL3d3dy53My5vcmcvMjAwMC9zdmciPjxwYXRoIGQ9Ik02OTYgNTMzQzcwOCA1MjEgNzEzIDUwNCA3MTMgNDg3IDcxMyA0NzEgNzA4IDQ1NCA2OTYgNDQ2TDQwMCAxNDZDMzg4IDEzMyAzNzUgMTI1IDM1NCAxMjUgMzM4IDEyNSAzMjUgMTI5IDMxMyAxNDIgMzAwIDE1NCAyOTIgMTcxIDI5MiAxODcgMjkyIDIwNCAyOTYgMjIxIDMwOCAyMzNMNTYzIDQ5MiAzMDQgNzcxQzI5MiA3ODMgMjg4IDgwMCAyODggODE3IDI4OCA4MzMgMjk2IDg1MCAzMDggODYzIDMyMSA4NzEgMzM4IDg3NSAzNTQgODc1IDM3MSA4NzUgMzg4IDg2NyA0MDAgODU0TDY5NiA1MzNaIj48L3BhdGg+PC9zdmc+CQkJCQkKCQkJCQkJCQk8bGluayByZWw9InN0eWxlc2hlZXQiIGlkPSJ3ZC10ZXh0LWJsb2NrLWNzcyIgaHJlZj0iaHR0cHM6Ly9zaGVnYXJma2FyYW4uY29tL3dwLWNvbnRlbnQvdGhlbWVzL3dvb2RtYXJ0L2Nzcy9wYXJ0cy9lbC10ZXh0LWJsb2NrLm1pbi5jc3M/dmVyPTguMC42IiB0eXBlPSJ0ZXh0L2NzcyIgbWVkaWE9ImFsbCIgLz4gCQkJCQkKCQkJPGgyIHN0eWxlPSJ0ZXh0LWFsaWduOiBsZWZ0OyI+Q2l2aWwgUmVnaXN0cnkgT2ZmaWNlPC9oMj48aDQgc3R5bGU9InRleHQtYWxpZ246IGxlZnQ7Ij5Mb2NhdGlvbjogMjIgQmFobWFuIFN0cmVldDwvaDQ+', 1),
(57, 7, 0, '2025-03-18 15:21:43', 'excerpt', '', 'base64', 1, '', '', 1);
INSERT INTO `wp_icl_translate` (`tid`, `job_id`, `content_id`, `timestamp`, `field_type`, `field_wrap_tag`, `field_format`, `field_translate`, `field_data`, `field_data_translated`, `field_finished`) VALUES
(60, 7, 0, '2025-03-18 15:21:43', 'package-string-8-154', '', 'base64', 1, 'PGgyIHN0eWxlPSJ0ZXh0LWFsaWduOiByaWdodDsiPtin2K/Yp9ix2Ycg2KvYqNiqINin2K3ZiNin2YQ8L2gyPjxoNCBzdHlsZT0idGV4dC1hbGlnbjogcmlnaHQ7Ij7ZhdmI2YLYuduM2Ko6INiu24zYp9io2KfZhiDbstuyINio2YfZhdmGPC9oND4=', 'PGgyIHN0eWxlPSJ0ZXh0LWFsaWduOiByaWdodDsiPtin2K/Yp9ix2Ycg2KvYqNiqINin2K3ZiNin2YQ8L2gyPjxoNCBzdHlsZT0idGV4dC1hbGlnbjogcmlnaHQ7Ij7ZhdmI2YLYuduM2Ko6INiu24zYp9io2KfZhiDbstuyINio2YfZhdmGPC9oND4=', 1),
(61, 8, 0, '2025-03-18 15:27:05', 'original_id', '', '', 0, '527', '1241', 1),
(62, 8, 0, '2025-03-18 15:27:05', 'title', '', 'base64', 1, '2K/YqNuM2LHYs9iq2KfZhiDZhtix2KzYsw==', 'TmFyamVzIEhpZ2ggU2Nob29s', 1),
(63, 8, 0, '2025-03-18 15:27:05', 'body', '', 'base64', 0, 'PGEgZGF0YS1lbGVtZW50b3Itb3Blbi1saWdodGJveD0ieWVzIiBkYXRhLWVsZW1lbnRvci1saWdodGJveC1zbGlkZXNob3c9ImI2N2E3YzkiIGRhdGEtZS1hY3Rpb24taGFzaD0iI2VsZW1lbnRvci1hY3Rpb24lM0FhY3Rpb24lM0RsaWdodGJveCUyNnNldHRpbmdzJTNEZXlKcFpDSTZOVE13TENKMWNtd2lPaUpvZEhSd2N6cGNMMXd2YzJobFoyRnlabXRoY21GdUxtTnZiVnd2ZDNBdFkyOXVkR1Z1ZEZ3dmRYQnNiMkZrYzF3dk1qQXlOVnd2TUROY0wwUlRRMTgzTmpVMkxXTnZjSGt1YW5Cbklpd2ljMnhwWkdWemFHOTNJam9pWWpZM1lUZGpPU0o5IiBocmVmPSJodHRwczovL3NoZWdhcmZrYXJhbi5jb20vd3AtY29udGVudC91cGxvYWRzLzIwMjUvMDMvRFNDXzc2NTYtY29weS5qcGciPjxmaWd1cmU+PGltZyBzcmM9Imh0dHBzOi8vc2hlZ2FyZmthcmFuLmNvbS93cC1jb250ZW50L3VwbG9hZHMvMjAyNS8wMy9EU0NfNzY1Ni1jb3B5LmpwZyIgYWx0PSIiIC8+PC9maWd1cmU+PC9hPjxhIGRhdGEtZWxlbWVudG9yLW9wZW4tbGlnaHRib3g9InllcyIgZGF0YS1lbGVtZW50b3ItbGlnaHRib3gtc2xpZGVzaG93PSJiNjdhN2M5IiBkYXRhLWUtYWN0aW9uLWhhc2g9IiNlbGVtZW50b3ItYWN0aW9uJTNBYWN0aW9uJTNEbGlnaHRib3glMjZzZXR0aW5ncyUzRGV5SnBaQ0k2TlRJNUxDSjFjbXdpT2lKb2RIUndjenBjTDF3dmMyaGxaMkZ5Wm10aGNtRnVMbU52YlZ3dmQzQXRZMjl1ZEdWdWRGd3ZkWEJzYjJGa2Mxd3ZNakF5TlZ3dk1ETmNMMFJUUTE4M05qVTRMV052Y0hrdWFuQm5JaXdpYzJ4cFpHVnphRzkzSWpvaVlqWTNZVGRqT1NKOSIgaHJlZj0iaHR0cHM6Ly9zaGVnYXJma2FyYW4uY29tL3dwLWNvbnRlbnQvdXBsb2Fkcy8yMDI1LzAzL0RTQ183NjU4LWNvcHkuanBnIj48ZmlndXJlPjxpbWcgc3JjPSJodHRwczovL3NoZWdhcmZrYXJhbi5jb20vd3AtY29udGVudC91cGxvYWRzLzIwMjUvMDMvRFNDXzc2NTgtY29weS5qcGciIGFsdD0iIiAvPjwvZmlndXJlPjwvYT4JCQkKCQkJCQkJPHN2ZyBhcmlhLWhpZGRlbj0idHJ1ZSIgdmlld0JveD0iMCAwIDEwMDAgMTAwMCIgeG1sbnM9Imh0dHA6Ly93d3cudzMub3JnLzIwMDAvc3ZnIj48cGF0aCBkPSJNNjQ2IDEyNUM2MjkgMTI1IDYxMyAxMzMgNjA0IDE0MkwzMDggNDQyQzI5NiA0NTQgMjkyIDQ3MSAyOTIgNDg3IDI5MiA1MDQgMjk2IDUyMSAzMDggNTMzTDYwNCA4NTRDNjE3IDg2NyA2MjkgODc1IDY0NiA4NzUgNjYzIDg3NSA2NzkgODcxIDY5MiA4NTggNzA0IDg0NiA3MTMgODI5IDcxMyA4MTIgNzEzIDc5NiA3MDggNzc5IDY5MiA3NjdMNDM4IDQ4NyA2OTIgMjI1QzcwMCAyMTcgNzA4IDIwNCA3MDggMTg3IDcwOCAxNzEgNzA0IDE1NCA2OTIgMTQyIDY3NSAxMjkgNjYzIDEyNSA2NDYgMTI1WiI+PC9wYXRoPjwvc3ZnPgkJCQkJCgkJCQkJCTxzdmcgYXJpYS1oaWRkZW49InRydWUiIHZpZXdCb3g9IjAgMCAxMDAwIDEwMDAiIHhtbG5zPSJodHRwOi8vd3d3LnczLm9yZy8yMDAwL3N2ZyI+PHBhdGggZD0iTTY5NiA1MzNDNzA4IDUyMSA3MTMgNTA0IDcxMyA0ODcgNzEzIDQ3MSA3MDggNDU0IDY5NiA0NDZMNDAwIDE0NkMzODggMTMzIDM3NSAxMjUgMzU0IDEyNSAzMzggMTI1IDMyNSAxMjkgMzEzIDE0MiAzMDAgMTU0IDI5MiAxNzEgMjkyIDE4NyAyOTIgMjA0IDI5NiAyMjEgMzA4IDIzM0w1NjMgNDkyIDMwNCA3NzFDMjkyIDc4MyAyODggODAwIDI4OCA4MTcgMjg4IDgzMyAyOTYgODUwIDMwOCA4NjMgMzIxIDg3MSAzMzggODc1IDM1NCA4NzUgMzcxIDg3NSAzODggODY3IDQwMCA4NTRMNjk2IDUzM1oiPjwvcGF0aD48L3N2Zz4JCQkJCQoJCQkJCQkJCTxsaW5rIHJlbD0ic3R5bGVzaGVldCIgaWQ9IndkLXRleHQtYmxvY2stY3NzIiBocmVmPSJodHRwczovL3NoZWdhcmZrYXJhbi5jb20vd3AtY29udGVudC90aGVtZXMvd29vZG1hcnQvY3NzL3BhcnRzL2VsLXRleHQtYmxvY2subWluLmNzcz92ZXI9OC4wLjYiIHR5cGU9InRleHQvY3NzIiBtZWRpYT0iYWxsIiAvPiAJCQkJCQoJCQk8aDIgc3R5bGU9InRleHQtYWxpZ246IHJpZ2h0OyI+2K/YqNuM2LHYs9iq2KfZhiDZhtix2KzYszwvaDI+PGg0IHN0eWxlPSJ0ZXh0LWFsaWduOiByaWdodDsiPtmF2YjZgti524zYqjog2K7bjNin2KjYp9mGINii2KrYtNqv2KfZhzwvaDQ+', 'PGEgZGF0YS1lbGVtZW50b3Itb3Blbi1saWdodGJveD0ieWVzIiBkYXRhLWVsZW1lbnRvci1saWdodGJveC1zbGlkZXNob3c9ImI2N2E3YzkiIGRhdGEtZS1hY3Rpb24taGFzaD0iI2VsZW1lbnRvci1hY3Rpb24lM0FhY3Rpb24lM0RsaWdodGJveCUyNnNldHRpbmdzJTNEZXlKcFpDSTZNVEE1TUN3aWRYSnNJam9pYUhSMGNITTZYQzljTDNOb1pXZGhjbVpyWVhKaGJpNWpiMjFjTDNkd0xXTnZiblJsYm5SY0wzVndiRzloWkhOY0x6SXdNalZjTHpBelhDOUVVME5mTnpZMU5pMWpiM0I1TG1wd1p5SXNJbk5zYVdSbGMyaHZkeUk2SW1JMk4yRTNZemtpZlElM0QlM0QiIGhyZWY9Imh0dHBzOi8vc2hlZ2FyZmthcmFuLmNvbS93cC1jb250ZW50L3VwbG9hZHMvMjAyNS8wMy9EU0NfNzY1Ni1jb3B5LmpwZyI+PGZpZ3VyZT48aW1nIHNyYz0iaHR0cHM6Ly9zaGVnYXJma2FyYW4uY29tL3dwLWNvbnRlbnQvdXBsb2Fkcy8yMDI1LzAzL0RTQ183NjU2LWNvcHkuanBnIiBhbHQ9IiIgLz48L2ZpZ3VyZT48L2E+PGEgZGF0YS1lbGVtZW50b3Itb3Blbi1saWdodGJveD0ieWVzIiBkYXRhLWVsZW1lbnRvci1saWdodGJveC1zbGlkZXNob3c9ImI2N2E3YzkiIGRhdGEtZS1hY3Rpb24taGFzaD0iI2VsZW1lbnRvci1hY3Rpb24lM0FhY3Rpb24lM0RsaWdodGJveCUyNnNldHRpbmdzJTNEZXlKcFpDSTZNVEE0T1N3aWRYSnNJam9pYUhSMGNITTZYQzljTDNOb1pXZGhjbVpyWVhKaGJpNWpiMjFjTDNkd0xXTnZiblJsYm5SY0wzVndiRzloWkhOY0x6SXdNalZjTHpBelhDOUVVME5mTnpZMU9DMWpiM0I1TG1wd1p5SXNJbk5zYVdSbGMyaHZkeUk2SW1JMk4yRTNZemtpZlElM0QlM0QiIGhyZWY9Imh0dHBzOi8vc2hlZ2FyZmthcmFuLmNvbS93cC1jb250ZW50L3VwbG9hZHMvMjAyNS8wMy9EU0NfNzY1OC1jb3B5LmpwZyI+PGZpZ3VyZT48aW1nIHNyYz0iaHR0cHM6Ly9zaGVnYXJma2FyYW4uY29tL3dwLWNvbnRlbnQvdXBsb2Fkcy8yMDI1LzAzL0RTQ183NjU4LWNvcHkuanBnIiBhbHQ9IiIgLz48L2ZpZ3VyZT48L2E+CQkJCgkJCQkJCTxzdmcgYXJpYS1oaWRkZW49InRydWUiIHZpZXdCb3g9IjAgMCAxMDAwIDEwMDAiIHhtbG5zPSJodHRwOi8vd3d3LnczLm9yZy8yMDAwL3N2ZyI+PHBhdGggZD0iTTY0NiAxMjVDNjI5IDEyNSA2MTMgMTMzIDYwNCAxNDJMMzA4IDQ0MkMyOTYgNDU0IDI5MiA0NzEgMjkyIDQ4NyAyOTIgNTA0IDI5NiA1MjEgMzA4IDUzM0w2MDQgODU0QzYxNyA4NjcgNjI5IDg3NSA2NDYgODc1IDY2MyA4NzUgNjc5IDg3MSA2OTIgODU4IDcwNCA4NDYgNzEzIDgyOSA3MTMgODEyIDcxMyA3OTYgNzA4IDc3OSA2OTIgNzY3TDQzOCA0ODcgNjkyIDIyNUM3MDAgMjE3IDcwOCAyMDQgNzA4IDE4NyA3MDggMTcxIDcwNCAxNTQgNjkyIDE0MiA2NzUgMTI5IDY2MyAxMjUgNjQ2IDEyNVoiPjwvcGF0aD48L3N2Zz4JCQkJCQoJCQkJCQk8c3ZnIGFyaWEtaGlkZGVuPSJ0cnVlIiB2aWV3Qm94PSIwIDAgMTAwMCAxMDAwIiB4bWxucz0iaHR0cDovL3d3dy53My5vcmcvMjAwMC9zdmciPjxwYXRoIGQ9Ik02OTYgNTMzQzcwOCA1MjEgNzEzIDUwNCA3MTMgNDg3IDcxMyA0NzEgNzA4IDQ1NCA2OTYgNDQ2TDQwMCAxNDZDMzg4IDEzMyAzNzUgMTI1IDM1NCAxMjUgMzM4IDEyNSAzMjUgMTI5IDMxMyAxNDIgMzAwIDE1NCAyOTIgMTcxIDI5MiAxODcgMjkyIDIwNCAyOTYgMjIxIDMwOCAyMzNMNTYzIDQ5MiAzMDQgNzcxQzI5MiA3ODMgMjg4IDgwMCAyODggODE3IDI4OCA4MzMgMjk2IDg1MCAzMDggODYzIDMyMSA4NzEgMzM4IDg3NSAzNTQgODc1IDM3MSA4NzUgMzg4IDg2NyA0MDAgODU0TDY5NiA1MzNaIj48L3BhdGg+PC9zdmc+CQkJCQkKCQkJCQkJCQk8bGluayByZWw9InN0eWxlc2hlZXQiIGlkPSJ3ZC10ZXh0LWJsb2NrLWNzcyIgaHJlZj0iaHR0cHM6Ly9zaGVnYXJma2FyYW4uY29tL3dwLWNvbnRlbnQvdGhlbWVzL3dvb2RtYXJ0L2Nzcy9wYXJ0cy9lbC10ZXh0LWJsb2NrLm1pbi5jc3M/dmVyPTguMC42IiB0eXBlPSJ0ZXh0L2NzcyIgbWVkaWE9ImFsbCIgLz4gCQkJCQkKCQkJPGgyIHN0eWxlPSJ0ZXh0LWFsaWduOiBsZWZ0OyI+TmFyamVzIEhpZ2ggU2Nob29sPC9oMj48aDQgc3R5bGU9InRleHQtYWxpZ246IGxlZnQ7Ij5Mb2NhdGlvbjogQXRhc2hnYWggU3RyZWV0PC9oND4=', 1),
(64, 8, 0, '2025-03-18 15:27:05', 'excerpt', '', 'base64', 1, '', '', 1),
(67, 8, 0, '2025-03-18 15:27:05', 'package-string-9-155', '', 'base64', 1, 'PGgyIHN0eWxlPSJ0ZXh0LWFsaWduOiByaWdodDsiPtiv2KjbjNix2LPYqtin2YYg2YbYsdis2LM8L2gyPjxoNCBzdHlsZT0idGV4dC1hbGlnbjogcmlnaHQ7Ij7ZhdmI2YLYuduM2Ko6INiu24zYp9io2KfZhiDYotiq2LTar9in2Yc8L2g0Pg==', 'PGgyIHN0eWxlPSJ0ZXh0LWFsaWduOiByaWdodDsiPtiv2KjbjNix2LPYqtin2YYg2YbYsdis2LM8L2gyPjxoNCBzdHlsZT0idGV4dC1hbGlnbjogcmlnaHQ7Ij7ZhdmI2YLYuduM2Ko6INiu24zYp9io2KfZhiDYotiq2LTar9in2Yc8L2g0Pg==', 1),
(68, 9, 0, '2025-03-18 15:35:17', 'original_id', '', '', 0, '572', '1246', 1),
(69, 9, 0, '2025-03-18 15:35:17', 'title', '', 'base64', 1, '2b7YsdmI2pjZh+KAjNmH2KfbjCDYs9in2K7YqtmF2KfZhtuM', 'Q29uc3RydWN0aW9uIFByb2plY3Rz', 1),
(70, 9, 0, '2025-03-18 15:35:17', 'body', '', 'base64', 0, '', '', 1),
(71, 9, 0, '2025-03-18 15:35:17', 'excerpt', '', 'base64', 1, '', '', 1),
(72, 9, 0, '2025-03-18 15:35:17', 'package-string-10-156', '', 'base64', 1, '2KfYr9in2YXZhyDZhdi32YTYqCDCuw==', '2KfYr9in2YXZhyDZhdi32YTYqCDCuw==', 1),
(73, 9, 0, '2025-03-18 15:35:17', 'package-string-10-157', '', 'base64', 1, '2KfYr9in2YXZhyDZhdi32YTYqCDCuw==', '2KfYr9in2YXZhyDZhdi32YTYqCDCuw==', 1),
(74, 9, 0, '2025-03-18 15:35:17', 'package-string-10-158', '', 'base64', 1, '2YLYqNmE24w=', '2YLYqNmE24w=', 1),
(75, 9, 0, '2025-03-18 15:35:17', 'package-string-10-159', '', 'base64', 1, '2KjYudiv24w=', '2KjYudiv24w=', 1),
(76, 9, 0, '2025-03-18 15:35:17', 'package-string-10-160', '', 'base64', 1, '2KjYp9ix2q/YsNin2LHbjCDYqNuM2LTYqtix', '2KjYp9ix2q/YsNin2LHbjCDYqNuM2LTYqtix', 1),
(77, 9, 0, '2025-03-18 15:35:17', 'package-string-10-161', '', 'base64', 1, '2YbZiNi02KrZhyDbjCDYr9uM2q/YsduMINio2LHYp9uMINmG2YXYp9uM2LQg2YjYrNmI2K8g2YbYr9in2LHYrw==', '2YbZiNi02KrZhyDbjCDYr9uM2q/YsduMINio2LHYp9uMINmG2YXYp9uM2LQg2YjYrNmI2K8g2YbYr9in2LHYrw==', 1),
(78, 10, 0, '2025-03-18 15:51:45', 'original_id', '', '', 0, '32', '1250', 1),
(79, 10, 0, '2025-03-18 15:51:45', 'title', '', 'base64', 1, '2K/Ysdio2KfYsdmHINmF2Kc=', 'QWJvdXQgVXM=', 1),
(80, 10, 0, '2025-03-18 15:51:45', 'body', '', 'base64', 0, 'PCEtLSB3cDpoZWFkaW5nIHsibGV2ZWwiOjF9IC0tPgo8aDEgY2xhc3M9IndwLWJsb2NrLWhlYWRpbmciPtiv2LHYqNin2LHZhyDZhdinPC9oMT4KPCEtLSAvd3A6aGVhZGluZyAtLT4KCjwhLS0gd3A6cGFyYWdyYXBoIC0tPgo8cD48cCBzdHlsZT0iZm9udC1zaXplOjE3cHg7dGV4dC1hbGlnbjpqdXN0aWZ5Ij7YtNix2qnYqiDYtNqv2LHZgSDaqdin2LHYp9mGINi12YbYudiqINin2LIg2LPYp9mEINux27PbuNu1INmB2LnYp9mE24zYqiDYrtmI2K8g2LHYpyDYr9ixINiy2YXbjNmG2Ycg24wg2LPYp9iu2Kog2Ygg2KfYrNix2KfbjCDYs9in2K7YqtmF2KfZhiDYoti62KfYsiDaqdix2K/ZhyDZiCDYqtmI2KfZhtiz2KrZhyDYp9iz2Kog2KrYpyDYqNmHINin2YXYsdmI2LIg2b7YsdmI2pjZhyDZh9in24wg2YXYs9qp2YjZhtuMINiq2KzYp9ix24wg2Ygg2KfYr9in2LHbjCDZhdiq2LnYr9iv24wg2LHYpyDYqNmHINm+2KfbjNin2YYg2KjYsdiz2KfZhtivLiDYp9iyINiz2KfZhCDbsdu027DbsCDYqNinINiq2YjYrNmHINio2Ycg2KfZh9mF24zYqiDZhdmI2LbZiNi5INmF2K3bjNi3INiy24zYs9iqINmIINiq2LrbjNuM2LEg2K/YsSDYp9qp2YjYs9uM2LPbjNiq2YUg2Ygg2KfZgtmE24zZhSDYqNixINii2YYg2LTYr9uM2YUg2KrYpyDYqNinINmH2YXaqdin2LHbjCDYqNinINiv2KfZhti02q/Yp9mH2YfYp9uMINmF2LnYqtio2LEg2KfYsiDYrNmF2YTZhyDYr9in2YbYtNqv2KfZhyDYtdmG2LnYqtuMINin2LXZgdmH2KfZhiDZiCDYp9iz2KrZgdin2K/ZhyDYp9iyINiv2KfZhti0INmF2KrYrti12LXbjNmGINmF2YjYttmI2Lkg2qnYtNin2YjYsdiy24wg2LTZh9ix24wg2LHYpyDYqNmHINiz2KfYrtiq2YXYp9mG2YfYpyDYp9i22KfZgdmHINqp2YbbjNmFINmIINin24zZhiDZhdmH2YUg2LHYpyDYp9mI2YTZiNuM2Kog2K7ZiNivINmC2LHYp9ixINiv2KfYr9mHINmIINiv2LEg2KfbjNmGINix2KfZhyDYqNinINin2KzYsdin24wg2K/bjNmI2KfYsSDYs9io2LLZh9in24wg2YXYqtmB2KfZiNiqINmIINqv2YTYrtin2YbZhyDZh9in24wg2qnYsdmI24wg2LTaqdmEINiv2LEg2K/Yp9iu2YQg2LPYp9iu2KrZhdin2YYg2KrZiNin2YbYs9iq24zZhSDZvtuM2LQg2YLYr9mFINio2KfYtNuM2YUuPC9wPjwvcD4KPCEtLSAvd3A6cGFyYWdyYXBoIC0tPgoKPCEtLSB3cDpwYXJhZ3JhcGggLS0+CjxwPjwvcD4KPCEtLSAvd3A6cGFyYWdyYXBoIC0tPg==', 'PCEtLSB3cDpoZWFkaW5nIHsibGV2ZWwiOjF9IC0tPgo8aDEgY2xhc3M9IndwLWJsb2NrLWhlYWRpbmciPkFib3V0IFVzPC9oMT4KPCEtLSAvd3A6aGVhZGluZyAtLT4KCjwhLS0gd3A6aHRtbCAtLT4KPHA+PHAgc3R5bGU9ImZvbnQtc2l6ZToxN3B4O3RleHQtYWxpZ246anVzdGlmeSI+U2hlZ2FyZiBLYXJhbiBTYW5hdCBDb21wYW55IHN0YXJ0ZWQgaXRzIGFjdGl2aXRpZXMgaW4gMjAwNiBpbiB0aGUgZmllbGQgb2YgY29uc3RydWN0aW9uIGFuZCBidWlsZGluZyBleGVjdXRpb24gYW5kIGhhcyBzdWNjZXNzZnVsbHkgY29tcGxldGVkIG51bWVyb3VzIHJlc2lkZW50aWFsLCBjb21tZXJjaWFsLCBhbmQgb2ZmaWNlIHByb2plY3RzIHRvIGRhdGUuIEluIDIwMjEsIHJlY29nbml6aW5nIHRoZSBpbXBvcnRhbmNlIG9mIGVudmlyb25tZW50YWwgaXNzdWVzIGFuZCBjaGFuZ2VzIGluIGVjb3N5c3RlbXMgYW5kIGNsaW1hdGUsIHdlIGRlY2lkZWQgdG8gY29sbGFib3JhdGUgd2l0aCBwcmVzdGlnaW91cyB1bml2ZXJzaXRpZXMsIGluY2x1ZGluZyBJc2ZhaGFuIFVuaXZlcnNpdHkgb2YgVGVjaG5vbG9neSwgYW5kIGFwcGx5IHRoZSBrbm93bGVkZ2Ugb2YgdXJiYW4gYWdyaWN1bHR1cmUgZXhwZXJ0cyB0byBpbnRlZ3JhdGUgdGhpcyBjb25jZXB0IGludG8gYnVpbGRpbmdzLiBXZSBtYWRlIHRoaXMgYSBwcmlvcml0eSBhbmQgYmVjYW1lIHBpb25lZXJzIGluIHRoaXMgZmllbGQgYnkgaW1wbGVtZW50aW5nIHZhcmlvdXMgZ3JlZW4gd2FsbHMgYW5kIHNwaGVyaWNhbC1zaGFwZWQgZ3JlZW5ob3VzZXMgaW5zaWRlIGJ1aWxkaW5ncy48L3A+PC9wPgo8IS0tIC93cDpodG1sIC0tPgoKPCEtLSB3cDpwYXJhZ3JhcGggLS0+CjxwPjwvcD4KPCEtLSAvd3A6cGFyYWdyYXBoIC0tPg==', 1),
(81, 10, 0, '2025-03-18 15:51:45', 'excerpt', '', 'base64', 1, '', '', 1),
(82, 10, 0, '2025-03-18 15:51:45', 'package-string-11-162', 'h1', 'base64', 1, '2K/Ysdio2KfYsdmHINmF2Kc=', '2K/Ysdio2KfYsdmHINmF2Kc=', 1),
(83, 10, 0, '2025-03-18 15:51:45', 'package-string-11-163', '', 'base64', 1, '2LTYsdqp2Kog2LTar9ix2YEg2qnYp9ix2KfZhiDYtdmG2LnYqiDYp9iyINiz2KfZhCDbsduz27jbtSDZgdi52KfZhNuM2Kog2K7ZiNivINix2Kcg2K/YsSDYstmF24zZhtmHINuMINiz2KfYrtiqINmIINin2KzYsdin24wg2LPYp9iu2KrZhdin2YYg2KLYutin2LIg2qnYsdiv2Ycg2Ygg2KrZiNin2YbYs9iq2Ycg2KfYs9iqINiq2Kcg2KjZhyDYp9mF2LHZiNiyINm+2LHZiNqY2Ycg2YfYp9uMINmF2LPaqdmI2YbbjCDYqtis2KfYsduMINmIINin2K/Yp9ix24wg2YXYqti52K/Yr9uMINix2Kcg2KjZhyDZvtin24zYp9mGINio2LHYs9in2YbYry4g2KfYsiDYs9in2YQg27HbtNuw27Ag2KjYpyDYqtmI2KzZhyDYqNmHINin2YfZhduM2Kog2YXZiNi22YjYuSDZhdit24zYtyDYstuM2LPYqiDZiCDYqti624zbjNixINiv2LEg2KfaqdmI2LPbjNiz24zYqtmFINmIINin2YLZhNuM2YUg2KjYsSDYotmGINi02K/bjNmFINiq2Kcg2KjYpyDZh9mF2qnYp9ix24wg2KjYpyDYr9in2YbYtNqv2KfZh9mH2KfbjCDZhdi52KrYqNixINin2LIg2KzZhdmE2Ycg2K/Yp9mG2LTar9in2Ycg2LXZhti52KrbjCDYp9i12YHZh9in2YYg2Ygg2KfYs9iq2YHYp9iv2Ycg2KfYsiDYr9in2YbYtCDZhdiq2K7Ytdi124zZhiDZhdmI2LbZiNi5INqp2LTYp9mI2LHYstuMINi02YfYsduMINix2Kcg2KjZhyDYs9in2K7YqtmF2KfZhtmH2Kcg2KfYttin2YHZhyDaqdmG24zZhSDZiCDYp9uM2YYg2YXZh9mFINix2Kcg2KfZiNmE2YjbjNiqINiu2YjYryDZgtix2KfYsSDYr9in2K/ZhyDZiCDYr9ixINin24zZhiDYsdin2Ycg2KjYpyDYp9is2LHYp9uMINiv24zZiNin2LEg2LPYqNiy2YfYp9uMINmF2KrZgdin2YjYqiDZiCDar9mE2K7Yp9mG2Ycg2YfYp9uMINqp2LHZiNuMINi02qnZhCDYr9ixINiv2KfYrtmEINiz2KfYrtiq2YXYp9mGINiq2YjYp9mG2LPYqtuM2YUg2b7bjNi0INmC2K/ZhSDYqNin2LTbjNmFLg==', '2LTYsdqp2Kog2LTar9ix2YEg2qnYp9ix2KfZhiDYtdmG2LnYqiDYp9iyINiz2KfZhCDbsduz27jbtSDZgdi52KfZhNuM2Kog2K7ZiNivINix2Kcg2K/YsSDYstmF24zZhtmHINuMINiz2KfYrtiqINmIINin2KzYsdin24wg2LPYp9iu2KrZhdin2YYg2KLYutin2LIg2qnYsdiv2Ycg2Ygg2KrZiNin2YbYs9iq2Ycg2KfYs9iqINiq2Kcg2KjZhyDYp9mF2LHZiNiyINm+2LHZiNqY2Ycg2YfYp9uMINmF2LPaqdmI2YbbjCDYqtis2KfYsduMINmIINin2K/Yp9ix24wg2YXYqti52K/Yr9uMINix2Kcg2KjZhyDZvtin24zYp9mGINio2LHYs9in2YbYry4g2KfYsiDYs9in2YQg27HbtNuw27Ag2KjYpyDYqtmI2KzZhyDYqNmHINin2YfZhduM2Kog2YXZiNi22YjYuSDZhdit24zYtyDYstuM2LPYqiDZiCDYqti624zbjNixINiv2LEg2KfaqdmI2LPbjNiz24zYqtmFINmIINin2YLZhNuM2YUg2KjYsSDYotmGINi02K/bjNmFINiq2Kcg2KjYpyDZh9mF2qnYp9ix24wg2KjYpyDYr9in2YbYtNqv2KfZh9mH2KfbjCDZhdi52KrYqNixINin2LIg2KzZhdmE2Ycg2K/Yp9mG2LTar9in2Ycg2LXZhti52KrbjCDYp9i12YHZh9in2YYg2Ygg2KfYs9iq2YHYp9iv2Ycg2KfYsiDYr9in2YbYtCDZhdiq2K7Ytdi124zZhiDZhdmI2LbZiNi5INqp2LTYp9mI2LHYstuMINi02YfYsduMINix2Kcg2KjZhyDYs9in2K7YqtmF2KfZhtmH2Kcg2KfYttin2YHZhyDaqdmG24zZhSDZiCDYp9uM2YYg2YXZh9mFINix2Kcg2KfZiNmE2YjbjNiqINiu2YjYryDZgtix2KfYsSDYr9in2K/ZhyDZiCDYr9ixINin24zZhiDYsdin2Ycg2KjYpyDYp9is2LHYp9uMINiv24zZiNin2LEg2LPYqNiy2YfYp9uMINmF2KrZgdin2YjYqiDZiCDar9mE2K7Yp9mG2Ycg2YfYp9uMINqp2LHZiNuMINi02qnZhCDYr9ixINiv2KfYrtmEINiz2KfYrtiq2YXYp9mGINiq2YjYp9mG2LPYqtuM2YUg2b7bjNi0INmC2K/ZhSDYqNin2LTbjNmFLg==', 1),
(84, 11, 0, '2025-03-18 16:11:37', 'original_id', '', '', 0, '30', '1252', 1),
(85, 11, 0, '2025-03-18 16:11:37', 'title', '', 'base64', 1, '2KrZhdin2LMg2KjYpyDZhdin', 'Q29udGFjdCBVcw==', 1),
(86, 11, 0, '2025-03-18 16:11:37', 'body', '', 'base64', 0, 'PGxpbmsgcmVsPSJzdHlsZXNoZWV0IiBpZD0id2QtdGV4dC1ibG9jay1jc3MiIGhyZWY9Imh0dHBzOi8vc2hlZ2FyZmthcmFuLmNvbS93cC1jb250ZW50L3RoZW1lcy93b29kbWFydC9jc3MvcGFydHMvZWwtdGV4dC1ibG9jay5taW4uY3NzP3Zlcj04LjAuNiIgdHlwZT0idGV4dC9jc3MiIG1lZGlhPSJhbGwiIC8+IAkJCQkJCgkJCTxoMyBzdHlsZT0idGV4dC1hbGlnbjogcmlnaHQ7Ij48c3Ryb25nPtii2K/YsdizOjwvc3Ryb25nPiDYp9i12YHZh9in2YbYjCDahtmH2KfYsdio2KfYuiDYqNin2YTYp9iMINmF2KzYqtmF2Lkg2qnZiNir2LHYjCDZgdin2LIg24zaqdiMINi32KjZgtmHINuz2Iwg2YjYp9it2K8g27XbsNu3PC9oMz48aDMgc3R5bGU9InRleHQtYWxpZ246IHJpZ2h0OyI+2LTZhdin2LHZhyDYqtmF2KfYszogMDkxMzEyNjY4OTI8L2gzPjxoMyBzdHlsZT0idGV4dC1hbGlnbjogcmlnaHQ7Ij7Yp9uM2YXbjNmEOiBpbmZvQHNoZWdhcmZrYXJhbi5jb208L2gzPgoJCQk8aWZyYW1lIHNyYz0iaHR0cHM6Ly93d3cuZ29vZ2xlLmNvbS9tYXBzL2VtYmVkP3BiPSExbTI0ITFtMTIhMW0zITFkNzE1MS4wNzA2NTc0NTUzNzUhMmQ1MS42NjcxMzgyODk1NzI0OCEzZDMyLjY0Mjg2Njk0Njg4MTk4ITJtMyExZjAhMmYwITNmMCEzbTIhMWkxMDI0ITJpNzY4ITRmMTMuMSE0bTkhM2U2ITRtMyEzbTIhMWQzMi42NDIwMjA4ITJkNTEuNjY2NTkwMTk5OTk5OTk1ITRtMyEzbTIhMWQzMi42NDE1OTc4ITJkNTEuNjY2NjEzITVlMCEzbTIhMXNlbiEycyE0djE3NDE1NTk3NjQxMTghNW0yITFzZW4hMnMiIHdpZHRoPSIxMDAlIiBoZWlnaHQ9IjQ1MCIgc3R5bGU9ImJvcmRlcjowOyIgYWxsb3dmdWxsc2NyZWVuPSIiIGxvYWRpbmc9ImxhenkiIHJlZmVycmVycG9saWN5PSJuby1yZWZlcnJlci13aGVuLWRvd25ncmFkZSI+PC9pZnJhbWU+', 'PGxpbmsgcmVsPSJzdHlsZXNoZWV0IiBpZD0id2QtdGV4dC1ibG9jay1jc3MiIGhyZWY9Imh0dHBzOi8vc2hlZ2FyZmthcmFuLmNvbS93cC1jb250ZW50L3RoZW1lcy93b29kbWFydC9jc3MvcGFydHMvZWwtdGV4dC1ibG9jay5taW4uY3NzP3Zlcj04LjAuNiIgdHlwZT0idGV4dC9jc3MiIG1lZGlhPSJhbGwiIC8+IAkJCQkJCgkJCTxoMyBzdHlsZT0idGV4dC1hbGlnbjogbGVmdDsiPjxzdHJvbmc+QWRkcmVzczo8L3N0cm9uZz4gVW5pdCA1MDcsIDNyZCBGbG9vciwgUGhhc2UgMSwgS293c2FyIENvbXBsZXgsIENoYWhhcmJhZ2ggQmFsYSwgSXNmYWhhbiwgSXJhbgo8L2gzPgo8aDMgc3R5bGU9InRleHQtYWxpZ246IGxlZnQ7Ij5QaG9uZTogKzk4OTEzMTI2Njg5MjwvaDM+CjxoMyBzdHlsZT0idGV4dC1hbGlnbjogbGVmdDsiPkVtYWlsOiBpbmZvQHNoZWdhcmZrYXJhbi5jb208L2gzPgoJCQk8aWZyYW1lIHNyYz0iaHR0cHM6Ly93d3cuZ29vZ2xlLmNvbS9tYXBzL2VtYmVkP3BiPSExbTI0ITFtMTIhMW0zITFkNzE1MS4wNzA2NTc0NTUzNzUhMmQ1MS42NjcxMzgyODk1NzI0OCEzZDMyLjY0Mjg2Njk0Njg4MTk4ITJtMyExZjAhMmYwITNmMCEzbTIhMWkxMDI0ITJpNzY4ITRmMTMuMSE0bTkhM2U2ITRtMyEzbTIhMWQzMi42NDIwMjA4ITJkNTEuNjY2NTkwMTk5OTk5OTk1ITRtMyEzbTIhMWQzMi42NDE1OTc4ITJkNTEuNjY2NjEzITVlMCEzbTIhMXNlbiEycyE0djE3NDE1NTk3NjQxMTghNW0yITFzZW4hMnMiIHdpZHRoPSIxMDAlIiBoZWlnaHQ9IjQ1MCIgc3R5bGU9ImJvcmRlcjowOyIgYWxsb3dmdWxsc2NyZWVuPSIiIGxvYWRpbmc9ImxhenkiIHJlZmVycmVycG9saWN5PSJuby1yZWZlcnJlci13aGVuLWRvd25ncmFkZSI+PC9pZnJhbWU+', 1),
(87, 11, 0, '2025-03-18 16:11:37', 'excerpt', '', 'base64', 1, '', '', 1),
(88, 11, 0, '2025-03-18 16:11:37', 'package-string-12-164', '', 'base64', 1, 'PGgzIHN0eWxlPSJ0ZXh0LWFsaWduOiByaWdodDsiPjxzdHJvbmc+PHNwYW4gc3R5bGU9ImNvbG9yOiAjYmU5YjU3OyI+2KLYr9ix2LM6PC9zcGFuPjwvc3Ryb25nPiDYp9i12YHZh9in2YbYjCDahtmH2KfYsdio2KfYuiDYqNin2YTYp9iMINmF2KzYqtmF2Lkg2qnZiNir2LHYjCDZgdin2LIg24zaqdiMINi32KjZgtmHINuz2Iwg2YjYp9it2K8g27XbsNu3PC9oMz48aDMgc3R5bGU9InRleHQtYWxpZ246IHJpZ2h0OyI+PHNwYW4gc3R5bGU9ImNvbG9yOiAjYmU5YjU3OyI+2LTZhdin2LHZhyDYqtmF2KfYszo8L3NwYW4+IDA5MTMxMjY2ODkyPC9oMz48aDMgc3R5bGU9InRleHQtYWxpZ246IHJpZ2h0OyI+PHNwYW4gc3R5bGU9ImNvbG9yOiAjYmU5YjU3OyI+2KfbjNmF24zZhDo8L3NwYW4+IGluZm9Ac2hlZ2FyZmthcmFuLmNvbTwvaDM+', 'PGgzIHN0eWxlPSJ0ZXh0LWFsaWduOiByaWdodDsiPjxzdHJvbmc+PHNwYW4gc3R5bGU9ImNvbG9yOiAjYmU5YjU3OyI+2KLYr9ix2LM6PC9zcGFuPjwvc3Ryb25nPiDYp9i12YHZh9in2YbYjCDahtmH2KfYsdio2KfYuiDYqNin2YTYp9iMINmF2KzYqtmF2Lkg2qnZiNir2LHYjCDZgdin2LIg24zaqdiMINi32KjZgtmHINuz2Iwg2YjYp9it2K8g27XbsNu3PC9oMz48aDMgc3R5bGU9InRleHQtYWxpZ246IHJpZ2h0OyI+PHNwYW4gc3R5bGU9ImNvbG9yOiAjYmU5YjU3OyI+2LTZhdin2LHZhyDYqtmF2KfYszo8L3NwYW4+IDA5MTMxMjY2ODkyPC9oMz48aDMgc3R5bGU9InRleHQtYWxpZ246IHJpZ2h0OyI+PHNwYW4gc3R5bGU9ImNvbG9yOiAjYmU5YjU3OyI+2KfbjNmF24zZhDo8L3NwYW4+IGluZm9Ac2hlZ2FyZmthcmFuLmNvbTwvaDM+', 1),
(89, 11, 0, '2025-03-18 16:11:37', 'package-string-12-165', '', 'base64', 1, 'PGlmcmFtZSBzcmM9Imh0dHBzOi8vd3d3Lmdvb2dsZS5jb20vbWFwcy9lbWJlZD9wYj0hMW0yNCExbTEyITFtMyExZDcxNTEuMDcwNjU3NDU1Mzc1ITJkNTEuNjY3MTM4Mjg5NTcyNDghM2QzMi42NDI4NjY5NDY4ODE5OCEybTMhMWYwITJmMCEzZjAhM20yITFpMTAyNCEyaTc2OCE0ZjEzLjEhNG05ITNlNiE0bTMhM20yITFkMzIuNjQyMDIwOCEyZDUxLjY2NjU5MDE5OTk5OTk5NSE0bTMhM20yITFkMzIuNjQxNTk3OCEyZDUxLjY2NjYxMyE1ZTAhM20yITFzZW4hMnMhNHYxNzQxNTU5NzY0MTE4ITVtMiExc2VuITJzIiB3aWR0aD0iMTAwJSIgaGVpZ2h0PSI0NTAiIHN0eWxlPSJib3JkZXI6MDsiIGFsbG93ZnVsbHNjcmVlbj0iIiBsb2FkaW5nPSJsYXp5IiByZWZlcnJlcnBvbGljeT0ibm8tcmVmZXJyZXItd2hlbi1kb3duZ3JhZGUiPjwvaWZyYW1lPg==', 'PGlmcmFtZSBzcmM9Imh0dHBzOi8vd3d3Lmdvb2dsZS5jb20vbWFwcy9lbWJlZD9wYj0hMW0yNCExbTEyITFtMyExZDcxNTEuMDcwNjU3NDU1Mzc1ITJkNTEuNjY3MTM4Mjg5NTcyNDghM2QzMi42NDI4NjY5NDY4ODE5OCEybTMhMWYwITJmMCEzZjAhM20yITFpMTAyNCEyaTc2OCE0ZjEzLjEhNG05ITNlNiE0bTMhM20yITFkMzIuNjQyMDIwOCEyZDUxLjY2NjU5MDE5OTk5OTk5NSE0bTMhM20yITFkMzIuNjQxNTk3OCEyZDUxLjY2NjYxMyE1ZTAhM20yITFzZW4hMnMhNHYxNzQxNTU5NzY0MTE4ITVtMiExc2VuITJzIiB3aWR0aD0iMTAwJSIgaGVpZ2h0PSI0NTAiIHN0eWxlPSJib3JkZXI6MDsiIGFsbG93ZnVsbHNjcmVlbj0iIiBsb2FkaW5nPSJsYXp5IiByZWZlcnJlcnBvbGljeT0ibm8tcmVmZXJyZXItd2hlbi1kb3duZ3JhZGUiPjwvaWZyYW1lPg==', 1);

-- --------------------------------------------------------

--
-- Table structure for table `wp_icl_translate_job`
--

CREATE TABLE `wp_icl_translate_job` (
  `job_id` bigint(20) UNSIGNED NOT NULL,
  `rid` bigint(20) UNSIGNED NOT NULL,
  `translator_id` int(10) UNSIGNED NOT NULL,
  `translated` tinyint(3) UNSIGNED NOT NULL DEFAULT 0,
  `manager_id` int(10) UNSIGNED NOT NULL,
  `revision` int(10) UNSIGNED DEFAULT NULL,
  `title` varchar(160) DEFAULT NULL,
  `deadline_date` datetime DEFAULT NULL,
  `completed_date` datetime DEFAULT NULL,
  `editor` varchar(16) DEFAULT NULL,
  `editor_job_id` bigint(20) UNSIGNED DEFAULT NULL,
  `edit_timestamp` int(11) UNSIGNED DEFAULT NULL,
  `automatic` tinyint(3) UNSIGNED NOT NULL DEFAULT 0,
  `ate_sync_count` int(6) UNSIGNED DEFAULT 0
) ENGINE=InnoDB DEFAULT CHARSET=utf8mb4 COLLATE=utf8mb4_unicode_520_ci;

--
-- Dumping data for table `wp_icl_translate_job`
--

INSERT INTO `wp_icl_translate_job` (`job_id`, `rid`, `translator_id`, `translated`, `manager_id`, `revision`, `title`, `deadline_date`, `completed_date`, `editor`, `editor_job_id`, `edit_timestamp`, `automatic`, `ate_sync_count`) VALUES
(1, 101, 1, 1, 1, NULL, 'صفحه اصلی', NULL, NULL, 'wp', NULL, NULL, 0, 0),
(2, 137, 1, 1, 1, NULL, 'footer', NULL, NULL, 'wp', NULL, NULL, 0, 0),
(3, 138, 1, 1, 1, NULL, 'دانشکده فنی حرفه‌ای مهاجر سپاهان شهر', NULL, NULL, 'wp', NULL, NULL, 0, 0),
(4, 139, 1, 1, 1, NULL, 'کافه کتاب دانشگاه صنعتی', NULL, NULL, 'wp', NULL, NULL, 0, 0),
(5, 140, 1, 1, 1, NULL, 'کانون پرورش فکری کودکان', NULL, NULL, 'wp', NULL, NULL, 0, 0),
(6, 141, 1, 1, 1, NULL, 'دانشگاه فنی حرفه‌ای دخترانه سپاهان شهر', NULL, NULL, 'wp', NULL, NULL, 0, 0),
(7, 142, 1, 1, 1, NULL, 'اداره ثبت احوال', NULL, NULL, 'wp', NULL, NULL, 0, 0),
(8, 143, 1, 1, 1, NULL, 'دبیرستان نرجس', NULL, NULL, 'wp', NULL, NULL, 0, 0),
(9, 144, 1, 1, 1, NULL, 'پروژه‌های ساختمانی', NULL, NULL, 'wp', NULL, NULL, 0, 0),
(10, 145, 1, 1, 1, NULL, 'درباره ما', NULL, NULL, 'wp', NULL, NULL, 0, 0),
(11, 146, 1, 1, 1, NULL, 'تماس با ما', NULL, NULL, 'wp', NULL, NULL, 0, 0);

-- --------------------------------------------------------

--
-- Table structure for table `wp_icl_translations`
--

CREATE TABLE `wp_icl_translations` (
  `translation_id` bigint(20) NOT NULL,
  `element_type` varchar(60) NOT NULL DEFAULT 'post_post',
  `element_id` bigint(20) DEFAULT NULL,
  `trid` bigint(20) NOT NULL,
  `language_code` varchar(7) NOT NULL,
  `source_language_code` varchar(7) DEFAULT NULL
) ENGINE=InnoDB DEFAULT CHARSET=utf8mb4 COLLATE=utf8mb4_unicode_520_ci;

--
-- Dumping data for table `wp_icl_translations`
--

INSERT INTO `wp_icl_translations` (`translation_id`, `element_type`, `element_id`, `trid`, `language_code`, `source_language_code`) VALUES
(1, 'post_cms_block', 191, 191, 'fa', NULL),
(2, 'post_custom_css', 111, 111, 'fa', NULL),
(3, 'post_elementor_library', 12, 12, 'fa', NULL),
(4, 'post_nav_menu_item', 45, 45, 'fa', NULL),
(5, 'post_nav_menu_item', 47, 47, 'fa', NULL),
(6, 'post_nav_menu_item', 48, 48, 'fa', NULL),
(7, 'post_nav_menu_item', 49, 49, 'fa', NULL),
(8, 'post_nav_menu_item', 50, 50, 'fa', NULL),
(9, 'post_nav_menu_item', 584, 584, 'fa', NULL),
(10, 'post_page', 15, 15, 'fa', NULL),
(11, 'post_page', 21, 21, 'fa', NULL),
(12, 'post_page', 30, 30, 'fa', NULL),
(13, 'post_page', 32, 32, 'fa', NULL),
(14, 'post_page', 36, 36, 'fa', NULL),
(15, 'post_page', 40, 40, 'fa', NULL),
(16, 'post_page', 572, 572, 'fa', NULL),
(17, 'post_post', 512, 512, 'fa', NULL),
(18, 'post_post', 527, 527, 'fa', NULL),
(19, 'post_post', 534, 534, 'fa', NULL),
(20, 'post_post', 546, 546, 'fa', NULL),
(21, 'post_post', 555, 555, 'fa', NULL),
(22, 'post_post', 905, 905, 'fa', NULL),
(23, 'post_post', 920, 920, 'fa', NULL),
(24, 'post_seedprod', 6, 6, 'fa', NULL),
(25, 'post_wp_navigation', 4, 4, 'fa', NULL),
(26, 'post_wpcf7_contact_form', 19, 19, 'fa', NULL),
(32, 'tax_category', 1, 922, 'fa', NULL),
(33, 'tax_category', 17, 938, 'fa', NULL),
(35, 'tax_nav_menu', 16, 955, 'fa', NULL),
(36, 'tax_product_type', 2, 958, 'fa', NULL),
(37, 'tax_product_type', 3, 959, 'fa', NULL),
(38, 'tax_product_type', 4, 960, 'fa', NULL),
(39, 'tax_product_type', 5, 961, 'fa', NULL),
(43, 'tax_product_visibility', 6, 968, 'fa', NULL),
(44, 'tax_product_visibility', 7, 969, 'fa', NULL),
(45, 'tax_product_visibility', 8, 970, 'fa', NULL),
(46, 'tax_product_visibility', 9, 971, 'fa', NULL),
(47, 'tax_product_visibility', 10, 972, 'fa', NULL),
(48, 'tax_product_visibility', 11, 973, 'fa', NULL),
(49, 'tax_product_visibility', 12, 974, 'fa', NULL),
(50, 'tax_product_visibility', 13, 975, 'fa', NULL),
(51, 'tax_product_visibility', 14, 976, 'fa', NULL),
(58, 'tax_product_cat', 15, 992, 'fa', NULL),
(59, 'tax_category', 18, 922, 'en', 'fa'),
(60, 'post_attachment', 13, 1006, 'fa', NULL),
(61, 'post_attachment', 69, 1062, 'fa', NULL),
(62, 'post_attachment', 71, 1064, 'fa', NULL),
(63, 'post_attachment', 96, 1089, 'fa', NULL),
(64, 'post_attachment', 147, 1140, 'fa', NULL),
(65, 'post_attachment', 209, 1202, 'fa', NULL),
(66, 'post_attachment', 210, 1203, 'fa', NULL),
(67, 'post_attachment', 212, 1205, 'fa', NULL),
(68, 'post_attachment', 218, 1211, 'fa', NULL),
(69, 'post_attachment', 219, 1212, 'fa', NULL),
(70, 'post_attachment', 220, 1213, 'fa', NULL),
(71, 'post_attachment', 225, 1218, 'fa', NULL),
(72, 'post_attachment', 236, 1229, 'fa', NULL),
(73, 'post_attachment', 282, 1275, 'fa', NULL),
(74, 'post_attachment', 283, 1276, 'fa', NULL),
(75, 'post_attachment', 284, 1277, 'fa', NULL),
(76, 'post_attachment', 316, 1309, 'fa', NULL),
(77, 'post_attachment', 318, 1311, 'fa', NULL),
(78, 'post_attachment', 340, 1333, 'fa', NULL),
(79, 'post_attachment', 357, 1350, 'fa', NULL),
(80, 'post_attachment', 358, 1351, 'fa', NULL),
(81, 'post_attachment', 367, 1360, 'fa', NULL),
(82, 'post_attachment', 368, 1361, 'fa', NULL),
(83, 'post_attachment', 369, 1362, 'fa', NULL),
(84, 'post_attachment', 370, 1363, 'fa', NULL),
(85, 'post_attachment', 374, 1367, 'fa', NULL),
(86, 'post_attachment', 379, 1372, 'fa', NULL),
(87, 'post_attachment', 380, 1373, 'fa', NULL),
(88, 'post_attachment', 405, 1398, 'fa', NULL),
(89, 'post_attachment', 407, 1400, 'fa', NULL),
(90, 'post_attachment', 408, 1401, 'fa', NULL),
(91, 'post_attachment', 423, 1416, 'fa', NULL),
(92, 'post_attachment', 437, 1430, 'fa', NULL),
(93, 'post_attachment', 438, 1431, 'fa', NULL),
(94, 'post_attachment', 446, 1439, 'fa', NULL),
(95, 'post_attachment', 447, 1440, 'fa', NULL),
(96, 'post_attachment', 452, 1445, 'fa', NULL),
(97, 'post_attachment', 453, 1446, 'fa', NULL),
(98, 'post_attachment', 466, 1459, 'fa', NULL),
(99, 'post_attachment', 475, 1468, 'fa', NULL),
(100, 'post_attachment', 479, 1472, 'fa', NULL),
(101, 'post_attachment', 483, 1476, 'fa', NULL),
(102, 'post_attachment', 488, 1481, 'fa', NULL),
(103, 'post_attachment', 489, 1482, 'fa', NULL),
(104, 'post_attachment', 507, 1500, 'fa', NULL),
(105, 'post_attachment', 513, 1506, 'fa', NULL),
(106, 'post_attachment', 515, 1508, 'fa', NULL),
(107, 'post_attachment', 516, 1509, 'fa', NULL),
(108, 'post_attachment', 517, 1510, 'fa', NULL),
(109, 'post_attachment', 519, 1512, 'fa', NULL),
(110, 'post_attachment', 529, 1522, 'fa', NULL),
(111, 'post_attachment', 530, 1523, 'fa', NULL),
(112, 'post_attachment', 535, 1528, 'fa', NULL),
(113, 'post_attachment', 537, 1530, 'fa', NULL),
(114, 'post_attachment', 538, 1531, 'fa', NULL),
(115, 'post_attachment', 547, 1540, 'fa', NULL),
(116, 'post_attachment', 549, 1542, 'fa', NULL),
(117, 'post_attachment', 550, 1543, 'fa', NULL),
(118, 'post_attachment', 556, 1549, 'fa', NULL),
(119, 'post_attachment', 558, 1551, 'fa', NULL),
(120, 'post_attachment', 559, 1552, 'fa', NULL),
(121, 'post_attachment', 561, 1554, 'fa', NULL),
(122, 'post_attachment', 562, 1555, 'fa', NULL),
(123, 'post_attachment', 564, 1557, 'fa', NULL),
(124, 'post_attachment', 565, 1558, 'fa', NULL),
(125, 'post_attachment', 566, 1559, 'fa', NULL),
(126, 'post_attachment', 567, 1560, 'fa', NULL),
(127, 'post_attachment', 568, 1561, 'fa', NULL),
(128, 'post_attachment', 591, 1584, 'fa', NULL),
(129, 'post_attachment', 598, 1591, 'fa', NULL),
(130, 'post_attachment', 605, 1598, 'fa', NULL),
(131, 'post_attachment', 606, 1599, 'fa', NULL),
(132, 'post_attachment', 627, 1620, 'fa', NULL),
(133, 'post_attachment', 628, 1621, 'fa', NULL),
(134, 'post_attachment', 653, 1646, 'fa', NULL),
(135, 'post_attachment', 654, 1647, 'fa', NULL),
(136, 'post_attachment', 665, 1658, 'fa', NULL),
(137, 'post_attachment', 666, 1659, 'fa', NULL),
(138, 'post_attachment', 667, 1660, 'fa', NULL),
(139, 'post_attachment', 668, 1661, 'fa', NULL),
(140, 'post_attachment', 730, 1723, 'fa', NULL),
(141, 'post_attachment', 731, 1724, 'fa', NULL),
(142, 'post_attachment', 732, 1725, 'fa', NULL),
(143, 'post_attachment', 810, 1803, 'fa', NULL),
(144, 'post_attachment', 861, 1854, 'fa', NULL),
(145, 'post_attachment', 898, 1891, 'fa', NULL),
(146, 'post_attachment', 907, 1900, 'fa', NULL),
(147, 'post_attachment', 908, 1901, 'fa', NULL),
(148, 'post_attachment', 909, 1902, 'fa', NULL),
(149, 'post_attachment', 910, 1903, 'fa', NULL),
(150, 'post_attachment', 911, 1904, 'fa', NULL),
(151, 'post_attachment', 912, 1905, 'fa', NULL),
(152, 'post_attachment', 913, 1906, 'fa', NULL),
(153, 'post_attachment', 914, 1907, 'fa', NULL),
(154, 'post_attachment', 915, 1908, 'fa', NULL),
(155, 'post_attachment', 921, 1914, 'fa', NULL),
(156, 'post_attachment', 923, 1916, 'fa', NULL),
(157, 'post_attachment', 924, 1917, 'fa', NULL),
(158, 'post_attachment', 925, 1918, 'fa', NULL),
(159, 'post_attachment', 926, 1919, 'fa', NULL),
(160, 'post_attachment', 927, 1920, 'fa', NULL),
(161, 'post_attachment', 928, 1921, 'fa', NULL),
(162, 'post_attachment', 929, 1922, 'fa', NULL),
(163, 'post_attachment', 930, 1923, 'fa', NULL),
(164, 'post_attachment', 931, 1924, 'fa', NULL),
(165, 'post_attachment', 933, 1926, 'fa', NULL),
(166, 'post_attachment', 934, 1927, 'fa', NULL),
(167, 'post_attachment', 935, 1928, 'fa', NULL),
(168, 'post_attachment', 936, 1929, 'fa', NULL),
(169, 'post_attachment', 937, 1930, 'fa', NULL),
(170, 'post_attachment', 938, 1931, 'fa', NULL),
(171, 'post_attachment', 939, 1932, 'fa', NULL),
(172, 'post_attachment', 940, 1933, 'fa', NULL),
(173, 'post_attachment', 941, 1934, 'fa', NULL),
(174, 'post_attachment', 942, 1935, 'fa', NULL),
(175, 'post_attachment', 943, 1936, 'fa', NULL),
(176, 'post_attachment', 944, 1937, 'fa', NULL),
(177, 'post_attachment', 945, 1938, 'fa', NULL),
(178, 'post_attachment', 946, 1939, 'fa', NULL),
(179, 'post_attachment', 947, 1940, 'fa', NULL),
(180, 'post_attachment', 948, 1941, 'fa', NULL),
(181, 'post_attachment', 949, 1942, 'fa', NULL),
(182, 'post_attachment', 950, 1943, 'fa', NULL),
(183, 'post_attachment', 951, 1944, 'fa', NULL),
(184, 'post_attachment', 952, 1945, 'fa', NULL),
(185, 'post_attachment', 953, 1946, 'fa', NULL),
(186, 'post_attachment', 954, 1947, 'fa', NULL),
(187, 'post_attachment', 955, 1948, 'fa', NULL),
(188, 'post_attachment', 956, 1949, 'fa', NULL),
(189, 'post_attachment', 957, 1950, 'fa', NULL),
(190, 'post_attachment', 958, 1951, 'fa', NULL),
(191, 'post_attachment', 959, 1952, 'fa', NULL),
(192, 'post_attachment', 974, 1967, 'fa', NULL),
(193, 'post_attachment', 997, 1990, 'fa', NULL),
(194, 'post_attachment', 1008, 2001, 'fa', NULL),
(316, 'tax_translation_priority', 19, 2002, 'fa', NULL),
(317, 'tax_translation_priority', 20, 2002, 'en', 'fa'),
(319, 'tax_translation_priority', 21, 2003, 'fa', NULL),
(320, 'tax_translation_priority', 22, 2003, 'en', 'fa'),
(322, 'tax_translation_priority', 23, 2004, 'fa', NULL),
(323, 'tax_translation_priority', 24, 2004, 'en', 'fa'),
(325, 'package_block', 1, 2005, 'fa', NULL),
(326, 'post_attachment', 1039, 1006, 'en', 'fa'),
(327, 'post_attachment', 1040, 1062, 'en', 'fa'),
(328, 'post_attachment', 1041, 1064, 'en', 'fa'),
(329, 'post_attachment', 1042, 1089, 'en', 'fa'),
(330, 'post_attachment', 1043, 1140, 'en', 'fa'),
(331, 'post_attachment', 1044, 1202, 'en', 'fa'),
(332, 'post_attachment', 1045, 1203, 'en', 'fa'),
(333, 'post_attachment', 1046, 1205, 'en', 'fa'),
(334, 'post_attachment', 1047, 1211, 'en', 'fa'),
(335, 'post_attachment', 1048, 1212, 'en', 'fa'),
(336, 'post_attachment', 1049, 1213, 'en', 'fa'),
(337, 'post_attachment', 1050, 1218, 'en', 'fa'),
(338, 'post_attachment', 1051, 1229, 'en', 'fa'),
(339, 'post_attachment', 1052, 1275, 'en', 'fa'),
(340, 'post_attachment', 1053, 1276, 'en', 'fa'),
(341, 'post_attachment', 1054, 1277, 'en', 'fa'),
(342, 'post_attachment', 1055, 1309, 'en', 'fa'),
(343, 'post_attachment', 1056, 1311, 'en', 'fa'),
(344, 'post_attachment', 1057, 1333, 'en', 'fa'),
(345, 'post_attachment', 1058, 1350, 'en', 'fa'),
(346, 'post_attachment', 1059, 1351, 'en', 'fa'),
(347, 'post_attachment', 1060, 1360, 'en', 'fa'),
(348, 'post_attachment', 1061, 1361, 'en', 'fa'),
(349, 'post_attachment', 1062, 1362, 'en', 'fa'),
(350, 'post_attachment', 1063, 1363, 'en', 'fa'),
(351, 'post_attachment', 1064, 1367, 'en', 'fa'),
(352, 'post_attachment', 1065, 1372, 'en', 'fa'),
(353, 'post_attachment', 1066, 1373, 'en', 'fa'),
(354, 'post_attachment', 1067, 1398, 'en', 'fa'),
(355, 'post_attachment', 1068, 1400, 'en', 'fa'),
(356, 'post_attachment', 1069, 1401, 'en', 'fa'),
(357, 'post_attachment', 1070, 1416, 'en', 'fa'),
(358, 'post_attachment', 1071, 1430, 'en', 'fa'),
(359, 'post_attachment', 1072, 1431, 'en', 'fa'),
(360, 'post_attachment', 1073, 1439, 'en', 'fa'),
(361, 'post_attachment', 1074, 1440, 'en', 'fa'),
(362, 'post_attachment', 1075, 1445, 'en', 'fa'),
(363, 'post_attachment', 1076, 1446, 'en', 'fa'),
(364, 'post_attachment', 1077, 1459, 'en', 'fa'),
(365, 'post_attachment', 1078, 1468, 'en', 'fa'),
(366, 'post_attachment', 1079, 1472, 'en', 'fa'),
(367, 'post_attachment', 1080, 1476, 'en', 'fa'),
(368, 'post_attachment', 1081, 1481, 'en', 'fa'),
(369, 'post_attachment', 1082, 1482, 'en', 'fa'),
(370, 'post_attachment', 1083, 1500, 'en', 'fa'),
(371, 'post_attachment', 1084, 1506, 'en', 'fa'),
(372, 'post_attachment', 1085, 1508, 'en', 'fa'),
(373, 'post_attachment', 1086, 1509, 'en', 'fa'),
(374, 'post_attachment', 1087, 1510, 'en', 'fa'),
(375, 'post_attachment', 1088, 1512, 'en', 'fa'),
(376, 'post_attachment', 1089, 1522, 'en', 'fa'),
(377, 'post_attachment', 1090, 1523, 'en', 'fa'),
(378, 'post_attachment', 1091, 1528, 'en', 'fa'),
(379, 'post_attachment', 1092, 1530, 'en', 'fa'),
(380, 'post_attachment', 1093, 1531, 'en', 'fa'),
(381, 'post_attachment', 1094, 1540, 'en', 'fa'),
(382, 'post_attachment', 1095, 1542, 'en', 'fa'),
(383, 'post_attachment', 1096, 1543, 'en', 'fa'),
(384, 'post_attachment', 1097, 1549, 'en', 'fa'),
(385, 'post_attachment', 1098, 1551, 'en', 'fa'),
(386, 'post_attachment', 1099, 1552, 'en', 'fa'),
(387, 'post_attachment', 1100, 1554, 'en', 'fa'),
(388, 'post_attachment', 1101, 1555, 'en', 'fa'),
(389, 'post_attachment', 1102, 1557, 'en', 'fa'),
(390, 'post_attachment', 1103, 1558, 'en', 'fa'),
(391, 'post_attachment', 1104, 1559, 'en', 'fa'),
(392, 'post_attachment', 1105, 1560, 'en', 'fa'),
(393, 'post_attachment', 1106, 1561, 'en', 'fa'),
(394, 'post_attachment', 1107, 1584, 'en', 'fa'),
(395, 'post_attachment', 1108, 1591, 'en', 'fa'),
(396, 'post_attachment', 1109, 1598, 'en', 'fa'),
(397, 'post_attachment', 1110, 1599, 'en', 'fa'),
(398, 'post_attachment', 1111, 1620, 'en', 'fa'),
(399, 'post_attachment', 1112, 1621, 'en', 'fa'),
(400, 'post_attachment', 1113, 1646, 'en', 'fa'),
(401, 'post_attachment', 1114, 1647, 'en', 'fa'),
(402, 'post_attachment', 1115, 1658, 'en', 'fa'),
(403, 'post_attachment', 1116, 1659, 'en', 'fa'),
(404, 'post_attachment', 1117, 1660, 'en', 'fa'),
(405, 'post_attachment', 1118, 1661, 'en', 'fa'),
(406, 'post_attachment', 1119, 1723, 'en', 'fa'),
(407, 'post_attachment', 1120, 1724, 'en', 'fa'),
(408, 'post_attachment', 1121, 1725, 'en', 'fa'),
(409, 'post_attachment', 1122, 1803, 'en', 'fa'),
(410, 'post_attachment', 1123, 1854, 'en', 'fa'),
(411, 'post_attachment', 1124, 1891, 'en', 'fa'),
(412, 'post_attachment', 1125, 1900, 'en', 'fa'),
(413, 'post_attachment', 1126, 1901, 'en', 'fa'),
(414, 'post_attachment', 1127, 1902, 'en', 'fa'),
(415, 'post_attachment', 1128, 1903, 'en', 'fa'),
(416, 'post_attachment', 1129, 1904, 'en', 'fa'),
(417, 'post_attachment', 1130, 1905, 'en', 'fa'),
(418, 'post_attachment', 1131, 1906, 'en', 'fa'),
(419, 'post_attachment', 1132, 1907, 'en', 'fa'),
(420, 'post_attachment', 1133, 1908, 'en', 'fa'),
(421, 'post_attachment', 1134, 1914, 'en', 'fa'),
(422, 'post_attachment', 1135, 1916, 'en', 'fa'),
(423, 'post_attachment', 1136, 1917, 'en', 'fa'),
(424, 'post_attachment', 1137, 1918, 'en', 'fa'),
(425, 'post_attachment', 1138, 1919, 'en', 'fa'),
(426, 'post_page', 1139, 21, 'en', 'fa'),
(427, 'post_attachment', 1140, 1920, 'en', 'fa'),
(428, 'post_attachment', 1141, 1921, 'en', 'fa'),
(429, 'post_attachment', 1142, 1922, 'en', 'fa'),
(430, 'post_attachment', 1143, 1923, 'en', 'fa'),
(431, 'post_attachment', 1144, 1924, 'en', 'fa'),
(432, 'post_attachment', 1145, 1926, 'en', 'fa'),
(433, 'post_attachment', 1146, 1927, 'en', 'fa'),
(434, 'post_attachment', 1147, 1928, 'en', 'fa'),
(435, 'post_attachment', 1148, 1929, 'en', 'fa'),
(436, 'post_attachment', 1149, 1930, 'en', 'fa'),
(437, 'post_attachment', 1150, 1931, 'en', 'fa'),
(438, 'post_attachment', 1151, 1932, 'en', 'fa'),
(439, 'post_attachment', 1152, 1933, 'en', 'fa'),
(440, 'post_attachment', 1153, 1934, 'en', 'fa'),
(441, 'post_attachment', 1154, 1935, 'en', 'fa'),
(442, 'post_attachment', 1155, 1936, 'en', 'fa'),
(443, 'post_attachment', 1156, 1937, 'en', 'fa'),
(444, 'post_attachment', 1157, 1938, 'en', 'fa'),
(445, 'post_attachment', 1158, 1939, 'en', 'fa'),
(446, 'post_attachment', 1159, 1940, 'en', 'fa'),
(447, 'post_attachment', 1160, 1941, 'en', 'fa'),
(448, 'post_attachment', 1161, 1942, 'en', 'fa'),
(449, 'post_attachment', 1162, 1943, 'en', 'fa'),
(450, 'post_attachment', 1163, 1944, 'en', 'fa'),
(451, 'post_attachment', 1164, 1945, 'en', 'fa'),
(452, 'post_attachment', 1165, 1946, 'en', 'fa'),
(453, 'post_attachment', 1166, 1947, 'en', 'fa'),
(454, 'post_attachment', 1167, 1948, 'en', 'fa'),
(455, 'post_attachment', 1168, 1949, 'en', 'fa'),
(456, 'post_attachment', 1169, 1950, 'en', 'fa'),
(457, 'post_attachment', 1170, 1951, 'en', 'fa'),
(458, 'post_attachment', 1171, 1952, 'en', 'fa'),
(459, 'post_attachment', 1172, 1967, 'en', 'fa'),
(460, 'post_attachment', 1173, 1990, 'en', 'fa'),
(461, 'post_attachment', 1174, 2001, 'en', 'fa'),
(463, 'package_elementor', 2, 2006, 'fa', NULL),
(464, 'tax_nav_menu', 25, 955, 'en', 'fa'),
(465, 'post_nav_menu_item', 1176, 2007, 'en', NULL),
(468, 'post_nav_menu_item', 1179, 2010, 'en', NULL),
(469, 'post_nav_menu_item', 1180, 2011, 'en', NULL),
(472, 'package_elementor', 3, 2013, 'fa', NULL),
(473, 'post_cms_block', 1208, 191, 'en', 'fa'),
(474, 'post_post', 1216, 920, 'en', 'fa'),
(475, 'tax_category', 26, 938, 'en', 'fa'),
(477, 'package_elementor', 4, 2014, 'fa', NULL),
(478, 'post_post', 1221, 905, 'en', 'fa'),
(480, 'package_elementor', 5, 2015, 'fa', NULL),
(481, 'post_post', 1226, 555, 'en', 'fa'),
(483, 'package_elementor', 6, 2016, 'fa', NULL),
(484, 'post_post', 1231, 546, 'en', 'fa'),
(486, 'package_elementor', 7, 2017, 'fa', NULL),
(487, 'post_post', 1236, 534, 'en', 'fa'),
(489, 'package_elementor', 8, 2018, 'fa', NULL),
(490, 'post_post', 1241, 527, 'en', 'fa'),
(492, 'package_elementor', 9, 2019, 'fa', NULL),
(493, 'post_page', 1246, 572, 'en', 'fa'),
(495, 'package_elementor', 10, 2020, 'fa', NULL),
(496, 'post_page', 1250, 32, 'en', 'fa'),
(498, 'package_gutenberg', 11, 2021, 'fa', NULL),
(499, 'post_page', 1252, 30, 'en', 'fa'),
(501, 'package_elementor', 12, 2022, 'fa', NULL),
(502, 'post_nav_menu_item', 1257, 2023, 'en', NULL),
(503, 'post_nav_menu_item', 1258, 2024, 'en', NULL),
(504, 'post_nav_menu_item', 1259, 2025, 'en', NULL),
(508, 'post_attachment', 1266, 2026, 'fa', NULL),
(509, 'post_attachment', 1267, 2026, 'en', 'fa');

-- --------------------------------------------------------

--
-- Table structure for table `wp_icl_translation_batches`
--

CREATE TABLE `wp_icl_translation_batches` (
  `id` int(11) NOT NULL,
  `batch_name` text NOT NULL,
  `tp_id` int(11) DEFAULT NULL,
  `ts_url` text DEFAULT NULL,
  `last_update` datetime DEFAULT NULL
) ENGINE=InnoDB DEFAULT CHARSET=utf8mb4 COLLATE=utf8mb4_unicode_520_ci;

--
-- Dumping data for table `wp_icl_translation_batches`
--

INSERT INTO `wp_icl_translation_batches` (`id`, `batch_name`, `tp_id`, `ts_url`, `last_update`) VALUES
(1, 'Manual Translations from March the 17th, 2025', NULL, NULL, '2025-03-17 22:09:03'),
(2, 'Manual Translations from March the 18th, 2025', NULL, NULL, '2025-03-18 13:45:10');

-- --------------------------------------------------------

--
-- Table structure for table `wp_icl_translation_downloads`
--

CREATE TABLE `wp_icl_translation_downloads` (
  `editor_job_id` bigint(20) UNSIGNED NOT NULL,
  `download_url` varchar(2000) NOT NULL,
  `lock_timestamp` int(11) UNSIGNED DEFAULT NULL
) ENGINE=InnoDB DEFAULT CHARSET=utf8mb4 COLLATE=utf8mb4_unicode_520_ci;

-- --------------------------------------------------------

--
-- Table structure for table `wp_icl_translation_status`
--

CREATE TABLE `wp_icl_translation_status` (
  `rid` bigint(20) NOT NULL,
  `translation_id` bigint(20) NOT NULL,
  `status` tinyint(4) NOT NULL,
  `translator_id` bigint(20) NOT NULL,
  `needs_update` tinyint(4) NOT NULL,
  `md5` varchar(32) NOT NULL,
  `translation_service` varchar(16) NOT NULL,
  `batch_id` int(11) NOT NULL DEFAULT 0,
  `translation_package` longtext NOT NULL,
  `timestamp` timestamp NOT NULL DEFAULT current_timestamp(),
  `links_fixed` tinyint(4) NOT NULL DEFAULT 0,
  `_prevstate` longtext DEFAULT NULL,
  `uuid` varchar(36) DEFAULT NULL,
  `tp_id` int(11) DEFAULT NULL,
  `tp_revision` int(11) NOT NULL DEFAULT 1,
  `ts_status` text DEFAULT NULL,
  `review_status` enum('NEEDS_REVIEW','EDITING','ACCEPTED') DEFAULT NULL,
  `ate_comm_retry_count` int(11) UNSIGNED DEFAULT 0
) ENGINE=InnoDB DEFAULT CHARSET=utf8mb4 COLLATE=utf8mb4_unicode_520_ci;

--
-- Dumping data for table `wp_icl_translation_status`
--

INSERT INTO `wp_icl_translation_status` (`rid`, `translation_id`, `status`, `translator_id`, `needs_update`, `md5`, `translation_service`, `batch_id`, `translation_package`, `timestamp`, `links_fixed`, `_prevstate`, `uuid`, `tp_id`, `tp_revision`, `ts_status`, `review_status`, `ate_comm_retry_count`) VALUES
(1, 326, 9, 0, 0, '', '', 0, '', '2025-03-17 22:06:43', 0, NULL, NULL, NULL, 1, NULL, NULL, 0),
(2, 327, 9, 0, 0, '', '', 0, '', '2025-03-17 22:06:43', 0, NULL, NULL, NULL, 1, NULL, NULL, 0),
(3, 328, 9, 0, 0, '', '', 0, '', '2025-03-17 22:06:43', 0, NULL, NULL, NULL, 1, NULL, NULL, 0),
(4, 329, 9, 0, 0, '', '', 0, '', '2025-03-17 22:06:43', 0, NULL, NULL, NULL, 1, NULL, NULL, 0),
(5, 330, 9, 0, 0, '', '', 0, '', '2025-03-17 22:06:43', 0, NULL, NULL, NULL, 1, NULL, NULL, 0),
(6, 331, 9, 0, 0, '', '', 0, '', '2025-03-17 22:06:43', 0, NULL, NULL, NULL, 1, NULL, NULL, 0),
(7, 332, 9, 0, 0, '', '', 0, '', '2025-03-17 22:06:43', 0, NULL, NULL, NULL, 1, NULL, NULL, 0),
(8, 333, 9, 0, 0, '', '', 0, '', '2025-03-17 22:06:43', 0, NULL, NULL, NULL, 1, NULL, NULL, 0),
(9, 334, 9, 0, 0, '', '', 0, '', '2025-03-17 22:06:43', 0, NULL, NULL, NULL, 1, NULL, NULL, 0),
(10, 335, 9, 0, 0, '', '', 0, '', '2025-03-17 22:06:43', 0, NULL, NULL, NULL, 1, NULL, NULL, 0),
(11, 336, 9, 0, 0, '', '', 0, '', '2025-03-17 22:06:43', 0, NULL, NULL, NULL, 1, NULL, NULL, 0),
(12, 337, 9, 0, 0, '', '', 0, '', '2025-03-17 22:06:43', 0, NULL, NULL, NULL, 1, NULL, NULL, 0),
(13, 338, 9, 0, 0, '', '', 0, '', '2025-03-17 22:06:43', 0, NULL, NULL, NULL, 1, NULL, NULL, 0),
(14, 339, 9, 0, 0, '', '', 0, '', '2025-03-17 22:06:43', 0, NULL, NULL, NULL, 1, NULL, NULL, 0),
(15, 340, 9, 0, 0, '', '', 0, '', '2025-03-17 22:06:43', 0, NULL, NULL, NULL, 1, NULL, NULL, 0),
(16, 341, 9, 0, 0, '', '', 0, '', '2025-03-17 22:06:43', 0, NULL, NULL, NULL, 1, NULL, NULL, 0),
(17, 342, 9, 0, 0, '', '', 0, '', '2025-03-17 22:06:43', 0, NULL, NULL, NULL, 1, NULL, NULL, 0),
(18, 343, 9, 0, 0, '', '', 0, '', '2025-03-17 22:06:43', 0, NULL, NULL, NULL, 1, NULL, NULL, 0),
(19, 344, 9, 0, 0, '', '', 0, '', '2025-03-17 22:06:43', 0, NULL, NULL, NULL, 1, NULL, NULL, 0),
(20, 345, 9, 0, 0, '', '', 0, '', '2025-03-17 22:06:43', 0, NULL, NULL, NULL, 1, NULL, NULL, 0),
(21, 346, 9, 0, 0, '', '', 0, '', '2025-03-17 22:06:43', 0, NULL, NULL, NULL, 1, NULL, NULL, 0),
(22, 347, 9, 0, 0, '', '', 0, '', '2025-03-17 22:06:43', 0, NULL, NULL, NULL, 1, NULL, NULL, 0),
(23, 348, 9, 0, 0, '', '', 0, '', '2025-03-17 22:06:43', 0, NULL, NULL, NULL, 1, NULL, NULL, 0),
(24, 349, 9, 0, 0, '', '', 0, '', '2025-03-17 22:06:43', 0, NULL, NULL, NULL, 1, NULL, NULL, 0),
(25, 350, 9, 0, 0, '', '', 0, '', '2025-03-17 22:06:43', 0, NULL, NULL, NULL, 1, NULL, NULL, 0),
(26, 351, 9, 0, 0, '', '', 0, '', '2025-03-17 22:06:43', 0, NULL, NULL, NULL, 1, NULL, NULL, 0),
(27, 352, 9, 0, 0, '', '', 0, '', '2025-03-17 22:06:43', 0, NULL, NULL, NULL, 1, NULL, NULL, 0),
(28, 353, 9, 0, 0, '', '', 0, '', '2025-03-17 22:06:43', 0, NULL, NULL, NULL, 1, NULL, NULL, 0),
(29, 354, 9, 0, 0, '', '', 0, '', '2025-03-17 22:06:43', 0, NULL, NULL, NULL, 1, NULL, NULL, 0),
(30, 355, 9, 0, 0, '', '', 0, '', '2025-03-17 22:06:43', 0, NULL, NULL, NULL, 1, NULL, NULL, 0),
(31, 356, 9, 0, 0, '', '', 0, '', '2025-03-17 22:06:44', 0, NULL, NULL, NULL, 1, NULL, NULL, 0),
(32, 357, 9, 0, 0, '', '', 0, '', '2025-03-17 22:06:44', 0, NULL, NULL, NULL, 1, NULL, NULL, 0),
(33, 358, 9, 0, 0, '', '', 0, '', '2025-03-17 22:06:44', 0, NULL, NULL, NULL, 1, NULL, NULL, 0),
(34, 359, 9, 0, 0, '', '', 0, '', '2025-03-17 22:06:44', 0, NULL, NULL, NULL, 1, NULL, NULL, 0),
(35, 360, 9, 0, 0, '', '', 0, '', '2025-03-17 22:06:44', 0, NULL, NULL, NULL, 1, NULL, NULL, 0),
(36, 361, 9, 0, 0, '', '', 0, '', '2025-03-17 22:06:44', 0, NULL, NULL, NULL, 1, NULL, NULL, 0),
(37, 362, 9, 0, 0, '', '', 0, '', '2025-03-17 22:06:44', 0, NULL, NULL, NULL, 1, NULL, NULL, 0),
(38, 363, 9, 0, 0, '', '', 0, '', '2025-03-17 22:06:44', 0, NULL, NULL, NULL, 1, NULL, NULL, 0),
(39, 364, 9, 0, 0, '', '', 0, '', '2025-03-17 22:06:44', 0, NULL, NULL, NULL, 1, NULL, NULL, 0),
(40, 365, 9, 0, 0, '', '', 0, '', '2025-03-17 22:06:44', 0, NULL, NULL, NULL, 1, NULL, NULL, 0),
(41, 366, 9, 0, 0, '', '', 0, '', '2025-03-17 22:06:44', 0, NULL, NULL, NULL, 1, NULL, NULL, 0),
(42, 367, 9, 0, 0, '', '', 0, '', '2025-03-17 22:06:44', 0, NULL, NULL, NULL, 1, NULL, NULL, 0),
(43, 368, 9, 0, 0, '', '', 0, '', '2025-03-17 22:06:44', 0, NULL, NULL, NULL, 1, NULL, NULL, 0),
(44, 369, 9, 0, 0, '', '', 0, '', '2025-03-17 22:06:44', 0, NULL, NULL, NULL, 1, NULL, NULL, 0),
(45, 370, 9, 0, 0, '', '', 0, '', '2025-03-17 22:06:44', 0, NULL, NULL, NULL, 1, NULL, NULL, 0),
(46, 371, 9, 0, 0, '', '', 0, '', '2025-03-17 22:06:44', 0, NULL, NULL, NULL, 1, NULL, NULL, 0),
(47, 372, 9, 0, 0, '', '', 0, '', '2025-03-17 22:06:44', 0, NULL, NULL, NULL, 1, NULL, NULL, 0),
(48, 373, 9, 0, 0, '', '', 0, '', '2025-03-17 22:06:44', 0, NULL, NULL, NULL, 1, NULL, NULL, 0),
(49, 374, 9, 0, 0, '', '', 0, '', '2025-03-17 22:06:44', 0, NULL, NULL, NULL, 1, NULL, NULL, 0),
(50, 375, 9, 0, 0, '', '', 0, '', '2025-03-17 22:06:44', 0, NULL, NULL, NULL, 1, NULL, NULL, 0),
(51, 376, 9, 0, 0, '', '', 0, '', '2025-03-17 22:06:44', 0, NULL, NULL, NULL, 1, NULL, NULL, 0),
(52, 377, 9, 0, 0, '', '', 0, '', '2025-03-17 22:06:44', 0, NULL, NULL, NULL, 1, NULL, NULL, 0),
(53, 378, 9, 0, 0, '', '', 0, '', '2025-03-17 22:06:44', 0, NULL, NULL, NULL, 1, NULL, NULL, 0),
(54, 379, 9, 0, 0, '', '', 0, '', '2025-03-17 22:06:44', 0, NULL, NULL, NULL, 1, NULL, NULL, 0),
(55, 380, 9, 0, 0, '', '', 0, '', '2025-03-17 22:06:44', 0, NULL, NULL, NULL, 1, NULL, NULL, 0),
(56, 381, 9, 0, 0, '', '', 0, '', '2025-03-17 22:06:44', 0, NULL, NULL, NULL, 1, NULL, NULL, 0),
(57, 382, 9, 0, 0, '', '', 0, '', '2025-03-17 22:06:44', 0, NULL, NULL, NULL, 1, NULL, NULL, 0),
(58, 383, 9, 0, 0, '', '', 0, '', '2025-03-17 22:06:44', 0, NULL, NULL, NULL, 1, NULL, NULL, 0),
(59, 384, 9, 0, 0, '', '', 0, '', '2025-03-17 22:06:44', 0, NULL, NULL, NULL, 1, NULL, NULL, 0),
(60, 385, 9, 0, 0, '', '', 0, '', '2025-03-17 22:06:44', 0, NULL, NULL, NULL, 1, NULL, NULL, 0),
(61, 386, 9, 0, 0, '', '', 0, '', '2025-03-17 22:06:44', 0, NULL, NULL, NULL, 1, NULL, NULL, 0),
(62, 387, 9, 0, 0, '', '', 0, '', '2025-03-17 22:06:44', 0, NULL, NULL, NULL, 1, NULL, NULL, 0),
(63, 388, 9, 0, 0, '', '', 0, '', '2025-03-17 22:06:44', 0, NULL, NULL, NULL, 1, NULL, NULL, 0),
(64, 389, 9, 0, 0, '', '', 0, '', '2025-03-17 22:06:44', 0, NULL, NULL, NULL, 1, NULL, NULL, 0),
(65, 390, 9, 0, 0, '', '', 0, '', '2025-03-17 22:06:44', 0, NULL, NULL, NULL, 1, NULL, NULL, 0),
(66, 391, 9, 0, 0, '', '', 0, '', '2025-03-17 22:06:44', 0, NULL, NULL, NULL, 1, NULL, NULL, 0),
(67, 392, 9, 0, 0, '', '', 0, '', '2025-03-17 22:06:44', 0, NULL, NULL, NULL, 1, NULL, NULL, 0),
(68, 393, 9, 0, 0, '', '', 0, '', '2025-03-17 22:06:44', 0, NULL, NULL, NULL, 1, NULL, NULL, 0),
(69, 394, 9, 0, 0, '', '', 0, '', '2025-03-17 22:06:44', 0, NULL, NULL, NULL, 1, NULL, NULL, 0),
(70, 395, 9, 0, 0, '', '', 0, '', '2025-03-17 22:06:44', 0, NULL, NULL, NULL, 1, NULL, NULL, 0),
(71, 396, 9, 0, 0, '', '', 0, '', '2025-03-17 22:06:44', 0, NULL, NULL, NULL, 1, NULL, NULL, 0),
(72, 397, 9, 0, 0, '', '', 0, '', '2025-03-17 22:06:44', 0, NULL, NULL, NULL, 1, NULL, NULL, 0),
(73, 398, 9, 0, 0, '', '', 0, '', '2025-03-17 22:06:44', 0, NULL, NULL, NULL, 1, NULL, NULL, 0),
(74, 399, 9, 0, 0, '', '', 0, '', '2025-03-17 22:06:44', 0, NULL, NULL, NULL, 1, NULL, NULL, 0),
(75, 400, 9, 0, 0, '', '', 0, '', '2025-03-17 22:06:44', 0, NULL, NULL, NULL, 1, NULL, NULL, 0),
(76, 401, 9, 0, 0, '', '', 0, '', '2025-03-17 22:06:44', 0, NULL, NULL, NULL, 1, NULL, NULL, 0),
(77, 402, 9, 0, 0, '', '', 0, '', '2025-03-17 22:06:44', 0, NULL, NULL, NULL, 1, NULL, NULL, 0),
(78, 403, 9, 0, 0, '', '', 0, '', '2025-03-17 22:06:44', 0, NULL, NULL, NULL, 1, NULL, NULL, 0),
(79, 404, 9, 0, 0, '', '', 0, '', '2025-03-17 22:06:44', 0, NULL, NULL, NULL, 1, NULL, NULL, 0),
(80, 405, 9, 0, 0, '', '', 0, '', '2025-03-17 22:06:44', 0, NULL, NULL, NULL, 1, NULL, NULL, 0),
(81, 406, 9, 0, 0, '', '', 0, '', '2025-03-17 22:06:44', 0, NULL, NULL, NULL, 1, NULL, NULL, 0),
(82, 407, 9, 0, 0, '', '', 0, '', '2025-03-17 22:06:44', 0, NULL, NULL, NULL, 1, NULL, NULL, 0),
(83, 408, 9, 0, 0, '', '', 0, '', '2025-03-17 22:06:44', 0, NULL, NULL, NULL, 1, NULL, NULL, 0),
(84, 409, 9, 0, 0, '', '', 0, '', '2025-03-17 22:06:44', 0, NULL, NULL, NULL, 1, NULL, NULL, 0),
(85, 410, 9, 0, 0, '', '', 0, '', '2025-03-17 22:06:44', 0, NULL, NULL, NULL, 1, NULL, NULL, 0),
(86, 411, 9, 0, 0, '', '', 0, '', '2025-03-17 22:06:44', 0, NULL, NULL, NULL, 1, NULL, NULL, 0),
(87, 412, 9, 0, 0, '', '', 0, '', '2025-03-17 22:06:44', 0, NULL, NULL, NULL, 1, NULL, NULL, 0),
(88, 413, 9, 0, 0, '', '', 0, '', '2025-03-17 22:06:44', 0, NULL, NULL, NULL, 1, NULL, NULL, 0),
(89, 414, 9, 0, 0, '', '', 0, '', '2025-03-17 22:06:44', 0, NULL, NULL, NULL, 1, NULL, NULL, 0),
(90, 415, 9, 0, 0, '', '', 0, '', '2025-03-17 22:06:44', 0, NULL, NULL, NULL, 1, NULL, NULL, 0),
(91, 416, 9, 0, 0, '', '', 0, '', '2025-03-17 22:06:45', 0, NULL, NULL, NULL, 1, NULL, NULL, 0),
(92, 417, 9, 0, 0, '', '', 0, '', '2025-03-17 22:06:45', 0, NULL, NULL, NULL, 1, NULL, NULL, 0),
(93, 418, 9, 0, 0, '', '', 0, '', '2025-03-17 22:06:45', 0, NULL, NULL, NULL, 1, NULL, NULL, 0),
(94, 419, 9, 0, 0, '', '', 0, '', '2025-03-17 22:06:45', 0, NULL, NULL, NULL, 1, NULL, NULL, 0),
(95, 420, 9, 0, 0, '', '', 0, '', '2025-03-17 22:06:45', 0, NULL, NULL, NULL, 1, NULL, NULL, 0),
(96, 421, 9, 0, 0, '', '', 0, '', '2025-03-17 22:06:45', 0, NULL, NULL, NULL, 1, NULL, NULL, 0),
(97, 422, 9, 0, 0, '', '', 0, '', '2025-03-17 22:06:45', 0, NULL, NULL, NULL, 1, NULL, NULL, 0),
(98, 423, 9, 0, 0, '', '', 0, '', '2025-03-17 22:06:45', 0, NULL, NULL, NULL, 1, NULL, NULL, 0),
(99, 424, 9, 0, 0, '', '', 0, '', '2025-03-17 22:06:45', 0, NULL, NULL, NULL, 1, NULL, NULL, 0),
(100, 425, 9, 0, 0, '', '', 0, '', '2025-03-17 22:06:45', 0, NULL, NULL, NULL, 1, NULL, NULL, 0);
INSERT INTO `wp_icl_translation_status` (`rid`, `translation_id`, `status`, `translator_id`, `needs_update`, `md5`, `translation_service`, `batch_id`, `translation_package`, `timestamp`, `links_fixed`, `_prevstate`, `uuid`, `tp_id`, `tp_revision`, `ts_status`, `review_status`, `ate_comm_retry_count`) VALUES
(101, 426, 10, 1, 0, '3ed8d79e88b95f16642743c58384bb33', 'local', 1, 'a:4:{s:3:\"url\";s:35:\"https://shegarfkaran.com?page_id=21\";s:5:\"title\";s:17:\"صفحه اصلی\";s:8:\"contents\";a:14:{s:11:\"original_id\";a:2:{s:9:\"translate\";i:0;s:4:\"data\";i:21;}s:5:\"title\";a:3:{s:9:\"translate\";i:1;s:4:\"data\";s:24:\"2LXZgdit2Ycg2KfYtdmE24w=\";s:6:\"format\";s:6:\"base64\";}s:4:\"body\";a:3:{s:9:\"translate\";i:0;s:4:\"data\";s:50476:\"[encoded data, 50476 characters]\";s:6:\"format\";s:6:\"base64\";}s:7:\"excerpt\";a:3:{s:9:\"translate\";i:1;s:4:\"data\";s:0:\"\";s:6:\"format\";s:6:\"base64\";}s:20:\"package-string-2-135\";a:4:{s:9:\"translate\";i:1;s:4:\"data\";s:44:\"2LLZhduM2YbZh+KAjNmH2KfbjCDZgdi52KfZhNuM2Ko=\";s:8:\"wrap_tag\";s:0:\"\";s:6:\"format\";s:6:\"base64\";}s:20:\"package-string-2-136\";a:4:{s:9:\"translate\";i:1;s:4:\"data\";s:52:\"2b7YsdmI2pjZhyDZh9in24wgPGJyPtiz2KfYrtiq2YXYp9mG24w=\";s:8:\"wrap_tag\";s:0:\"\";s:6:\"format\";s:6:\"base64\";}s:20:\"package-string-2-137\";a:4:{s:9:\"translate\";i:1;s:4:\"data\";s:68:\"2qnYtNin2YjYsdiy24wgPGJyPti02YfYsduMINiv2LEgPGJyPtiz2KfYrtiq2YXYp9mG\";s:8:\"wrap_tag\";s:0:\"\";s:6:\"format\";s:6:\"base64\";}s:20:\"package-string-2-138\";a:4:{s:9:\"translate\";i:1;s:4:\"data\";s:172:\"PHA+wqA8L3A+PGgzPjxzdHJvbmc+2LTYsdqp2Kog2LTar9ix2YEg2qnYp9ix2KfZhiDYtdmG2LnYqiDigJMg2b7bjNi02LHZiCDYr9ixINiz2KfYstmH4oCM2YfYp9uMINmF2K/YsdmGPC9zdHJvbmc+PC9oMz48cD7CoDwvcD4=\";s:8:\"wrap_tag\";s:0:\"\";s:6:\"format\";s:6:\"base64\";}s:20:\"package-string-2-139\";a:4:{s:9:\"translate\";i:1;s:4:\"data\";s:196:\"PHA+wqA8L3A+PGgzPjxzdHJvbmc+2LTYsdqp2Kog2LTar9ix2YEg2qnYp9ix2KfZhiDYtdmG2LnYqiDigJMg2b7bjNi02LHZiCDYr9ixINqp2LTYp9mI2LHYstuMINi02YfYsduMINiv2LEg2LPYp9iu2KrZhdin2YYgPC9zdHJvbmc+PC9oMz48cD7CoDwvcD4=\";s:8:\"wrap_tag\";s:0:\"\";s:6:\"format\";s:6:\"base64\";}s:20:\"package-string-2-140\";a:4:{s:9:\"translate\";i:1;s:4:\"data\";s:40:\"2LTYqNqp2Ycg2YfYp9uMINin2KzYqtmF2KfYuduM\";s:8:\"wrap_tag\";s:0:\"\";s:6:\"format\";s:6:\"base64\";}s:20:\"package-string-2-141\";a:4:{s:9:\"translate\";i:1;s:4:\"data\";s:28:\"2KfbjNmG2LPYqtin2q/Ysdin2YU=\";s:8:\"wrap_tag\";s:0:\"\";s:6:\"format\";s:6:\"base64\";}s:20:\"package-string-2-142\";a:4:{s:9:\"translate\";i:1;s:4:\"data\";s:16:\"2YjYp9iq2LPYp9m+\";s:8:\"wrap_tag\";s:0:\"\";s:6:\"format\";s:6:\"base64\";}s:20:\"package-string-2-143\";a:4:{s:9:\"translate\";i:1;s:4:\"data\";s:16:\"24zZiNiq24zZiNio\";s:8:\"wrap_tag\";s:0:\"\";s:6:\"format\";s:6:\"base64\";}s:20:\"package-string-2-144\";a:4:{s:9:\"translate\";i:1;s:4:\"data\";s:16:\"2KLZvtin2LHYp9iq\";s:8:\"wrap_tag\";s:0:\"\";s:6:\"format\";s:6:\"base64\";}}s:4:\"type\";s:4:\"post\";}', '2025-03-17 22:08:08', 0, NULL, NULL, NULL, 1, NULL, NULL, 0);
INSERT INTO `wp_icl_translation_status` (`rid`, `translation_id`, `status`, `translator_id`, `needs_update`, `md5`, `translation_service`, `batch_id`, `translation_package`, `timestamp`, `links_fixed`, `_prevstate`, `uuid`, `tp_id`, `tp_revision`, `ts_status`, `review_status`, `ate_comm_retry_count`) VALUES
(102, 427, 9, 0, 0, '', '', 0, '', '2025-03-17 22:08:55', 0, NULL, NULL, NULL, 1, NULL, NULL, 0),
(103, 428, 9, 0, 0, '', '', 0, '', '2025-03-17 22:08:55', 0, NULL, NULL, NULL, 1, NULL, NULL, 0),
(104, 429, 9, 0, 0, '', '', 0, '', '2025-03-17 22:08:55', 0, NULL, NULL, NULL, 1, NULL, NULL, 0),
(105, 430, 9, 0, 0, '', '', 0, '', '2025-03-17 22:08:55', 0, NULL, NULL, NULL, 1, NULL, NULL, 0),
(106, 431, 9, 0, 0, '', '', 0, '', '2025-03-17 22:08:55', 0, NULL, NULL, NULL, 1, NULL, NULL, 0),
(107, 432, 9, 0, 0, '', '', 0, '', '2025-03-17 22:08:55', 0, NULL, NULL, NULL, 1, NULL, NULL, 0),
(108, 433, 9, 0, 0, '', '', 0, '', '2025-03-17 22:08:56', 0, NULL, NULL, NULL, 1, NULL, NULL, 0),
(109, 434, 9, 0, 0, '', '', 0, '', '2025-03-17 22:08:56', 0, NULL, NULL, NULL, 1, NULL, NULL, 0),
(110, 435, 9, 0, 0, '', '', 0, '', '2025-03-17 22:08:56', 0, NULL, NULL, NULL, 1, NULL, NULL, 0),
(111, 436, 9, 0, 0, '', '', 0, '', '2025-03-17 22:08:56', 0, NULL, NULL, NULL, 1, NULL, NULL, 0),
(112, 437, 9, 0, 0, '', '', 0, '', '2025-03-17 22:08:56', 0, NULL, NULL, NULL, 1, NULL, NULL, 0),
(113, 438, 9, 0, 0, '', '', 0, '', '2025-03-17 22:08:56', 0, NULL, NULL, NULL, 1, NULL, NULL, 0),
(114, 439, 9, 0, 0, '', '', 0, '', '2025-03-17 22:08:56', 0, NULL, NULL, NULL, 1, NULL, NULL, 0),
(115, 440, 9, 0, 0, '', '', 0, '', '2025-03-17 22:08:56', 0, NULL, NULL, NULL, 1, NULL, NULL, 0),
(116, 441, 9, 0, 0, '', '', 0, '', '2025-03-17 22:08:56', 0, NULL, NULL, NULL, 1, NULL, NULL, 0),
(117, 442, 9, 0, 0, '', '', 0, '', '2025-03-17 22:08:56', 0, NULL, NULL, NULL, 1, NULL, NULL, 0),
(118, 443, 9, 0, 0, '', '', 0, '', '2025-03-17 22:08:56', 0, NULL, NULL, NULL, 1, NULL, NULL, 0),
(119, 444, 9, 0, 0, '', '', 0, '', '2025-03-17 22:08:56', 0, NULL, NULL, NULL, 1, NULL, NULL, 0),
(120, 445, 9, 0, 0, '', '', 0, '', '2025-03-17 22:08:56', 0, NULL, NULL, NULL, 1, NULL, NULL, 0),
(121, 446, 9, 0, 0, '', '', 0, '', '2025-03-17 22:08:56', 0, NULL, NULL, NULL, 1, NULL, NULL, 0),
(122, 447, 9, 0, 0, '', '', 0, '', '2025-03-17 22:08:56', 0, NULL, NULL, NULL, 1, NULL, NULL, 0),
(123, 448, 9, 0, 0, '', '', 0, '', '2025-03-17 22:08:56', 0, NULL, NULL, NULL, 1, NULL, NULL, 0),
(124, 449, 9, 0, 0, '', '', 0, '', '2025-03-17 22:08:56', 0, NULL, NULL, NULL, 1, NULL, NULL, 0),
(125, 450, 9, 0, 0, '', '', 0, '', '2025-03-17 22:08:56', 0, NULL, NULL, NULL, 1, NULL, NULL, 0),
(126, 451, 9, 0, 0, '', '', 0, '', '2025-03-17 22:08:56', 0, NULL, NULL, NULL, 1, NULL, NULL, 0),
(127, 452, 9, 0, 0, '', '', 0, '', '2025-03-17 22:08:56', 0, NULL, NULL, NULL, 1, NULL, NULL, 0),
(128, 453, 9, 0, 0, '', '', 0, '', '2025-03-17 22:08:56', 0, NULL, NULL, NULL, 1, NULL, NULL, 0),
(129, 454, 9, 0, 0, '', '', 0, '', '2025-03-17 22:08:56', 0, NULL, NULL, NULL, 1, NULL, NULL, 0),
(130, 455, 9, 0, 0, '', '', 0, '', '2025-03-17 22:08:56', 0, NULL, NULL, NULL, 1, NULL, NULL, 0),
(131, 456, 9, 0, 0, '', '', 0, '', '2025-03-17 22:08:56', 0, NULL, NULL, NULL, 1, NULL, NULL, 0),
(132, 457, 9, 0, 0, '', '', 0, '', '2025-03-17 22:08:56', 0, NULL, NULL, NULL, 1, NULL, NULL, 0),
(133, 458, 9, 0, 0, '', '', 0, '', '2025-03-17 22:08:56', 0, NULL, NULL, NULL, 1, NULL, NULL, 0),
(134, 459, 9, 0, 0, '', '', 0, '', '2025-03-17 22:08:56', 0, NULL, NULL, NULL, 1, NULL, NULL, 0),
(135, 460, 9, 0, 0, '', '', 0, '', '2025-03-17 22:08:56', 0, NULL, NULL, NULL, 1, NULL, NULL, 0),
(136, 461, 9, 0, 0, '', '', 0, '', '2025-03-17 22:08:56', 0, NULL, NULL, NULL, 1, NULL, NULL, 0),
(137, 473, 9, 1, 0, '1c069a3a2d08cce92d80d46e3b2f9faa', 'local', 2, 'a:4:{s:3:\"url\";s:30:\"https://shegarfkaran.com?p=191\";s:5:\"title\";s:6:\"footer\";s:8:\"contents\";a:11:{s:11:\"original_id\";a:2:{s:9:\"translate\";i:0;s:4:\"data\";i:191;}s:5:\"title\";a:3:{s:9:\"translate\";i:1;s:4:\"data\";s:8:\"Zm9vdGVy\";s:6:\"format\";s:6:\"base64\";}s:4:\"body\";a:3:{s:9:\"translate\";i:0;s:4:\"data\";s:39868:\"[encoded data, 39868 characters]\";s:6:\"format\";s:6:\"base64\";}s:7:\"excerpt\";a:3:{s:9:\"translate\";i:1;s:4:\"data\";s:0:\"\";s:6:\"format\";s:6:\"base64\";}s:4:\"t_20\";a:3:{s:9:\"translate\";i:1;s:4:\"data\";s:12:\"T3B0aW9uYWw=\";s:6:\"format\";s:6:\"base64\";}s:8:\"tdesc_20\";a:3:{s:9:\"translate\";i:1;s:4:\"data\";s:0:\"\";s:6:\"format\";s:6:\"base64\";}s:20:\"package-string-3-145\";a:4:{s:9:\"translate\";i:1;s:4:\"data\";s:40:\"PHA+aW5mb0BzaGVnYXJma2FyYW4uY29tPC9wPg==\";s:8:\"wrap_tag\";s:0:\"\";s:6:\"format\";s:6:\"base64\";}s:20:\"package-string-3-146\";a:4:{s:9:\"translate\";i:1;s:4:\"data\";s:24:\"PHA+MDkxMzEyNjY4OTI8L3A+\";s:8:\"wrap_tag\";s:0:\"\";s:6:\"format\";s:6:\"base64\";}s:20:\"package-string-3-147\";a:4:{s:9:\"translate\";i:1;s:4:\"data\";s:136:\"2KfYtdmB2YfYp9mG2Iwg2obZh9in2LHYqNin2Log2KjYp9mE2KfYjCDZhdis2KrZhdi5INqp2YjYq9ix2Iwg2YHYp9iyINuM2qnYjCDYt9io2YLZhyAz2Iwg2YjYp9it2K8gNTA3\";s:8:\"wrap_tag\";s:0:\"\";s:6:\"format\";s:6:\"base64\";}s:20:\"package-string-3-148\";a:4:{s:9:\"translate\";i:1;s:4:\"data\";s:88:\"2KrZhdin2YUg2K3ZgtmI2YIg2YXYp9iv24wg2Ygg2YXYudmG2YjbjCDYp9ir2LEg2YXYrdmB2YjYuCDYp9iz2Kou\";s:8:\"wrap_tag\";s:0:\"\";s:6:\"format\";s:6:\"base64\";}s:20:\"package-string-3-149\";a:4:{s:9:\"translate\";i:1;s:4:\"data\";s:136:\"2LfYsdin2K3bjCDZiCDYp9is2LHYpzogPGEgc3R5bGU9ImNvbG9yOiAjZmZmOyIgaHJlZj0iaHR0cDovL3d3dy5hZG1laHIuY29tIj7Zh9mE2K/bjNmG2q8g2YXZh9ixPC9hPg==\";s:8:\"wrap_tag\";s:0:\"\";s:6:\"format\";s:6:\"base64\";}}s:4:\"type\";s:4:\"post\";}', '2025-03-18 13:40:53', 0, NULL, NULL, NULL, 1, NULL, NULL, 0);
INSERT INTO `wp_icl_translation_status` (`rid`, `translation_id`, `status`, `translator_id`, `needs_update`, `md5`, `translation_service`, `batch_id`, `translation_package`, `timestamp`, `links_fixed`, `_prevstate`, `uuid`, `tp_id`, `tp_revision`, `ts_status`, `review_status`, `ate_comm_retry_count`) VALUES
(138, 474, 10, 1, 0, 'a323454f96c572b411fd785a29b2428f', 'local', 2, 'a:4:{s:3:\"url\";s:30:\"https://shegarfkaran.com?p=920\";s:5:\"title\";s:68:\"دانشکده فنی حرفه‌ای مهاجر سپاهان شهر\";s:8:\"contents\";a:7:{s:11:\"original_id\";a:2:{s:9:\"translate\";i:0;s:4:\"data\";i:920;}s:5:\"title\";a:3:{s:9:\"translate\";i:1;s:4:\"data\";s:92:\"2K/Yp9mG2LTaqdiv2Ycg2YHZhtuMINit2LHZgdmH4oCM2KfbjCDZhdmH2KfYrNixINiz2b7Yp9mH2KfZhiDYtNmH2LE=\";s:6:\"format\";s:6:\"base64\";}s:4:\"body\";a:3:{s:9:\"translate\";i:0;s:4:\"data\";s:25596:\"[encoded data, 25596 characters]\";s:6:\"format\";s:6:\"base64\";}s:7:\"excerpt\";a:3:{s:9:\"translate\";i:1;s:4:\"data\";s:0:\"\";s:6:\"format\";s:6:\"base64\";}s:4:\"t_17\";a:3:{s:9:\"translate\";i:1;s:4:\"data\";s:48:\"2b7YsdmI2pjZhyDZh9in24wg2LPYp9iu2KrZhdin2YbbjA==\";s:6:\"format\";s:6:\"base64\";}s:8:\"tdesc_17\";a:3:{s:9:\"translate\";i:1;s:4:\"data\";s:0:\"\";s:6:\"format\";s:6:\"base64\";}s:20:\"package-string-4-150\";a:4:{s:9:\"translate\";i:1;s:4:\"data\";s:296:\"PGgyIHN0eWxlPSJ0ZXh0LWFsaWduOiByaWdodDsiPtiv2KfZhti02qnYr9mHINmB2YbbjCDYrdix2YHZhyDYp9uMINmF2YfYp9is2LEg2LPZvtin2YfYp9mGINi02YfYsTwvaDI+PGg0IHN0eWxlPSJ0ZXh0LWFsaWduOiByaWdodDsiPtmF2YjZgti524zYqjog2K/Yp9mG2LTar9in2Ycg2YHZhtuMINit2LHZgdmHINin24wg2K/Yrtiq2LHYp9mG2Ycg2LPZvtin2YfYp9mGINi02YfYsTwvaDQ+\";s:8:\"wrap_tag\";s:0:\"\";s:6:\"format\";s:6:\"base64\";}}s:4:\"type\";s:4:\"post\";}', '2025-03-18 14:49:05', 0, NULL, NULL, NULL, 1, NULL, NULL, 0),
(139, 478, 10, 1, 0, '8977f82695150dbf7d6e28e2f2e3b77f', 'local', 2, 'a:4:{s:3:\"url\";s:30:\"https://shegarfkaran.com?p=905\";s:5:\"title\";s:43:\"کافه کتاب دانشگاه صنعتی\";s:8:\"contents\";a:7:{s:11:\"original_id\";a:2:{s:9:\"translate\";i:0;s:4:\"data\";i:905;}s:5:\"title\";a:3:{s:9:\"translate\";i:1;s:4:\"data\";s:60:\"2qnYp9mB2Ycg2qnYqtin2Kgg2K/Yp9mG2LTar9in2Ycg2LXZhti52KrbjA==\";s:6:\"format\";s:6:\"base64\";}s:4:\"body\";a:3:{s:9:\"translate\";i:0;s:4:\"data\";s:7412:\"[encoded data, 7412 characters]\";s:6:\"format\";s:6:\"base64\";}s:7:\"excerpt\";a:3:{s:9:\"translate\";i:1;s:4:\"data\";s:0:\"\";s:6:\"format\";s:6:\"base64\";}s:4:\"t_26\";a:3:{s:9:\"translate\";i:1;s:4:\"data\";s:48:\"2b7YsdmI2pjZhyDZh9in24wg2LPYp9iu2KrZhdin2YbbjA==\";s:6:\"format\";s:6:\"base64\";}s:8:\"tdesc_26\";a:3:{s:9:\"translate\";i:1;s:4:\"data\";s:0:\"\";s:6:\"format\";s:6:\"base64\";}s:20:\"package-string-5-151\";a:4:{s:9:\"translate\";i:1;s:4:\"data\";s:224:\"PGgyIHN0eWxlPSJ0ZXh0LWFsaWduOiByaWdodDsiPtqp2KfZgdmHINqp2KrYp9ioINiv2KfZhti02q/Yp9mHINi12YbYudiq24w8L2gyPjxoNCBzdHlsZT0idGV4dC1hbGlnbjogcmlnaHQ7Ij7ZhdmI2YLYuduM2Ko6INiv2KfZhti02q/Yp9mHINi12YbYudiq24wg2KfYtdmB2YfYp9mGPC9oND4=\";s:8:\"wrap_tag\";s:0:\"\";s:6:\"format\";s:6:\"base64\";}}s:4:\"type\";s:4:\"post\";}', '2025-03-18 14:56:50', 0, NULL, NULL, NULL, 1, NULL, NULL, 0),
(140, 481, 10, 1, 0, 'd6df450f0ed646006d687616dbddb419', 'local', 2, 'a:4:{s:3:\"url\";s:30:\"https://shegarfkaran.com?p=555\";s:5:\"title\";s:43:\"کانون پرورش فکری کودکان\";s:8:\"contents\";a:7:{s:11:\"original_id\";a:2:{s:9:\"translate\";i:0;s:4:\"data\";i:555;}s:5:\"title\";a:3:{s:9:\"translate\";i:1;s:4:\"data\";s:60:\"2qnYp9mG2YjZhiDZvtix2YjYsdi0INmB2qnYsduMINqp2YjYr9qp2KfZhg==\";s:6:\"format\";s:6:\"base64\";}s:4:\"body\";a:3:{s:9:\"translate\";i:0;s:4:\"data\";s:8192:\"[encoded data, 8192 characters]\";s:6:\"format\";s:6:\"base64\";}s:7:\"excerpt\";a:3:{s:9:\"translate\";i:1;s:4:\"data\";s:0:\"\";s:6:\"format\";s:6:\"base64\";}s:4:\"t_26\";a:3:{s:9:\"translate\";i:1;s:4:\"data\";s:48:\"2b7YsdmI2pjZhyDZh9in24wg2LPYp9iu2KrZhdin2YbbjA==\";s:6:\"format\";s:6:\"base64\";}s:8:\"tdesc_26\";a:3:{s:9:\"translate\";i:1;s:4:\"data\";s:0:\"\";s:6:\"format\";s:6:\"base64\";}s:20:\"package-string-6-152\";a:4:{s:9:\"translate\";i:1;s:4:\"data\";s:208:\"PGgyIHN0eWxlPSJ0ZXh0LWFsaWduOiByaWdodDsiPtqp2KfZhtmI2YYg2b7YsdmI2LHYtCDZgdqp2LHbjCDaqdmI2K/aqdin2YY8L2gyPjxoNCBzdHlsZT0idGV4dC1hbGlnbjogcmlnaHQ7Ij7ZhdmI2YLYuduM2Ko6INiu24zYp9io2KfZhiDaqdin2LTYp9mG24w8L2g0Pg==\";s:8:\"wrap_tag\";s:0:\"\";s:6:\"format\";s:6:\"base64\";}}s:4:\"type\";s:4:\"post\";}', '2025-03-18 15:04:08', 0, NULL, NULL, NULL, 1, NULL, NULL, 0);
INSERT INTO `wp_icl_translation_status` (`rid`, `translation_id`, `status`, `translator_id`, `needs_update`, `md5`, `translation_service`, `batch_id`, `translation_package`, `timestamp`, `links_fixed`, `_prevstate`, `uuid`, `tp_id`, `tp_revision`, `ts_status`, `review_status`, `ate_comm_retry_count`) VALUES
(141, 484, 10, 1, 0, '525bf16eaedc0f28dbab92990fe08de6', 'local', 2, 'a:4:{s:3:\"url\";s:30:\"https://shegarfkaran.com?p=546\";s:5:\"title\";s:72:\"دانشگاه فنی حرفه‌ای دخترانه سپاهان شهر\";s:8:\"contents\";a:7:{s:11:\"original_id\";a:2:{s:9:\"translate\";i:0;s:4:\"data\";i:546;}s:5:\"title\";a:3:{s:9:\"translate\";i:1;s:4:\"data\";s:96:\"2K/Yp9mG2LTar9in2Ycg2YHZhtuMINit2LHZgdmH4oCM2KfbjCDYr9iu2KrYsdin2YbZhyDYs9m+2KfZh9in2YYg2LTZh9ix\";s:6:\"format\";s:6:\"base64\";}s:4:\"body\";a:3:{s:9:\"translate\";i:0;s:4:\"data\";s:3564:\"PGEgZGF0YS1lbGVtZW50b3Itb3Blbi1saWdodGJveD0ieWVzIiBkYXRhLWVsZW1lbnRvci1saWdodGJveC1zbGlkZXNob3c9IjhjYzY1MjAiIGRhdGEtZS1hY3Rpb24taGFzaD0iI2VsZW1lbnRvci1hY3Rpb24lM0FhY3Rpb24lM0RsaWdodGJveCUyNnNldHRpbmdzJTNEZXlKcFpDSTZOVFEzTENKMWNtd2lPaUpvZEhSd2N6cGNMMXd2YzJobFoyRnlabXRoY21GdUxtTnZiVnd2ZDNBdFkyOXVkR1Z1ZEZ3dmRYQnNiMkZrYzF3dk1qQXlOVnd2TUROY0wwUlRRMTgzTmprekxXTnZjSGt1YW5Cbklpd2ljMnhwWkdWemFHOTNJam9pT0dOak5qVXlNQ0o5IiBocmVmPSJodHRwczovL3NoZWdhcmZrYXJhbi5jb20vd3AtY29udGVudC91cGxvYWRzLzIwMjUvMDMvRFNDXzc2OTMtY29weS5qcGciPjxmaWd1cmU+PGltZyBzcmM9Imh0dHBzOi8vc2hlZ2FyZmthcmFuLmNvbS93cC1jb250ZW50L3VwbG9hZHMvMjAyNS8wMy9EU0NfNzY5My1jb3B5LmpwZyIgYWx0PSIiIC8+PC9maWd1cmU+PC9hPjxhIGRhdGEtZWxlbWVudG9yLW9wZW4tbGlnaHRib3g9InllcyIgZGF0YS1lbGVtZW50b3ItbGlnaHRib3gtc2xpZGVzaG93PSI4Y2M2NTIwIiBkYXRhLWUtYWN0aW9uLWhhc2g9IiNlbGVtZW50b3ItYWN0aW9uJTNBYWN0aW9uJTNEbGlnaHRib3glMjZzZXR0aW5ncyUzRGV5SnBaQ0k2TlRRNUxDSjFjbXdpT2lKb2RIUndjenBjTDF3dmMyaGxaMkZ5Wm10aGNtRnVMbU52YlZ3dmQzQXRZMjl1ZEdWdWRGd3ZkWEJzYjJGa2Mxd3ZNakF5TlZ3dk1ETmNMMFJUUTE4M05qZ3lMV052Y0hrdWFuQm5JaXdpYzJ4cFpHVnphRzkzSWpvaU9HTmpOalV5TUNKOSIgaHJlZj0iaHR0cHM6Ly9zaGVnYXJma2FyYW4uY29tL3dwLWNvbnRlbnQvdXBsb2Fkcy8yMDI1LzAzL0RTQ183NjgyLWNvcHkuanBnIj48ZmlndXJlPjxpbWcgc3JjPSJodHRwczovL3NoZWdhcmZrYXJhbi5jb20vd3AtY29udGVudC91cGxvYWRzLzIwMjUvMDMvRFNDXzc2ODItY29weS5qcGciIGFsdD0iIiAvPjwvZmlndXJlPjwvYT48YSBkYXRhLWVsZW1lbnRvci1vcGVuLWxpZ2h0Ym94PSJ5ZXMiIGRhdGEtZWxlbWVudG9yLWxpZ2h0Ym94LXNsaWRlc2hvdz0iOGNjNjUyMCIgZGF0YS1lLWFjdGlvbi1oYXNoPSIjZWxlbWVudG9yLWFjdGlvbiUzQWFjdGlvbiUzRGxpZ2h0Ym94JTI2c2V0dGluZ3MlM0RleUpwWkNJNk5UVXdMQ0oxY213aU9pSm9kSFJ3Y3pwY0wxd3ZjMmhsWjJGeVptdGhjbUZ1TG1OdmJWd3ZkM0F0WTI5dWRHVnVkRnd2ZFhCc2IyRmtjMXd2TWpBeU5Wd3ZNRE5jTDBSVFExODNOamcyTFdOdmNIa3VhbkJuSWl3aWMyeHBaR1Z6YUc5M0lqb2lPR05qTmpVeU1DSjkiIGhyZWY9Imh0dHBzOi8vc2hlZ2FyZmthcmFuLmNvbS93cC1jb250ZW50L3VwbG9hZHMvMjAyNS8wMy9EU0NfNzY4Ni1jb3B5LmpwZyI+PGZpZ3VyZT48aW1nIHNyYz0iaHR0cHM6Ly9zaGVnYXJma2FyYW4uY29tL3dwLWNvbnRlbnQvdXBsb2Fkcy8yMDI1LzAzL0RTQ183Njg2LWNvcHkuanBnIiBhbHQ9IiIgLz48L2ZpZ3VyZT48L2E+CQkJCgkJCQkJCTxzdmcgYXJpYS1oaWRkZW49InRydWUiIHZpZXdCb3g9IjAgMCAxMDAwIDEwMDAiIHhtbG5zPSJodHRwOi8vd3d3LnczLm9yZy8yMDAwL3N2ZyI+PHBhdGggZD0iTTY0NiAxMjVDNjI5IDEyNSA2MTMgMTMzIDYwNCAxNDJMMzA4IDQ0MkMyOTYgNDU0IDI5MiA0NzEgMjkyIDQ4NyAyOTIgNTA0IDI5NiA1MjEgMzA4IDUzM0w2MDQgODU0QzYxNyA4NjcgNjI5IDg3NSA2NDYgODc1IDY2MyA4NzUgNjc5IDg3MSA2OTIgODU4IDcwNCA4NDYgNzEzIDgyOSA3MTMgODEyIDcxMyA3OTYgNzA4IDc3OSA2OTIgNzY3TDQzOCA0ODcgNjkyIDIyNUM3MDAgMjE3IDcwOCAyMDQgNzA4IDE4NyA3MDggMTcxIDcwNCAxNTQgNjkyIDE0MiA2NzUgMTI5IDY2MyAxMjUgNjQ2IDEyNVoiPjwvcGF0aD48L3N2Zz4JCQkJCQoJCQkJCQk8c3ZnIGFyaWEtaGlkZGVuPSJ0cnVlIiB2aWV3Qm94PSIwIDAgMTAwMCAxMDAwIiB4bWxucz0iaHR0cDovL3d3dy53My5vcmcvMjAwMC9zdmciPjxwYXRoIGQ9Ik02OTYgNTMzQzcwOCA1MjEgNzEzIDUwNCA3MTMgNDg3IDcxMyA0NzEgNzA4IDQ1NCA2OTYgNDQ2TDQwMCAxNDZDMzg4IDEzMyAzNzUgMTI1IDM1NCAxMjUgMzM4IDEyNSAzMjUgMTI5IDMxMyAxNDIgMzAwIDE1NCAyOTIgMTcxIDI5MiAxODcgMjkyIDIwNCAyOTYgMjIxIDMwOCAyMzNMNTYzIDQ5MiAzMDQgNzcxQzI5MiA3ODMgMjg4IDgwMCAyODggODE3IDI4OCA4MzMgMjk2IDg1MCAzMDggODYzIDMyMSA4NzEgMzM4IDg3NSAzNTQgODc1IDM3MSA4NzUgMzg4IDg2NyA0MDAgODU0TDY5NiA1MzNaIj48L3BhdGg+PC9zdmc+CQkJCQkKCQkJCQkJCQk8bGluayByZWw9InN0eWxlc2hlZXQiIGlkPSJ3ZC10ZXh0LWJsb2NrLWNzcyIgaHJlZj0iaHR0cHM6Ly9zaGVnYXJma2FyYW4uY29tL3dwLWNvbnRlbnQvdGhlbWVzL3dvb2RtYXJ0L2Nzcy9wYXJ0cy9lbC10ZXh0LWJsb2NrLm1pbi5jc3M/dmVyPTguMC42IiB0eXBlPSJ0ZXh0L2NzcyIgbWVkaWE9ImFsbCIgLz4gCQkJCQkKCQkJPGgyIHN0eWxlPSJ0ZXh0LWFsaWduOiByaWdodDsiPtiv2KfZhti02q/Yp9mHINmB2YbbjCDYrdix2YHZh+KAjNin24wg2K/Yrtiq2LHYp9mG2Ycg2LPZvtin2YfYp9mGINi02YfYsTwvaDI+PGg0IHN0eWxlPSJ0ZXh0LWFsaWduOiByaWdodDsiPtmF2YjZgti524zYqjog2LPZvtin2YfYp9mGINi02YfYsTwvaDQ+\";s:6:\"format\";s:6:\"base64\";}s:7:\"excerpt\";a:3:{s:9:\"translate\";i:1;s:4:\"data\";s:0:\"\";s:6:\"format\";s:6:\"base64\";}s:4:\"t_26\";a:3:{s:9:\"translate\";i:1;s:4:\"data\";s:48:\"2b7YsdmI2pjZhyDZh9in24wg2LPYp9iu2KrZhdin2YbbjA==\";s:6:\"format\";s:6:\"base64\";}s:8:\"tdesc_26\";a:3:{s:9:\"translate\";i:1;s:4:\"data\";s:0:\"\";s:6:\"format\";s:6:\"base64\";}s:20:\"package-string-7-153\";a:4:{s:9:\"translate\";i:1;s:4:\"data\";s:236:\"PGgyIHN0eWxlPSJ0ZXh0LWFsaWduOiByaWdodDsiPtiv2KfZhti02q/Yp9mHINmB2YbbjCDYrdix2YHZh+KAjNin24wg2K/Yrtiq2LHYp9mG2Ycg2LPZvtin2YfYp9mGINi02YfYsTwvaDI+PGg0IHN0eWxlPSJ0ZXh0LWFsaWduOiByaWdodDsiPtmF2YjZgti524zYqjog2LPZvtin2YfYp9mGINi02YfYsTwvaDQ+\";s:8:\"wrap_tag\";s:0:\"\";s:6:\"format\";s:6:\"base64\";}}s:4:\"type\";s:4:\"post\";}', '2025-03-18 15:10:54', 0, NULL, NULL, NULL, 1, NULL, NULL, 0),
(142, 487, 10, 1, 0, '88c99c98a684bc07cb2b28393a70f071', 'local', 2, 'a:4:{s:3:\"url\";s:30:\"https://shegarfkaran.com?p=534\";s:5:\"title\";s:28:\"اداره ثبت احوال\";s:8:\"contents\";a:7:{s:11:\"original_id\";a:2:{s:9:\"translate\";i:0;s:4:\"data\";i:534;}s:5:\"title\";a:3:{s:9:\"translate\";i:1;s:4:\"data\";s:40:\"2KfYr9in2LHZhyDYq9io2Kog2KfYrdmI2KfZhA==\";s:6:\"format\";s:6:\"base64\";}s:4:\"body\";a:3:{s:9:\"translate\";i:0;s:4:\"data\";s:3516:\"PGEgZGF0YS1lbGVtZW50b3Itb3Blbi1saWdodGJveD0ieWVzIiBkYXRhLWVsZW1lbnRvci1saWdodGJveC1zbGlkZXNob3c9ImQ1N2MzYjAiIGRhdGEtZS1hY3Rpb24taGFzaD0iI2VsZW1lbnRvci1hY3Rpb24lM0FhY3Rpb24lM0RsaWdodGJveCUyNnNldHRpbmdzJTNEZXlKcFpDSTZOVE0xTENKMWNtd2lPaUpvZEhSd2N6cGNMMXd2YzJobFoyRnlabXRoY21GdUxtTnZiVnd2ZDNBdFkyOXVkR1Z1ZEZ3dmRYQnNiMkZrYzF3dk1qQXlOVnd2TUROY0wwUlRRMTgzTmprMkxXTnZjSGt1YW5Cbklpd2ljMnhwWkdWemFHOTNJam9pWkRVM1l6TmlNQ0o5IiBocmVmPSJodHRwczovL3NoZWdhcmZrYXJhbi5jb20vd3AtY29udGVudC91cGxvYWRzLzIwMjUvMDMvRFNDXzc2OTYtY29weS5qcGciPjxmaWd1cmU+PGltZyBzcmM9Imh0dHBzOi8vc2hlZ2FyZmthcmFuLmNvbS93cC1jb250ZW50L3VwbG9hZHMvMjAyNS8wMy9EU0NfNzY5Ni1jb3B5LmpwZyIgYWx0PSIiIC8+PC9maWd1cmU+PC9hPjxhIGRhdGEtZWxlbWVudG9yLW9wZW4tbGlnaHRib3g9InllcyIgZGF0YS1lbGVtZW50b3ItbGlnaHRib3gtc2xpZGVzaG93PSJkNTdjM2IwIiBkYXRhLWUtYWN0aW9uLWhhc2g9IiNlbGVtZW50b3ItYWN0aW9uJTNBYWN0aW9uJTNEbGlnaHRib3glMjZzZXR0aW5ncyUzRGV5SnBaQ0k2TlRNM0xDSjFjbXdpT2lKb2RIUndjenBjTDF3dmMyaGxaMkZ5Wm10aGNtRnVMbU52YlZ3dmQzQXRZMjl1ZEdWdWRGd3ZkWEJzYjJGa2Mxd3ZNakF5TlZ3dk1ETmNMMFJUUTE4M056QXlMV052Y0hrdWFuQm5JaXdpYzJ4cFpHVnphRzkzSWpvaVpEVTNZek5pTUNKOSIgaHJlZj0iaHR0cHM6Ly9zaGVnYXJma2FyYW4uY29tL3dwLWNvbnRlbnQvdXBsb2Fkcy8yMDI1LzAzL0RTQ183NzAyLWNvcHkuanBnIj48ZmlndXJlPjxpbWcgc3JjPSJodHRwczovL3NoZWdhcmZrYXJhbi5jb20vd3AtY29udGVudC91cGxvYWRzLzIwMjUvMDMvRFNDXzc3MDItY29weS5qcGciIGFsdD0iIiAvPjwvZmlndXJlPjwvYT48YSBkYXRhLWVsZW1lbnRvci1vcGVuLWxpZ2h0Ym94PSJ5ZXMiIGRhdGEtZWxlbWVudG9yLWxpZ2h0Ym94LXNsaWRlc2hvdz0iZDU3YzNiMCIgZGF0YS1lLWFjdGlvbi1oYXNoPSIjZWxlbWVudG9yLWFjdGlvbiUzQWFjdGlvbiUzRGxpZ2h0Ym94JTI2c2V0dGluZ3MlM0RleUpwWkNJNk5UTTRMQ0oxY213aU9pSm9kSFJ3Y3pwY0wxd3ZjMmhsWjJGeVptdGhjbUZ1TG1OdmJWd3ZkM0F0WTI5dWRHVnVkRnd2ZFhCc2IyRmtjMXd2TWpBeU5Wd3ZNRE5jTDBSVFExODNOekF6TFdOdmNIa3VhbkJuSWl3aWMyeHBaR1Z6YUc5M0lqb2laRFUzWXpOaU1DSjkiIGhyZWY9Imh0dHBzOi8vc2hlZ2FyZmthcmFuLmNvbS93cC1jb250ZW50L3VwbG9hZHMvMjAyNS8wMy9EU0NfNzcwMy1jb3B5LmpwZyI+PGZpZ3VyZT48aW1nIHNyYz0iaHR0cHM6Ly9zaGVnYXJma2FyYW4uY29tL3dwLWNvbnRlbnQvdXBsb2Fkcy8yMDI1LzAzL0RTQ183NzAzLWNvcHkuanBnIiBhbHQ9IiIgLz48L2ZpZ3VyZT48L2E+CQkJCgkJCQkJCTxzdmcgYXJpYS1oaWRkZW49InRydWUiIHZpZXdCb3g9IjAgMCAxMDAwIDEwMDAiIHhtbG5zPSJodHRwOi8vd3d3LnczLm9yZy8yMDAwL3N2ZyI+PHBhdGggZD0iTTY0NiAxMjVDNjI5IDEyNSA2MTMgMTMzIDYwNCAxNDJMMzA4IDQ0MkMyOTYgNDU0IDI5MiA0NzEgMjkyIDQ4NyAyOTIgNTA0IDI5NiA1MjEgMzA4IDUzM0w2MDQgODU0QzYxNyA4NjcgNjI5IDg3NSA2NDYgODc1IDY2MyA4NzUgNjc5IDg3MSA2OTIgODU4IDcwNCA4NDYgNzEzIDgyOSA3MTMgODEyIDcxMyA3OTYgNzA4IDc3OSA2OTIgNzY3TDQzOCA0ODcgNjkyIDIyNUM3MDAgMjE3IDcwOCAyMDQgNzA4IDE4NyA3MDggMTcxIDcwNCAxNTQgNjkyIDE0MiA2NzUgMTI5IDY2MyAxMjUgNjQ2IDEyNVoiPjwvcGF0aD48L3N2Zz4JCQkJCQoJCQkJCQk8c3ZnIGFyaWEtaGlkZGVuPSJ0cnVlIiB2aWV3Qm94PSIwIDAgMTAwMCAxMDAwIiB4bWxucz0iaHR0cDovL3d3dy53My5vcmcvMjAwMC9zdmciPjxwYXRoIGQ9Ik02OTYgNTMzQzcwOCA1MjEgNzEzIDUwNCA3MTMgNDg3IDcxMyA0NzEgNzA4IDQ1NCA2OTYgNDQ2TDQwMCAxNDZDMzg4IDEzMyAzNzUgMTI1IDM1NCAxMjUgMzM4IDEyNSAzMjUgMTI5IDMxMyAxNDIgMzAwIDE1NCAyOTIgMTcxIDI5MiAxODcgMjkyIDIwNCAyOTYgMjIxIDMwOCAyMzNMNTYzIDQ5MiAzMDQgNzcxQzI5MiA3ODMgMjg4IDgwMCAyODggODE3IDI4OCA4MzMgMjk2IDg1MCAzMDggODYzIDMyMSA4NzEgMzM4IDg3NSAzNTQgODc1IDM3MSA4NzUgMzg4IDg2NyA0MDAgODU0TDY5NiA1MzNaIj48L3BhdGg+PC9zdmc+CQkJCQkKCQkJCQkJCQk8bGluayByZWw9InN0eWxlc2hlZXQiIGlkPSJ3ZC10ZXh0LWJsb2NrLWNzcyIgaHJlZj0iaHR0cHM6Ly9zaGVnYXJma2FyYW4uY29tL3dwLWNvbnRlbnQvdGhlbWVzL3dvb2RtYXJ0L2Nzcy9wYXJ0cy9lbC10ZXh0LWJsb2NrLm1pbi5jc3M/dmVyPTguMC42IiB0eXBlPSJ0ZXh0L2NzcyIgbWVkaWE9ImFsbCIgLz4gCQkJCQkKCQkJPGgyIHN0eWxlPSJ0ZXh0LWFsaWduOiByaWdodDsiPtin2K/Yp9ix2Ycg2KvYqNiqINin2K3ZiNin2YQ8L2gyPjxoNCBzdHlsZT0idGV4dC1hbGlnbjogcmlnaHQ7Ij7ZhdmI2YLYuduM2Ko6INiu24zYp9io2KfZhiDbstuyINio2YfZhdmGPC9oND4=\";s:6:\"format\";s:6:\"base64\";}s:7:\"excerpt\";a:3:{s:9:\"translate\";i:1;s:4:\"data\";s:0:\"\";s:6:\"format\";s:6:\"base64\";}s:4:\"t_26\";a:3:{s:9:\"translate\";i:1;s:4:\"data\";s:48:\"2b7YsdmI2pjZhyDZh9in24wg2LPYp9iu2KrZhdin2YbbjA==\";s:6:\"format\";s:6:\"base64\";}s:8:\"tdesc_26\";a:3:{s:9:\"translate\";i:1;s:4:\"data\";s:0:\"\";s:6:\"format\";s:6:\"base64\";}s:20:\"package-string-8-154\";a:4:{s:9:\"translate\";i:1;s:4:\"data\";s:188:\"PGgyIHN0eWxlPSJ0ZXh0LWFsaWduOiByaWdodDsiPtin2K/Yp9ix2Ycg2KvYqNiqINin2K3ZiNin2YQ8L2gyPjxoNCBzdHlsZT0idGV4dC1hbGlnbjogcmlnaHQ7Ij7ZhdmI2YLYuduM2Ko6INiu24zYp9io2KfZhiDbstuyINio2YfZhdmGPC9oND4=\";s:8:\"wrap_tag\";s:0:\"\";s:6:\"format\";s:6:\"base64\";}}s:4:\"type\";s:4:\"post\";}', '2025-03-18 15:17:37', 0, NULL, NULL, NULL, 1, NULL, NULL, 0),
(143, 490, 10, 1, 0, '6faa263f75b01fb1c6d7b943470749b1', 'local', 2, 'a:4:{s:3:\"url\";s:30:\"https://shegarfkaran.com?p=527\";s:5:\"title\";s:25:\"دبیرستان نرجس\";s:8:\"contents\";a:7:{s:11:\"original_id\";a:2:{s:9:\"translate\";i:0;s:4:\"data\";i:527;}s:5:\"title\";a:3:{s:9:\"translate\";i:1;s:4:\"data\";s:36:\"2K/YqNuM2LHYs9iq2KfZhiDZhtix2KzYsw==\";s:6:\"format\";s:6:\"base64\";}s:4:\"body\";a:3:{s:9:\"translate\";i:0;s:4:\"data\";s:2844:\"PGEgZGF0YS1lbGVtZW50b3Itb3Blbi1saWdodGJveD0ieWVzIiBkYXRhLWVsZW1lbnRvci1saWdodGJveC1zbGlkZXNob3c9ImI2N2E3YzkiIGRhdGEtZS1hY3Rpb24taGFzaD0iI2VsZW1lbnRvci1hY3Rpb24lM0FhY3Rpb24lM0RsaWdodGJveCUyNnNldHRpbmdzJTNEZXlKcFpDSTZOVE13TENKMWNtd2lPaUpvZEhSd2N6cGNMMXd2YzJobFoyRnlabXRoY21GdUxtTnZiVnd2ZDNBdFkyOXVkR1Z1ZEZ3dmRYQnNiMkZrYzF3dk1qQXlOVnd2TUROY0wwUlRRMTgzTmpVMkxXTnZjSGt1YW5Cbklpd2ljMnhwWkdWemFHOTNJam9pWWpZM1lUZGpPU0o5IiBocmVmPSJodHRwczovL3NoZWdhcmZrYXJhbi5jb20vd3AtY29udGVudC91cGxvYWRzLzIwMjUvMDMvRFNDXzc2NTYtY29weS5qcGciPjxmaWd1cmU+PGltZyBzcmM9Imh0dHBzOi8vc2hlZ2FyZmthcmFuLmNvbS93cC1jb250ZW50L3VwbG9hZHMvMjAyNS8wMy9EU0NfNzY1Ni1jb3B5LmpwZyIgYWx0PSIiIC8+PC9maWd1cmU+PC9hPjxhIGRhdGEtZWxlbWVudG9yLW9wZW4tbGlnaHRib3g9InllcyIgZGF0YS1lbGVtZW50b3ItbGlnaHRib3gtc2xpZGVzaG93PSJiNjdhN2M5IiBkYXRhLWUtYWN0aW9uLWhhc2g9IiNlbGVtZW50b3ItYWN0aW9uJTNBYWN0aW9uJTNEbGlnaHRib3glMjZzZXR0aW5ncyUzRGV5SnBaQ0k2TlRJNUxDSjFjbXdpT2lKb2RIUndjenBjTDF3dmMyaGxaMkZ5Wm10aGNtRnVMbU52YlZ3dmQzQXRZMjl1ZEdWdWRGd3ZkWEJzYjJGa2Mxd3ZNakF5TlZ3dk1ETmNMMFJUUTE4M05qVTRMV052Y0hrdWFuQm5JaXdpYzJ4cFpHVnphRzkzSWpvaVlqWTNZVGRqT1NKOSIgaHJlZj0iaHR0cHM6Ly9zaGVnYXJma2FyYW4uY29tL3dwLWNvbnRlbnQvdXBsb2Fkcy8yMDI1LzAzL0RTQ183NjU4LWNvcHkuanBnIj48ZmlndXJlPjxpbWcgc3JjPSJodHRwczovL3NoZWdhcmZrYXJhbi5jb20vd3AtY29udGVudC91cGxvYWRzLzIwMjUvMDMvRFNDXzc2NTgtY29weS5qcGciIGFsdD0iIiAvPjwvZmlndXJlPjwvYT4JCQkKCQkJCQkJPHN2ZyBhcmlhLWhpZGRlbj0idHJ1ZSIgdmlld0JveD0iMCAwIDEwMDAgMTAwMCIgeG1sbnM9Imh0dHA6Ly93d3cudzMub3JnLzIwMDAvc3ZnIj48cGF0aCBkPSJNNjQ2IDEyNUM2MjkgMTI1IDYxMyAxMzMgNjA0IDE0MkwzMDggNDQyQzI5NiA0NTQgMjkyIDQ3MSAyOTIgNDg3IDI5MiA1MDQgMjk2IDUyMSAzMDggNTMzTDYwNCA4NTRDNjE3IDg2NyA2MjkgODc1IDY0NiA4NzUgNjYzIDg3NSA2NzkgODcxIDY5MiA4NTggNzA0IDg0NiA3MTMgODI5IDcxMyA4MTIgNzEzIDc5NiA3MDggNzc5IDY5MiA3NjdMNDM4IDQ4NyA2OTIgMjI1QzcwMCAyMTcgNzA4IDIwNCA3MDggMTg3IDcwOCAxNzEgNzA0IDE1NCA2OTIgMTQyIDY3NSAxMjkgNjYzIDEyNSA2NDYgMTI1WiI+PC9wYXRoPjwvc3ZnPgkJCQkJCgkJCQkJCTxzdmcgYXJpYS1oaWRkZW49InRydWUiIHZpZXdCb3g9IjAgMCAxMDAwIDEwMDAiIHhtbG5zPSJodHRwOi8vd3d3LnczLm9yZy8yMDAwL3N2ZyI+PHBhdGggZD0iTTY5NiA1MzNDNzA4IDUyMSA3MTMgNTA0IDcxMyA0ODcgNzEzIDQ3MSA3MDggNDU0IDY5NiA0NDZMNDAwIDE0NkMzODggMTMzIDM3NSAxMjUgMzU0IDEyNSAzMzggMTI1IDMyNSAxMjkgMzEzIDE0MiAzMDAgMTU0IDI5MiAxNzEgMjkyIDE4NyAyOTIgMjA0IDI5NiAyMjEgMzA4IDIzM0w1NjMgNDkyIDMwNCA3NzFDMjkyIDc4MyAyODggODAwIDI4OCA4MTcgMjg4IDgzMyAyOTYgODUwIDMwOCA4NjMgMzIxIDg3MSAzMzggODc1IDM1NCA4NzUgMzcxIDg3NSAzODggODY3IDQwMCA4NTRMNjk2IDUzM1oiPjwvcGF0aD48L3N2Zz4JCQkJCQoJCQkJCQkJCTxsaW5rIHJlbD0ic3R5bGVzaGVldCIgaWQ9IndkLXRleHQtYmxvY2stY3NzIiBocmVmPSJodHRwczovL3NoZWdhcmZrYXJhbi5jb20vd3AtY29udGVudC90aGVtZXMvd29vZG1hcnQvY3NzL3BhcnRzL2VsLXRleHQtYmxvY2subWluLmNzcz92ZXI9OC4wLjYiIHR5cGU9InRleHQvY3NzIiBtZWRpYT0iYWxsIiAvPiAJCQkJCQoJCQk8aDIgc3R5bGU9InRleHQtYWxpZ246IHJpZ2h0OyI+2K/YqNuM2LHYs9iq2KfZhiDZhtix2KzYszwvaDI+PGg0IHN0eWxlPSJ0ZXh0LWFsaWduOiByaWdodDsiPtmF2YjZgti524zYqjog2K7bjNin2KjYp9mGINii2KrYtNqv2KfZhzwvaDQ+\";s:6:\"format\";s:6:\"base64\";}s:7:\"excerpt\";a:3:{s:9:\"translate\";i:1;s:4:\"data\";s:0:\"\";s:6:\"format\";s:6:\"base64\";}s:4:\"t_26\";a:3:{s:9:\"translate\";i:1;s:4:\"data\";s:48:\"2b7YsdmI2pjZhyDZh9in24wg2LPYp9iu2KrZhdin2YbbjA==\";s:6:\"format\";s:6:\"base64\";}s:8:\"tdesc_26\";a:3:{s:9:\"translate\";i:1;s:4:\"data\";s:0:\"\";s:6:\"format\";s:6:\"base64\";}s:20:\"package-string-9-155\";a:4:{s:9:\"translate\";i:1;s:4:\"data\";s:184:\"PGgyIHN0eWxlPSJ0ZXh0LWFsaWduOiByaWdodDsiPtiv2KjbjNix2LPYqtin2YYg2YbYsdis2LM8L2gyPjxoNCBzdHlsZT0idGV4dC1hbGlnbjogcmlnaHQ7Ij7ZhdmI2YLYuduM2Ko6INiu24zYp9io2KfZhiDYotiq2LTar9in2Yc8L2g0Pg==\";s:8:\"wrap_tag\";s:0:\"\";s:6:\"format\";s:6:\"base64\";}}s:4:\"type\";s:4:\"post\";}', '2025-03-18 15:25:56', 0, NULL, NULL, NULL, 1, NULL, NULL, 0),
(144, 493, 10, 1, 0, 'e1d08cb97b13889db4059e4d8076b7da', 'local', 2, 'a:4:{s:3:\"url\";s:36:\"https://shegarfkaran.com?page_id=572\";s:5:\"title\";s:36:\"پروژه‌های ساختمانی\";s:8:\"contents\";a:10:{s:11:\"original_id\";a:2:{s:9:\"translate\";i:0;s:4:\"data\";i:572;}s:5:\"title\";a:3:{s:9:\"translate\";i:1;s:4:\"data\";s:48:\"2b7YsdmI2pjZh+KAjNmH2KfbjCDYs9in2K7YqtmF2KfZhtuM\";s:6:\"format\";s:6:\"base64\";}s:4:\"body\";a:3:{s:9:\"translate\";i:0;s:4:\"data\";s:0:\"\";s:6:\"format\";s:6:\"base64\";}s:7:\"excerpt\";a:3:{s:9:\"translate\";i:1;s:4:\"data\";s:0:\"\";s:6:\"format\";s:6:\"base64\";}s:21:\"package-string-10-156\";a:4:{s:9:\"translate\";i:1;s:4:\"data\";s:32:\"2KfYr9in2YXZhyDZhdi32YTYqCDCuw==\";s:8:\"wrap_tag\";s:0:\"\";s:6:\"format\";s:6:\"base64\";}s:21:\"package-string-10-157\";a:4:{s:9:\"translate\";i:1;s:4:\"data\";s:32:\"2KfYr9in2YXZhyDZhdi32YTYqCDCuw==\";s:8:\"wrap_tag\";s:0:\"\";s:6:\"format\";s:6:\"base64\";}s:21:\"package-string-10-158\";a:4:{s:9:\"translate\";i:1;s:4:\"data\";s:12:\"2YLYqNmE24w=\";s:8:\"wrap_tag\";s:0:\"\";s:6:\"format\";s:6:\"base64\";}s:21:\"package-string-10-159\";a:4:{s:9:\"translate\";i:1;s:4:\"data\";s:12:\"2KjYudiv24w=\";s:8:\"wrap_tag\";s:0:\"\";s:6:\"format\";s:6:\"base64\";}s:21:\"package-string-10-160\";a:4:{s:9:\"translate\";i:1;s:4:\"data\";s:36:\"2KjYp9ix2q/YsNin2LHbjCDYqNuM2LTYqtix\";s:8:\"wrap_tag\";s:0:\"\";s:6:\"format\";s:6:\"base64\";}s:21:\"package-string-10-161\";a:4:{s:9:\"translate\";i:1;s:4:\"data\";s:88:\"2YbZiNi02KrZhyDbjCDYr9uM2q/YsduMINio2LHYp9uMINmG2YXYp9uM2LQg2YjYrNmI2K8g2YbYr9in2LHYrw==\";s:8:\"wrap_tag\";s:0:\"\";s:6:\"format\";s:6:\"base64\";}}s:4:\"type\";s:4:\"post\";}', '2025-03-18 15:34:33', 0, NULL, NULL, NULL, 1, NULL, NULL, 0),
(145, 496, 10, 1, 0, '3da759c8f22e897d1952ed847d185549', 'local', 2, 'a:4:{s:3:\"url\";s:35:\"https://shegarfkaran.com?page_id=32\";s:5:\"title\";s:17:\"درباره ما\";s:8:\"contents\";a:6:{s:11:\"original_id\";a:2:{s:9:\"translate\";i:0;s:4:\"data\";i:32;}s:5:\"title\";a:3:{s:9:\"translate\";i:1;s:4:\"data\";s:24:\"2K/Ysdio2KfYsdmHINmF2Kc=\";s:6:\"format\";s:6:\"base64\";}s:4:\"body\";a:3:{s:9:\"translate\";i:0;s:4:\"data\";s:1616:\"PCEtLSB3cDpoZWFkaW5nIHsibGV2ZWwiOjF9IC0tPgo8aDEgY2xhc3M9IndwLWJsb2NrLWhlYWRpbmciPtiv2LHYqNin2LHZhyDZhdinPC9oMT4KPCEtLSAvd3A6aGVhZGluZyAtLT4KCjwhLS0gd3A6cGFyYWdyYXBoIC0tPgo8cD48cCBzdHlsZT0iZm9udC1zaXplOjE3cHg7dGV4dC1hbGlnbjpqdXN0aWZ5Ij7YtNix2qnYqiDYtNqv2LHZgSDaqdin2LHYp9mGINi12YbYudiqINin2LIg2LPYp9mEINux27PbuNu1INmB2LnYp9mE24zYqiDYrtmI2K8g2LHYpyDYr9ixINiy2YXbjNmG2Ycg24wg2LPYp9iu2Kog2Ygg2KfYrNix2KfbjCDYs9in2K7YqtmF2KfZhiDYoti62KfYsiDaqdix2K/ZhyDZiCDYqtmI2KfZhtiz2KrZhyDYp9iz2Kog2KrYpyDYqNmHINin2YXYsdmI2LIg2b7YsdmI2pjZhyDZh9in24wg2YXYs9qp2YjZhtuMINiq2KzYp9ix24wg2Ygg2KfYr9in2LHbjCDZhdiq2LnYr9iv24wg2LHYpyDYqNmHINm+2KfbjNin2YYg2KjYsdiz2KfZhtivLiDYp9iyINiz2KfZhCDbsdu027DbsCDYqNinINiq2YjYrNmHINio2Ycg2KfZh9mF24zYqiDZhdmI2LbZiNi5INmF2K3bjNi3INiy24zYs9iqINmIINiq2LrbjNuM2LEg2K/YsSDYp9qp2YjYs9uM2LPbjNiq2YUg2Ygg2KfZgtmE24zZhSDYqNixINii2YYg2LTYr9uM2YUg2KrYpyDYqNinINmH2YXaqdin2LHbjCDYqNinINiv2KfZhti02q/Yp9mH2YfYp9uMINmF2LnYqtio2LEg2KfYsiDYrNmF2YTZhyDYr9in2YbYtNqv2KfZhyDYtdmG2LnYqtuMINin2LXZgdmH2KfZhiDZiCDYp9iz2KrZgdin2K/ZhyDYp9iyINiv2KfZhti0INmF2KrYrti12LXbjNmGINmF2YjYttmI2Lkg2qnYtNin2YjYsdiy24wg2LTZh9ix24wg2LHYpyDYqNmHINiz2KfYrtiq2YXYp9mG2YfYpyDYp9i22KfZgdmHINqp2YbbjNmFINmIINin24zZhiDZhdmH2YUg2LHYpyDYp9mI2YTZiNuM2Kog2K7ZiNivINmC2LHYp9ixINiv2KfYr9mHINmIINiv2LEg2KfbjNmGINix2KfZhyDYqNinINin2KzYsdin24wg2K/bjNmI2KfYsSDYs9io2LLZh9in24wg2YXYqtmB2KfZiNiqINmIINqv2YTYrtin2YbZhyDZh9in24wg2qnYsdmI24wg2LTaqdmEINiv2LEg2K/Yp9iu2YQg2LPYp9iu2KrZhdin2YYg2KrZiNin2YbYs9iq24zZhSDZvtuM2LQg2YLYr9mFINio2KfYtNuM2YUuPC9wPjwvcD4KPCEtLSAvd3A6cGFyYWdyYXBoIC0tPgoKPCEtLSB3cDpwYXJhZ3JhcGggLS0+CjxwPjwvcD4KPCEtLSAvd3A6cGFyYWdyYXBoIC0tPg==\";s:6:\"format\";s:6:\"base64\";}s:7:\"excerpt\";a:3:{s:9:\"translate\";i:1;s:4:\"data\";s:0:\"\";s:6:\"format\";s:6:\"base64\";}s:21:\"package-string-11-162\";a:4:{s:9:\"translate\";i:1;s:4:\"data\";s:24:\"2K/Ysdio2KfYsdmHINmF2Kc=\";s:8:\"wrap_tag\";s:2:\"h1\";s:6:\"format\";s:6:\"base64\";}s:21:\"package-string-11-163\";a:4:{s:9:\"translate\";i:1;s:4:\"data\";s:1268:\"2LTYsdqp2Kog2LTar9ix2YEg2qnYp9ix2KfZhiDYtdmG2LnYqiDYp9iyINiz2KfZhCDbsduz27jbtSDZgdi52KfZhNuM2Kog2K7ZiNivINix2Kcg2K/YsSDYstmF24zZhtmHINuMINiz2KfYrtiqINmIINin2KzYsdin24wg2LPYp9iu2KrZhdin2YYg2KLYutin2LIg2qnYsdiv2Ycg2Ygg2KrZiNin2YbYs9iq2Ycg2KfYs9iqINiq2Kcg2KjZhyDYp9mF2LHZiNiyINm+2LHZiNqY2Ycg2YfYp9uMINmF2LPaqdmI2YbbjCDYqtis2KfYsduMINmIINin2K/Yp9ix24wg2YXYqti52K/Yr9uMINix2Kcg2KjZhyDZvtin24zYp9mGINio2LHYs9in2YbYry4g2KfYsiDYs9in2YQg27HbtNuw27Ag2KjYpyDYqtmI2KzZhyDYqNmHINin2YfZhduM2Kog2YXZiNi22YjYuSDZhdit24zYtyDYstuM2LPYqiDZiCDYqti624zbjNixINiv2LEg2KfaqdmI2LPbjNiz24zYqtmFINmIINin2YLZhNuM2YUg2KjYsSDYotmGINi02K/bjNmFINiq2Kcg2KjYpyDZh9mF2qnYp9ix24wg2KjYpyDYr9in2YbYtNqv2KfZh9mH2KfbjCDZhdi52KrYqNixINin2LIg2KzZhdmE2Ycg2K/Yp9mG2LTar9in2Ycg2LXZhti52KrbjCDYp9i12YHZh9in2YYg2Ygg2KfYs9iq2YHYp9iv2Ycg2KfYsiDYr9in2YbYtCDZhdiq2K7Ytdi124zZhiDZhdmI2LbZiNi5INqp2LTYp9mI2LHYstuMINi02YfYsduMINix2Kcg2KjZhyDYs9in2K7YqtmF2KfZhtmH2Kcg2KfYttin2YHZhyDaqdmG24zZhSDZiCDYp9uM2YYg2YXZh9mFINix2Kcg2KfZiNmE2YjbjNiqINiu2YjYryDZgtix2KfYsSDYr9in2K/ZhyDZiCDYr9ixINin24zZhiDYsdin2Ycg2KjYpyDYp9is2LHYp9uMINiv24zZiNin2LEg2LPYqNiy2YfYp9uMINmF2KrZgdin2YjYqiDZiCDar9mE2K7Yp9mG2Ycg2YfYp9uMINqp2LHZiNuMINi02qnZhCDYr9ixINiv2KfYrtmEINiz2KfYrtiq2YXYp9mGINiq2YjYp9mG2LPYqtuM2YUg2b7bjNi0INmC2K/ZhSDYqNin2LTbjNmFLg==\";s:8:\"wrap_tag\";s:0:\"\";s:6:\"format\";s:6:\"base64\";}}s:4:\"type\";s:4:\"post\";}', '2025-03-18 15:50:38', 0, NULL, NULL, NULL, 1, NULL, NULL, 0),
(146, 499, 10, 1, 0, 'e727f449b42e492da5ceabd1783114d8', 'local', 2, 'a:4:{s:3:\"url\";s:35:\"https://shegarfkaran.com?page_id=30\";s:5:\"title\";s:18:\"تماس با ما\";s:8:\"contents\";a:6:{s:11:\"original_id\";a:2:{s:9:\"translate\";i:0;s:4:\"data\";i:30;}s:5:\"title\";a:3:{s:9:\"translate\";i:1;s:4:\"data\";s:24:\"2KrZhdin2LMg2KjYpyDZhdin\";s:6:\"format\";s:6:\"base64\";}s:4:\"body\";a:3:{s:9:\"translate\";i:0;s:4:\"data\";s:1228:\"PGxpbmsgcmVsPSJzdHlsZXNoZWV0IiBpZD0id2QtdGV4dC1ibG9jay1jc3MiIGhyZWY9Imh0dHBzOi8vc2hlZ2FyZmthcmFuLmNvbS93cC1jb250ZW50L3RoZW1lcy93b29kbWFydC9jc3MvcGFydHMvZWwtdGV4dC1ibG9jay5taW4uY3NzP3Zlcj04LjAuNiIgdHlwZT0idGV4dC9jc3MiIG1lZGlhPSJhbGwiIC8+IAkJCQkJCgkJCTxoMyBzdHlsZT0idGV4dC1hbGlnbjogcmlnaHQ7Ij48c3Ryb25nPtii2K/YsdizOjwvc3Ryb25nPiDYp9i12YHZh9in2YbYjCDahtmH2KfYsdio2KfYuiDYqNin2YTYp9iMINmF2KzYqtmF2Lkg2qnZiNir2LHYjCDZgdin2LIg24zaqdiMINi32KjZgtmHINuz2Iwg2YjYp9it2K8g27XbsNu3PC9oMz48aDMgc3R5bGU9InRleHQtYWxpZ246IHJpZ2h0OyI+2LTZhdin2LHZhyDYqtmF2KfYszogMDkxMzEyNjY4OTI8L2gzPjxoMyBzdHlsZT0idGV4dC1hbGlnbjogcmlnaHQ7Ij7Yp9uM2YXbjNmEOiBpbmZvQHNoZWdhcmZrYXJhbi5jb208L2gzPgoJCQk8aWZyYW1lIHNyYz0iaHR0cHM6Ly93d3cuZ29vZ2xlLmNvbS9tYXBzL2VtYmVkP3BiPSExbTI0ITFtMTIhMW0zITFkNzE1MS4wNzA2NTc0NTUzNzUhMmQ1MS42NjcxMzgyODk1NzI0OCEzZDMyLjY0Mjg2Njk0Njg4MTk4ITJtMyExZjAhMmYwITNmMCEzbTIhMWkxMDI0ITJpNzY4ITRmMTMuMSE0bTkhM2U2ITRtMyEzbTIhMWQzMi42NDIwMjA4ITJkNTEuNjY2NTkwMTk5OTk5OTk1ITRtMyEzbTIhMWQzMi42NDE1OTc4ITJkNTEuNjY2NjEzITVlMCEzbTIhMXNlbiEycyE0djE3NDE1NTk3NjQxMTghNW0yITFzZW4hMnMiIHdpZHRoPSIxMDAlIiBoZWlnaHQ9IjQ1MCIgc3R5bGU9ImJvcmRlcjowOyIgYWxsb3dmdWxsc2NyZWVuPSIiIGxvYWRpbmc9ImxhenkiIHJlZmVycmVycG9saWN5PSJuby1yZWZlcnJlci13aGVuLWRvd25ncmFkZSI+PC9pZnJhbWU+\";s:6:\"format\";s:6:\"base64\";}s:7:\"excerpt\";a:3:{s:9:\"translate\";i:1;s:4:\"data\";s:0:\"\";s:6:\"format\";s:6:\"base64\";}s:21:\"package-string-12-164\";a:4:{s:9:\"translate\";i:1;s:4:\"data\";s:556:\"PGgzIHN0eWxlPSJ0ZXh0LWFsaWduOiByaWdodDsiPjxzdHJvbmc+PHNwYW4gc3R5bGU9ImNvbG9yOiAjYmU5YjU3OyI+2KLYr9ix2LM6PC9zcGFuPjwvc3Ryb25nPiDYp9i12YHZh9in2YbYjCDahtmH2KfYsdio2KfYuiDYqNin2YTYp9iMINmF2KzYqtmF2Lkg2qnZiNir2LHYjCDZgdin2LIg24zaqdiMINi32KjZgtmHINuz2Iwg2YjYp9it2K8g27XbsNu3PC9oMz48aDMgc3R5bGU9InRleHQtYWxpZ246IHJpZ2h0OyI+PHNwYW4gc3R5bGU9ImNvbG9yOiAjYmU5YjU3OyI+2LTZhdin2LHZhyDYqtmF2KfYszo8L3NwYW4+IDA5MTMxMjY2ODkyPC9oMz48aDMgc3R5bGU9InRleHQtYWxpZ246IHJpZ2h0OyI+PHNwYW4gc3R5bGU9ImNvbG9yOiAjYmU5YjU3OyI+2KfbjNmF24zZhDo8L3NwYW4+IGluZm9Ac2hlZ2FyZmthcmFuLmNvbTwvaDM+\";s:8:\"wrap_tag\";s:0:\"\";s:6:\"format\";s:6:\"base64\";}s:21:\"package-string-12-165\";a:4:{s:9:\"translate\";i:1;s:4:\"data\";s:568:\"PGlmcmFtZSBzcmM9Imh0dHBzOi8vd3d3Lmdvb2dsZS5jb20vbWFwcy9lbWJlZD9wYj0hMW0yNCExbTEyITFtMyExZDcxNTEuMDcwNjU3NDU1Mzc1ITJkNTEuNjY3MTM4Mjg5NTcyNDghM2QzMi42NDI4NjY5NDY4ODE5OCEybTMhMWYwITJmMCEzZjAhM20yITFpMTAyNCEyaTc2OCE0ZjEzLjEhNG05ITNlNiE0bTMhM20yITFkMzIuNjQyMDIwOCEyZDUxLjY2NjU5MDE5OTk5OTk5NSE0bTMhM20yITFkMzIuNjQxNTk3OCEyZDUxLjY2NjYxMyE1ZTAhM20yITFzZW4hMnMhNHYxNzQxNTU5NzY0MTE4ITVtMiExc2VuITJzIiB3aWR0aD0iMTAwJSIgaGVpZ2h0PSI0NTAiIHN0eWxlPSJib3JkZXI6MDsiIGFsbG93ZnVsbHNjcmVlbj0iIiBsb2FkaW5nPSJsYXp5IiByZWZlcnJlcnBvbGljeT0ibm8tcmVmZXJyZXItd2hlbi1kb3duZ3JhZGUiPjwvaWZyYW1lPg==\";s:8:\"wrap_tag\";s:0:\"\";s:6:\"format\";s:6:\"base64\";}}s:4:\"type\";s:4:\"post\";}', '2025-03-18 16:10:55', 0, NULL, NULL, NULL, 1, NULL, NULL, 0),
(147, 509, 9, 0, 0, '', '', 0, '', '2026-05-26 09:13:05', 0, NULL, NULL, NULL, 1, NULL, NULL, 0);

-- --------------------------------------------------------

--
