INSERT INTO `wp_icl_translate` (`tid`, `job_id`, `content_id`, `timestamp`, `field_type`, `field_wrap_tag`, `field_format`, `field_translate`, `field_data`, `field_data_translated`, `field_finished`) VALUES
(3297, 25, 0, '2026-01-04 21:29:17', 'package-string-5-1136', '', 'base64', 1, '2LXZhtin24zYuSDahtmI2Kgg2qnZhNin2LPbjNqpINuM2qnbjCDYp9iyINmF2KfZhtiv2q/Yp9ix2KrYsduM2YYg2Ygg2LLbjNio2KfYqtix24zZhiDYs9io2qnigIzZh9inINiv2LEg2LfYsdin2K3bjCDYr9in2K7ZhNuMINmIINiv2qnZiNix2KfYs9uM2YjZhiDYp9iz2Kog2qnZhyDYp9iyINmC2LHZhuKAjNmH2Kcg2b7bjNi0INiq2Kcg2KfZhdix2YjYsiDYt9ix2YHYr9in2LHYp9mGINiu2YjYryDYsdinINit2YHYuCDaqdix2K/ZhyDYp9iz2KouINin24zZhiDYs9io2qkg2KjYpyDYp9mE2YfYp9mFINin2LIg2YfZhtixINmIINmF2LnZhdin2LHbjCDYr9mI2LHZh+KAjNmH2KfbjCDYqtin2LHbjNiu24wg2YXYp9mG2YbYryDYsdmG2LPYp9mG2LPYjCDYqNin2LHZiNqpINmIINix2YjaqdmI2qnZiNiMINis2YTZiNmH4oCM2KfbjCDYp9iyINi02qnZiNmHINmIINin2LXYp9mE2Kog2LHYpyDYqNmHINmB2LbYp9mH2Kcg2YXbjOKAjNio2K7YtNivLiDYr9ixINin24zZhiDZhdmC2KfZhNmH2Iwg2KjZhyDYqNix2LHYs9uMINi52YXbjNmCINm+2LHZiNqY2YfigIzZh9in24wg2qnZhNin2LPbjNqpINiv2LEg2LXZhtin24zYuSDahtmI2KjYjCDZiNuM2pjar9uM4oCM2YfYp9uMINii2YbigIzZh9in2Iwg2Ygg2obar9mI2Ybar9uMINin2LPYqtmB2KfYr9mHINin2LIg2KfbjNmGINiz2KjaqSDYr9ixINi32LHYp9it24zigIzZh9in24wg2YXYr9ix2YYg2YXbjOKAjNm+2LHYr9in2LLbjNmFLg==', '2LXZhtin24zYuSDahtmI2Kgg2qnZhNin2LPbjNqpINuM2qnbjCDYp9iyINmF2KfZhtiv2q/Yp9ix2KrYsduM2YYg2Ygg2LLbjNio2KfYqtix24zZhiDYs9io2qnigIzZh9inINiv2LEg2LfYsdin2K3bjCDYr9in2K7ZhNuMINmIINiv2qnZiNix2KfYs9uM2YjZhiDYp9iz2Kog2qnZhyDYp9iyINmC2LHZhuKAjNmH2Kcg2b7bjNi0INiq2Kcg2KfZhdix2YjYsiDYt9ix2YHYr9in2LHYp9mGINiu2YjYryDYsdinINit2YHYuCDaqdix2K/ZhyDYp9iz2KouINin24zZhiDYs9io2qkg2KjYpyDYp9mE2YfYp9mFINin2LIg2YfZhtixINmIINmF2LnZhdin2LHbjCDYr9mI2LHZh+KAjNmH2KfbjCDYqtin2LHbjNiu24wg2YXYp9mG2YbYryDYsdmG2LPYp9mG2LPYjCDYqNin2LHZiNqpINmIINix2YjaqdmI2qnZiNiMINis2YTZiNmH4oCM2KfbjCDYp9iyINi02qnZiNmHINmIINin2LXYp9mE2Kog2LHYpyDYqNmHINmB2LbYp9mH2Kcg2YXbjOKAjNio2K7YtNivLiDYr9ixINin24zZhiDZhdmC2KfZhNmH2Iwg2KjZhyDYqNix2LHYs9uMINi52YXbjNmCINm+2LHZiNqY2YfigIzZh9in24wg2qnZhNin2LPbjNqpINiv2LEg2LXZhtin24zYuSDahtmI2KjYjCDZiNuM2pjar9uM4oCM2YfYp9uMINii2YbigIzZh9in2Iwg2Ygg2obar9mI2Ybar9uMINin2LPYqtmB2KfYr9mHINin2LIg2KfbjNmGINiz2KjaqSDYr9ixINi32LHYp9it24zigIzZh9in24wg2YXYr9ix2YYg2YXbjOKAjNm+2LHYr9in2LLbjNmFLg==', 1),
(3298, 25, 0, '2026-01-04 21:29:17', 'package-string-5-1137', 'h2', 'base64', 1, '2KrYp9ix24zYrtqG2Ycg2LPYqNqpINqp2YTYp9iz24zaqSDYr9ixINi12YbYp9uM2Lkg2obZiNio', '2KrYp9ix24zYrtqG2Ycg2LPYqNqpINqp2YTYp9iz24zaqSDYr9ixINi12YbYp9uM2Lkg2obZiNio', 1),
(3299, 25, 0, '2026-01-04 21:29:17', 'package-string-5-1138', '', 'base64', 1, '2LPYqNqpINqp2YTYp9iz24zaqSDYsduM2LTZhyDYr9ixINmF2LnZhdin2LHbjCDZiCDZh9mG2LEg24zZiNmG2KfZhiDZiCDYsdmI2YUg2KjYp9iz2KrYp9mGINiv2KfYsdivLiDYr9ixINmC2LHZhuKAjNmH2KfbjCDbsdu3INmIINux27gg2YXbjNmE2KfYr9uM2Iwg2KfbjNmGINiz2KjaqSDYqNmHINin2YjYrCDYrtmI2K8g2LHYs9uM2K8g2Ygg2K/YsSDZhdio2YTZhdin2YbYjCDaqdin2KjbjNmG2KrigIzYs9in2LLbjCDZiCDYqtiy2KbbjNmG2KfYqiDYr9in2K7ZhNuMINio2Ycg2qnYp9ixINqv2LHZgdiq2Ycg2LTYry4g2K/YsSDYp9uM2LHYp9mGINmG24zYstiMINiz2KjaqSDaqdmE2KfYs9uM2qkg2KjYpyDYqtij2KvbjNixINin2LIg2YfZhtixINm+2KfYsdiz24wg2Ygg2KfYs9mE2KfZhduM2Iwg2K/YsSDaqdin2K7igIzZh9inINmIINiu2KfZhtmH4oCM2YfYp9uMINin2LTYsdin2YHbjCDYr9uM2K/ZhyDZhduM4oCM2LTZiNivLiDahtmI2Kgg2KjZh+KAjNi52YbZiNin2YYg2YXYp9iv2Ycg2KfYtdmE24wg2K/YsSDYp9uM2YYg2LPYqNqp2Iwg2KjYpyDaqdmG2K/Zh+KAjNqp2KfYsduM4oCM2YfYp9uMINiv2YLbjNmCINmIINm+2LHYr9in2K7YquKAjNmH2KfbjCDYuNix24zZgdiMINmG2YXYp9iv24wg2KfYsiDYqtis2YXZhCDZiCDZgtiv2LHYqiDYqNmI2K8uINin2YXYsdmI2LLZh9iMINin24zZhiDYs9io2qkg2KjYpyDYqtmE2YHbjNmC24wg2KfYsiDZhdiv2LHZhtuM2KrZh9iMINmH2YXahtmG2KfZhiDYr9ixINm+2LHZiNqY2YfigIzZh9in24wg2YTZiNqp2LMg2KjZhyDaqdin2LEg2YXbjOKAjNix2YjYry4=', '2LPYqNqpINqp2YTYp9iz24zaqSDYsduM2LTZhyDYr9ixINmF2LnZhdin2LHbjCDZiCDZh9mG2LEg24zZiNmG2KfZhiDZiCDYsdmI2YUg2KjYp9iz2KrYp9mGINiv2KfYsdivLiDYr9ixINmC2LHZhuKAjNmH2KfbjCDbsdu3INmIINux27gg2YXbjNmE2KfYr9uM2Iwg2KfbjNmGINiz2KjaqSDYqNmHINin2YjYrCDYrtmI2K8g2LHYs9uM2K8g2Ygg2K/YsSDZhdio2YTZhdin2YbYjCDaqdin2KjbjNmG2KrigIzYs9in2LLbjCDZiCDYqtiy2KbbjNmG2KfYqiDYr9in2K7ZhNuMINio2Ycg2qnYp9ixINqv2LHZgdiq2Ycg2LTYry4g2K/YsSDYp9uM2LHYp9mGINmG24zYstiMINiz2KjaqSDaqdmE2KfYs9uM2qkg2KjYpyDYqtij2KvbjNixINin2LIg2YfZhtixINm+2KfYsdiz24wg2Ygg2KfYs9mE2KfZhduM2Iwg2K/YsSDaqdin2K7igIzZh9inINmIINiu2KfZhtmH4oCM2YfYp9uMINin2LTYsdin2YHbjCDYr9uM2K/ZhyDZhduM4oCM2LTZiNivLiDahtmI2Kgg2KjZh+KAjNi52YbZiNin2YYg2YXYp9iv2Ycg2KfYtdmE24wg2K/YsSDYp9uM2YYg2LPYqNqp2Iwg2KjYpyDaqdmG2K/Zh+KAjNqp2KfYsduM4oCM2YfYp9uMINiv2YLbjNmCINmIINm+2LHYr9in2K7YquKAjNmH2KfbjCDYuNix24zZgdiMINmG2YXYp9iv24wg2KfYsiDYqtis2YXZhCDZiCDZgtiv2LHYqiDYqNmI2K8uINin2YXYsdmI2LLZh9iMINin24zZhiDYs9io2qkg2KjYpyDYqtmE2YHbjNmC24wg2KfYsiDZhdiv2LHZhtuM2KrZh9iMINmH2YXahtmG2KfZhiDYr9ixINm+2LHZiNqY2YfigIzZh9in24wg2YTZiNqp2LMg2KjZhyDaqdin2LEg2YXbjOKAjNix2YjYry4=', 1),
(3300, 25, 0, '2026-01-04 21:29:17', 'package-string-5-1139', 'h2', 'base64', 1, '2YjbjNqY2q/bjOKAjNmH2KfbjCDaqdmE24zYr9uMINiz2KjaqSDaqdmE2KfYs9uM2qkg2K/YsSDYtdmG2KfbjNi5INqG2YjYqA==', '2YjbjNqY2q/bjOKAjNmH2KfbjCDaqdmE24zYr9uMINiz2KjaqSDaqdmE2KfYs9uM2qkg2K/YsSDYtdmG2KfbjNi5INqG2YjYqA==', 1),
(3301, 25, 0, '2026-01-04 21:29:17', 'package-string-5-1140', '', 'base64', 1, '2LPYqNqpINqp2YTYp9iz24zaqSDYr9ixINi12YbYp9uM2Lkg2obZiNioINio2Kcg2obZhtivINmI24zamNqv24wg2KjYp9ix2LIg2LTZhtin2K7YqtmHINmF24zigIzYtNmI2K86', '2LPYqNqpINqp2YTYp9iz24zaqSDYr9ixINi12YbYp9uM2Lkg2obZiNioINio2Kcg2obZhtivINmI24zamNqv24wg2KjYp9ix2LIg2LTZhtin2K7YqtmHINmF24zigIzYtNmI2K86', 1),
(3302, 25, 0, '2026-01-04 21:29:17', 'package-string-5-1141', '', 'base64', 1, 'PHN0cm9uZz7aqdmG2K/Zh+KAjNqp2KfYsduM4oCM2YfYp9uMINm+24zahtuM2K/Zhzo8L3N0cm9uZz4g2LfYsdit4oCM2YfYp9uMINqv2YTYjCDYqNix2q/YjCDZiCDYp9i02qnYp9mEINmH2YbYr9iz24wg2KjYpyDYr9iz2Kog24zYpyDZhdin2LTbjNmGINix2YjbjCDahtmI2Kgg2K3aqdin2qnbjCDZhduM4oCM2LTZiNmG2K8u', 'PHN0cm9uZz7aqdmG2K/Zh+KAjNqp2KfYsduM4oCM2YfYp9uMINm+24zahtuM2K/Zhzo8L3N0cm9uZz4g2LfYsdit4oCM2YfYp9uMINqv2YTYjCDYqNix2q/YjCDZiCDYp9i02qnYp9mEINmH2YbYr9iz24wg2KjYpyDYr9iz2Kog24zYpyDZhdin2LTbjNmGINix2YjbjCDahtmI2Kgg2K3aqdin2qnbjCDZhduM4oCM2LTZiNmG2K8u', 1),
(3303, 25, 0, '2026-01-04 21:29:17', 'package-string-5-1142', '', 'base64', 1, 'PHN0cm9uZz7YqtmC2KfYsdmGINmIINiq2LnYp9iv2YQ8L3N0cm9uZz46INi32LHYp9it24zigIzZh9inINmF2LnZhdmI2YTYp9mLINmF2KrZgtin2LHZhiDZiCDZhdiq2LnYp9iv2YQg2YfYs9iq2YbYr9iMINio2YfigIzYt9mI2LHbjCDaqdmHINmH2LEg2KzYstihINio2Kcg2K/bjNqv2LHbjCDZh9mF2KfZh9mG2q/bjCDYr9in2LHYry4=', 'PHN0cm9uZz7YqtmC2KfYsdmGINmIINiq2LnYp9iv2YQ8L3N0cm9uZz46INi32LHYp9it24zigIzZh9inINmF2LnZhdmI2YTYp9mLINmF2KrZgtin2LHZhiDZiCDZhdiq2LnYp9iv2YQg2YfYs9iq2YbYr9iMINio2YfigIzYt9mI2LHbjCDaqdmHINmH2LEg2KzYstihINio2Kcg2K/bjNqv2LHbjCDZh9mF2KfZh9mG2q/bjCDYr9in2LHYry4=', 1),
(3304, 25, 0, '2026-01-04 21:29:17', 'package-string-5-1143', '', 'base64', 1, 'PHN0cm9uZz7YsdmG2q/igIzZh9in24wg2q/YsdmFINmIINi32KjbjNi524w8L3N0cm9uZz46INix2Ybar+KAjNmH2KfbjCDZgtmH2YjZh+KAjNin24wg2KrbjNix2YfYjCDYt9mE2KfbjNuM2Iwg2Ygg2LnYs9mE24wg2K/YsSDaqdmG2KfYsSDZvtix2K/Yp9iu2KrigIzZh9in24wg2KjYsdin2YLYjCDYrNmE2YjZh+KAjNin24wg2KfYtNix2KfZgduMINio2Ycg2qnYp9ixINmF24zigIzYr9mH2YbYry4=', 'PHN0cm9uZz7YsdmG2q/igIzZh9in24wg2q/YsdmFINmIINi32KjbjNi524w8L3N0cm9uZz46INix2Ybar+KAjNmH2KfbjCDZgtmH2YjZh+KAjNin24wg2KrbjNix2YfYjCDYt9mE2KfbjNuM2Iwg2Ygg2LnYs9mE24wg2K/YsSDaqdmG2KfYsSDZvtix2K/Yp9iu2KrigIzZh9in24wg2KjYsdin2YLYjCDYrNmE2YjZh+KAjNin24wg2KfYtNix2KfZgduMINio2Ycg2qnYp9ixINmF24zigIzYr9mH2YbYry4=', 1),
(3305, 25, 0, '2026-01-04 21:29:17', 'package-string-5-1144', '', 'base64', 1, 'PHN0cm9uZz7YrNiy2KbbjNin2Kog2KrYstim24zZhtuMPC9zdHJvbmc+OiDYp9iz2KrZgdin2K/ZhyDYp9iyINmF2YbYqNiq4oCM2qnYp9ix24zYjCDYsdmI2qnYtOKAjNmH2KfbjCDahtmI2KjbjCDYqNinINqp24zZgduM2KrYjCDZiCDar9in2YfbjCDYqtix2qnbjNioINio2Kcg2YHZhNiy2KfYqiDZhdin2YbZhtivINio2LHZhtisINuM2Kcg2LfZhNinLg==', 'PHN0cm9uZz7YrNiy2KbbjNin2Kog2KrYstim24zZhtuMPC9zdHJvbmc+OiDYp9iz2KrZgdin2K/ZhyDYp9iyINmF2YbYqNiq4oCM2qnYp9ix24zYjCDYsdmI2qnYtOKAjNmH2KfbjCDahtmI2KjbjCDYqNinINqp24zZgduM2KrYjCDZiCDar9in2YfbjCDYqtix2qnbjNioINio2Kcg2YHZhNiy2KfYqiDZhdin2YbZhtivINio2LHZhtisINuM2Kcg2LfZhNinLg==', 1),
(3306, 25, 0, '2026-01-04 21:29:17', 'package-string-5-1145', '', 'base64', 1, 'PHN0cm9uZz7ZhdmI2KfYryDYp9mI2YTbjNmHINio2Kcg2qnbjNmB24zYqjwvc3Ryb25nPjog2obZiNio4oCM2YfYp9uMINiz2K7YqiDZhdin2YbZhtivINqv2LHYr9mI2Iwg2KjZhNmI2LfYjCDZiCDYsdin2LQg2qnZhyDYr9mI2KfZhSDZiCDYstuM2KjYp9uM24wg2LHYpyDYqti22YXbjNmGINmF24zigIzaqdmG2YbYry4=', 'PHN0cm9uZz7ZhdmI2KfYryDYp9mI2YTbjNmHINio2Kcg2qnbjNmB24zYqjwvc3Ryb25nPjog2obZiNio4oCM2YfYp9uMINiz2K7YqiDZhdin2YbZhtivINqv2LHYr9mI2Iwg2KjZhNmI2LfYjCDZiCDYsdin2LQg2qnZhyDYr9mI2KfZhSDZiCDYstuM2KjYp9uM24wg2LHYpyDYqti22YXbjNmGINmF24zigIzaqdmG2YbYry4=', 1),
(3307, 25, 0, '2026-01-04 21:29:17', 'package-string-5-1146', 'h2', 'base64', 1, '2YXZiNin2K8g2KfZiNmE24zZhyDYr9ixINm+2LHZiNqY2YfigIzZh9in24wg2qnZhNin2LPbjNqp', '2YXZiNin2K8g2KfZiNmE24zZhyDYr9ixINm+2LHZiNqY2YfigIzZh9in24wg2qnZhNin2LPbjNqp', 1),
(3308, 25, 0, '2026-01-04 21:29:17', 'package-string-5-1147', '', 'base64', 1, '2KfZhtiq2K7Yp9ioINqG2YjYqCDZhdmG2KfYs9ioINiv2LEg2b7YsdmI2pjZh+KAjNmH2KfbjCDaqdmE2KfYs9uM2qkg2KjYs9uM2KfYsSDZhdmH2YUg2KfYs9iqLiDahtmI2KjigIzZh9in24wg2LLbjNixINin2LIg2YXYrdio2YjYqOKAjNiq2LHbjNmGINqv2LLbjNmG2YfigIzZh9inINmH2LPYqtmG2K86', '2KfZhtiq2K7Yp9ioINqG2YjYqCDZhdmG2KfYs9ioINiv2LEg2b7YsdmI2pjZh+KAjNmH2KfbjCDaqdmE2KfYs9uM2qkg2KjYs9uM2KfYsSDZhdmH2YUg2KfYs9iqLiDahtmI2KjigIzZh9in24wg2LLbjNixINin2LIg2YXYrdio2YjYqOKAjNiq2LHbjNmGINqv2LLbjNmG2YfigIzZh9inINmH2LPYqtmG2K86', 1),
(3309, 25, 0, '2026-01-04 21:29:17', 'package-string-5-1148', '', 'base64', 1, 'PHN0cm9uZz7ahtmI2Kgg2q/Ysdiv2Yg8L3N0cm9uZz46INio2Kcg2LHZhtqvINiq24zYsdmHINmIINio2KfZgdiqINiy24zYqNin2Iwg2KjYsdin24wg2YXYqNmE2YXYp9mGINmIINqp2KfYqNuM2YbYquKAjNmH2KfbjCDaqdmE2KfYs9uM2qkg2KfbjNiv2YfigIzYotmEINin2LPYqi4=', 'PHN0cm9uZz7ahtmI2Kgg2q/Ysdiv2Yg8L3N0cm9uZz46INio2Kcg2LHZhtqvINiq24zYsdmHINmIINio2KfZgdiqINiy24zYqNin2Iwg2KjYsdin24wg2YXYqNmE2YXYp9mGINmIINqp2KfYqNuM2YbYquKAjNmH2KfbjCDaqdmE2KfYs9uM2qkg2KfbjNiv2YfigIzYotmEINin2LPYqi4=', 1),
(3310, 25, 0, '2026-01-04 21:29:17', 'package-string-5-1149', '', 'base64', 1, 'PHN0cm9uZz7ahtmI2Kgg2KjZhNmI2Lc8L3N0cm9uZz46INio2Ycg2K/ZhNuM2YQg2KfYs9iq2K3aqdin2YUg2KjYp9mE2Kcg2Ygg2YLYp9io2YTbjNiqINqp2YbYr9mH4oCM2qnYp9ix24zYjCDYr9ixINm+2LHZiNqY2YfigIzZh9in24wg2KjYstix2q/igIzYqtixINin2LPYqtmB2KfYr9mHINmF24zigIzYtNmI2K8u', 'PHN0cm9uZz7ahtmI2Kgg2KjZhNmI2Lc8L3N0cm9uZz46INio2Ycg2K/ZhNuM2YQg2KfYs9iq2K3aqdin2YUg2KjYp9mE2Kcg2Ygg2YLYp9io2YTbjNiqINqp2YbYr9mH4oCM2qnYp9ix24zYjCDYr9ixINm+2LHZiNqY2YfigIzZh9in24wg2KjYstix2q/igIzYqtixINin2LPYqtmB2KfYr9mHINmF24zigIzYtNmI2K8u', 1),
(3311, 25, 0, '2026-01-04 21:29:17', 'package-string-5-1150', '', 'base64', 1, 'PHN0cm9uZz7ahtmI2Kgg2LHYp9i0PC9zdHJvbmc+OiDYqNinINix2YbaryDYsdmI2LTZhuKAjNiq2LEg2Ygg2KfZhti52LfYp9mB4oCM2b7YsNuM2LHbjCDYqNin2YTYp9iMINio2LHYp9uMINis2LLYptuM2KfYqiDYuNix24zZgSDZhdmG2KfYs9ioINin2LPYqi48YnIvPtmH2YXahtmG24zZhtiMINix2Yjaqdi04oCM2YfYp9uMINqG2YjYqNuMINio2Kcg2qnbjNmB24zYqiDZiCDZvtix2K/Yp9iu2KrigIzZh9in24zbjCDZhdir2YQg2YTYp9qpINin2YTaqdmEINuM2Kcg2b7ZhNuM4oCM2KfZiNix2KrYp9mGINio2LHYp9uMINmF2K3Yp9mB2LjYqiDZiCDYp9mB2LLYp9uM2LQg2LLbjNio2KfbjNuMINio2Ycg2qnYp9ixINmF24zigIzYsdmI2YbYry4=', 'PHN0cm9uZz7ahtmI2Kgg2LHYp9i0PC9zdHJvbmc+OiDYqNinINix2YbaryDYsdmI2LTZhuKAjNiq2LEg2Ygg2KfZhti52LfYp9mB4oCM2b7YsNuM2LHbjCDYqNin2YTYp9iMINio2LHYp9uMINis2LLYptuM2KfYqiDYuNix24zZgSDZhdmG2KfYs9ioINin2LPYqi48YnIvPtmH2YXahtmG24zZhtiMINix2Yjaqdi04oCM2YfYp9uMINqG2YjYqNuMINio2Kcg2qnbjNmB24zYqiDZiCDZvtix2K/Yp9iu2KrigIzZh9in24zbjCDZhdir2YQg2YTYp9qpINin2YTaqdmEINuM2Kcg2b7ZhNuM4oCM2KfZiNix2KrYp9mGINio2LHYp9uMINmF2K3Yp9mB2LjYqiDZiCDYp9mB2LLYp9uM2LQg2LLbjNio2KfbjNuMINio2Ycg2qnYp9ixINmF24zigIzYsdmI2YbYry4=', 1),
(3312, 25, 0, '2026-01-04 21:29:17', 'package-string-5-1151', 'h2', 'base64', 1, '2qnYp9ix2KjYsdiv2YfYp9uMINiz2KjaqSDaqdmE2KfYs9uM2qkg2K/YsSDYr9qp2YjYsdin2LPbjNmI2YY=', '2qnYp9ix2KjYsdiv2YfYp9uMINiz2KjaqSDaqdmE2KfYs9uM2qkg2K/YsSDYr9qp2YjYsdin2LPbjNmI2YY=', 1),
(3313, 25, 0, '2026-01-04 21:29:17', 'package-string-5-1152', '', 'base64', 1, '2LPYqNqpINqp2YTYp9iz24zaqSDYr9ixINi12YbYp9uM2Lkg2obZiNioINiv2LEg2KjYrti04oCM2YfYp9uMINmF2K7YqtmE2YHbjCDYp9iyINi32LHYp9it24wg2K/Yp9iu2YTbjCDaqdin2LHYqNix2K8g2K/Yp9ix2K86', '2LPYqNqpINqp2YTYp9iz24zaqSDYr9ixINi12YbYp9uM2Lkg2obZiNioINiv2LEg2KjYrti04oCM2YfYp9uMINmF2K7YqtmE2YHbjCDYp9iyINi32LHYp9it24wg2K/Yp9iu2YTbjCDaqdin2LHYqNix2K8g2K/Yp9ix2K86', 1),
(3314, 25, 0, '2026-01-04 21:29:17', 'package-string-5-1153', '', 'base64', 1, 'PHN0cm9uZz7Zhdio2YTZhdin2YY8L3N0cm9uZz46INmF24zYsiDZiCDYtdmG2K/ZhNuM4oCM2YfYp9uMINmG2KfZh9in2LHYrtmI2LHbjNiMINiq2K7YquKAjNiu2YjYp9io4oCM2YfYp9uMINit2qnYp9qp24zigIzYtNiv2YfYjCDZiCDaqdin2YbYp9m+2YfigIzZh9in24wg2LPZhNi32YbYqtuMLg==', 'PHN0cm9uZz7Zhdio2YTZhdin2YY8L3N0cm9uZz46INmF24zYsiDZiCDYtdmG2K/ZhNuM4oCM2YfYp9uMINmG2KfZh9in2LHYrtmI2LHbjNiMINiq2K7YquKAjNiu2YjYp9io4oCM2YfYp9uMINit2qnYp9qp24zigIzYtNiv2YfYjCDZiCDaqdin2YbYp9m+2YfigIzZh9in24wg2LPZhNi32YbYqtuMLg==', 1),
(3315, 25, 0, '2026-01-04 21:29:17', 'package-string-5-1154', '', 'base64', 1, 'PHN0cm9uZz7aqdin2KjbjNmG2KrigIzYs9in2LLbjDwvc3Ryb25nPjog2qnYp9io24zZhtiq4oCM2YfYp9uMINii2LTZvtiy2K7Yp9mG2Ycg2KjYpyDYr9ix2KjigIzZh9in24wg2YXZhtio2KrigIzaqdin2LHbjOKAjNi02K/ZhyDZiCDYr9iz2Krar9uM2LHZh+KAjNmH2KfbjCDYqNix2YbYrNuMLg==', 'PHN0cm9uZz7aqdin2KjbjNmG2KrigIzYs9in2LLbjDwvc3Ryb25nPjog2qnYp9io24zZhtiq4oCM2YfYp9uMINii2LTZvtiy2K7Yp9mG2Ycg2KjYpyDYr9ix2KjigIzZh9in24wg2YXZhtio2KrigIzaqdin2LHbjOKAjNi02K/ZhyDZiCDYr9iz2Krar9uM2LHZh+KAjNmH2KfbjCDYqNix2YbYrNuMLg==', 1),
(3316, 25, 0, '2026-01-04 21:29:17', 'package-string-5-1155', '', 'base64', 1, 'PHN0cm9uZz7Yr9uM2YjYp9ix2qnZiNio4oCM2YfYpyDZiCDYqtiy2KbbjNmG2KfYqjwvc3Ryb25nPjog2b7Yp9mG2YTigIzZh9in24wg2obZiNio24wg2KjYpyDYt9ix2K3igIzZh9in24wg2qnZhNin2LPbjNqpINio2LHYp9uMINiv24zZiNin2LHZh9in24wg2LPYp9mE2YYg2b7YsNuM2LHYp9uM24wu', 'PHN0cm9uZz7Yr9uM2YjYp9ix2qnZiNio4oCM2YfYpyDZiCDYqtiy2KbbjNmG2KfYqjwvc3Ryb25nPjog2b7Yp9mG2YTigIzZh9in24wg2obZiNio24wg2KjYpyDYt9ix2K3igIzZh9in24wg2qnZhNin2LPbjNqpINio2LHYp9uMINiv24zZiNin2LHZh9in24wg2LPYp9mE2YYg2b7YsNuM2LHYp9uM24wu', 1),
(3317, 25, 0, '2026-01-04 21:29:17', 'package-string-5-1156', '', 'base64', 1, 'PHN0cm9uZz7Yr9ix2KjigIzZh9inPC9zdHJvbmc+OiDYr9ix2KjigIzZh9in24wg2YjYsdmI2K/bjCDbjNinINiv2KfYrtmE24wg2KjYpyDaqdmG2K/Zh+KAjNqp2KfYsduM4oCM2YfYp9uMINm+24zahtuM2K/ZhyDZiCDYtNuM2LTZh+KAjNmH2KfbjCDYsdmG2q/bjC48YnIvPtin24zZhiDYs9io2qkg2KjZh+KAjNmI24zamNmHINiv2LEg2K7Yp9mG2YfigIzZh9in24wg2YTZiNqp2LPYjCDZh9iq2YTigIzZh9in2Iwg2Ygg2LHYs9iq2YjYsdin2YbigIzZh9in24wg2YXYrNmE2YQg2KjYs9uM2KfYsSDZhdit2KjZiNioINin2LPYqi4=', 'PHN0cm9uZz7Yr9ix2KjigIzZh9inPC9zdHJvbmc+OiDYr9ix2KjigIzZh9in24wg2YjYsdmI2K/bjCDbjNinINiv2KfYrtmE24wg2KjYpyDaqdmG2K/Zh+KAjNqp2KfYsduM4oCM2YfYp9uMINm+24zahtuM2K/ZhyDZiCDYtNuM2LTZh+KAjNmH2KfbjCDYsdmG2q/bjC48YnIvPtin24zZhiDYs9io2qkg2KjZh+KAjNmI24zamNmHINiv2LEg2K7Yp9mG2YfigIzZh9in24wg2YTZiNqp2LPYjCDZh9iq2YTigIzZh9in2Iwg2Ygg2LHYs9iq2YjYsdin2YbigIzZh9in24wg2YXYrNmE2YQg2KjYs9uM2KfYsSDZhdit2KjZiNioINin2LPYqi4=', 1),
(3318, 25, 0, '2026-01-04 21:29:17', 'package-string-5-1157', 'h2', 'base64', 1, '2YXYstin24zYpyDZiCDZhdi52KfbjNioINm+2LHZiNqY2YfigIzZh9in24wg2qnZhNin2LPbjNqp', '2YXYstin24zYpyDZiCDZhdi52KfbjNioINm+2LHZiNqY2YfigIzZh9in24wg2qnZhNin2LPbjNqp', 1),
(3319, 25, 0, '2026-01-04 21:29:17', 'package-string-5-1158', 'h3', 'base64', 1, '2YXYstin24zYpw==', '2YXYstin24zYpw==', 1),
(3320, 25, 0, '2026-01-04 21:29:17', 'package-string-5-1159', '', 'base64', 1, 'PHN0cm9uZz7Zhdin2YbYr9qv2KfYsduMINmIINiv2YjYp9mFPC9zdHJvbmc+OiDahtmI2KjigIzZh9in24wg2KjYpyDaqduM2YHbjNiqINmIINm+2LHYr9in2K7YquKAjNmH2KfbjCDZhdmG2KfYs9io2Iwg2LfZiNmEINi52YXYsSDYqNin2YTYp9uM24wg2K/Yp9ix2YbYry4=', 'PHN0cm9uZz7Zhdin2YbYr9qv2KfYsduMINmIINiv2YjYp9mFPC9zdHJvbmc+OiDahtmI2KjigIzZh9in24wg2KjYpyDaqduM2YHbjNiqINmIINm+2LHYr9in2K7YquKAjNmH2KfbjCDZhdmG2KfYs9io2Iwg2LfZiNmEINi52YXYsSDYqNin2YTYp9uM24wg2K/Yp9ix2YbYry4=', 1),
(3321, 25, 0, '2026-01-04 21:29:17', 'package-string-5-1160', '', 'base64', 1, 'PHN0cm9uZz7Yp9ix2LLYtCDYp9mB2LLZiNiv2Yc8L3N0cm9uZz46INm+2LHZiNqY2YfigIzZh9in24wg2qnZhNin2LPbjNqpINio2Ycg2K/ZhNuM2YQg2LjYp9mH2LEg2YTZiNqp2LPYjCDYp9ix2LLYtCDZhdmE2qkg2LHYpyDYp9mB2LLYp9uM2LQg2YXbjOKAjNiv2YfZhtivLg==', 'PHN0cm9uZz7Yp9ix2LLYtCDYp9mB2LLZiNiv2Yc8L3N0cm9uZz46INm+2LHZiNqY2YfigIzZh9in24wg2qnZhNin2LPbjNqpINio2Ycg2K/ZhNuM2YQg2LjYp9mH2LEg2YTZiNqp2LPYjCDYp9ix2LLYtCDZhdmE2qkg2LHYpyDYp9mB2LLYp9uM2LQg2YXbjOKAjNiv2YfZhtivLg==', 1),
(3322, 25, 0, '2026-01-04 21:29:17', 'package-string-5-1161', '', 'base64', 1, 'PHN0cm9uZz7YstuM2KjYp9uM24wg2KjbjOKAjNiy2YXYp9mGPC9zdHJvbmc+OiDYp9uM2YYg2LPYqNqpINmH2LHar9iyINin2LIg2YXYryDZhtmF24zigIzYp9mB2KrYryDZiCDZh9mF24zYtNmHINis2LDYp9ioINio2KfZgtuMINmF24zigIzZhdin2YbYry4=', 'PHN0cm9uZz7YstuM2KjYp9uM24wg2KjbjOKAjNiy2YXYp9mGPC9zdHJvbmc+OiDYp9uM2YYg2LPYqNqpINmH2LHar9iyINin2LIg2YXYryDZhtmF24zigIzYp9mB2KrYryDZiCDZh9mF24zYtNmHINis2LDYp9ioINio2KfZgtuMINmF24zigIzZhdin2YbYry4=', 1),
(3323, 25, 0, '2026-01-04 21:29:17', 'package-string-5-1162', 'h3', 'base64', 1, '2YXYudin24zYqA==', '2YXYudin24zYqA==', 1),
(3324, 25, 0, '2026-01-04 21:29:17', 'package-string-5-1163', '', 'base64', 1, 'PHN0cm9uZz7Zh9iy24zZhtmHINio2KfZhNinPC9zdHJvbmc+OiDZhdmI2KfYryDYp9mI2YTbjNmHINqv2LHYp9mG4oCM2YLbjNmF2Kog2Ygg2qnYp9ixINiv2LPYqtiMINmH2LLbjNmG2YfigIzZh9inINix2Kcg2KjYp9mE2Kcg2YXbjOKAjNio2LHZhtivLg==', 'PHN0cm9uZz7Zh9iy24zZhtmHINio2KfZhNinPC9zdHJvbmc+OiDZhdmI2KfYryDYp9mI2YTbjNmHINqv2LHYp9mG4oCM2YLbjNmF2Kog2Ygg2qnYp9ixINiv2LPYqtiMINmH2LLbjNmG2YfigIzZh9inINix2Kcg2KjYp9mE2Kcg2YXbjOKAjNio2LHZhtivLg==', 1),
(3325, 25, 0, '2026-01-04 21:29:17', 'package-string-5-1164', '', 'base64', 1, 'PHN0cm9uZz7ZhtuM2KfYsiDYqNmHINmG2q/Zh9iv2KfYsduMPC9zdHJvbmc+OiDahtmI2KjigIzZh9in24wg2qnZhNin2LPbjNqpINio2Ycg2YXYsdin2YLYqNiqINmF2YbYuNmFINmG24zYp9iyINiv2KfYsdmG2K8g2KrYpyDYp9iyINiu2LHYp9i0INmIINix2LfZiNio2Kog2K/YsSDYp9mF2KfZhiDYqNmF2KfZhtmG2K8u', 'PHN0cm9uZz7ZhtuM2KfYsiDYqNmHINmG2q/Zh9iv2KfYsduMPC9zdHJvbmc+OiDahtmI2KjigIzZh9in24wg2qnZhNin2LPbjNqpINio2Ycg2YXYsdin2YLYqNiqINmF2YbYuNmFINmG24zYp9iyINiv2KfYsdmG2K8g2KrYpyDYp9iyINiu2LHYp9i0INmIINix2LfZiNio2Kog2K/YsSDYp9mF2KfZhiDYqNmF2KfZhtmG2K8u', 1),
(3326, 25, 0, '2026-01-04 21:29:17', 'package-string-5-1165', '', 'base64', 1, 'PHN0cm9uZz7YstmF2KfZhuKAjNio2LEg2KjZiNiv2YY8L3N0cm9uZz46INi32LHYp9it24wg2Ygg2KfYrNix2KfbjCDaqdmG2K/Zh+KAjNqp2KfYsduM4oCM2YfYpyDYstmF2KfZhiDYstuM2KfYr9uMINmF24zigIzYt9mE2KjYry4=', 'PHN0cm9uZz7YstmF2KfZhuKAjNio2LEg2KjZiNiv2YY8L3N0cm9uZz46INi32LHYp9it24wg2Ygg2KfYrNix2KfbjCDaqdmG2K/Zh+KAjNqp2KfYsduM4oCM2YfYpyDYstmF2KfZhiDYstuM2KfYr9uMINmF24zigIzYt9mE2KjYry4=', 1),
(3327, 25, 0, '2026-01-04 21:29:17', 'package-string-5-1166', 'h2', 'base64', 1, '2Ybaqdin2Kog2LfYsdin2K3bjCDYr9ixINm+2LHZiNqY2YfigIzZh9in24wg2qnZhNin2LPbjNqp', '2Ybaqdin2Kog2LfYsdin2K3bjCDYr9ixINm+2LHZiNqY2YfigIzZh9in24wg2qnZhNin2LPbjNqp', 1),
(3328, 25, 0, '2026-01-04 21:29:17', 'package-string-5-1167', '', 'base64', 1, '2KjYsdin24wg2KfYrNix2KfbjCDbjNqpINm+2LHZiNqY2Ycg2qnZhNin2LPbjNqpINmF2YjZgdmCINiv2LEg2LXZhtin24zYuSDahtmI2KjYjCDYp9uM2YYg2Ybaqdin2Kog2LHYpyDYr9ixINmG2LjYsSDYqNqv24zYsduM2K86', '2KjYsdin24wg2KfYrNix2KfbjCDbjNqpINm+2LHZiNqY2Ycg2qnZhNin2LPbjNqpINmF2YjZgdmCINiv2LEg2LXZhtin24zYuSDahtmI2KjYjCDYp9uM2YYg2Ybaqdin2Kog2LHYpyDYr9ixINmG2LjYsSDYqNqv24zYsduM2K86', 1),
(3329, 25, 0, '2026-01-04 21:29:17', 'package-string-5-1168', '', 'base64', 1, 'PHN0cm9uZz7Yp9mG2KrYrtin2Kgg2LHZhtqvINmF2YbYp9iz2Kg8L3N0cm9uZz46INix2Ybar+KAjNmH2KfbjCDar9ix2YUg2Ygg2LfYqNuM2LnbjCDYsdinINio2Kcg2YbZiNix2b7Ysdiv2KfYstuMINmF2YTYp9uM2YUg2KrYsdqp24zYqCDaqdmG24zYry4=', 'PHN0cm9uZz7Yp9mG2KrYrtin2Kgg2LHZhtqvINmF2YbYp9iz2Kg8L3N0cm9uZz46INix2Ybar+KAjNmH2KfbjCDar9ix2YUg2Ygg2LfYqNuM2LnbjCDYsdinINio2Kcg2YbZiNix2b7Ysdiv2KfYstuMINmF2YTYp9uM2YUg2KrYsdqp24zYqCDaqdmG24zYry4=', 1),
(3330, 25, 0, '2026-01-04 21:29:17', 'package-string-5-1169', '', 'base64', 1, 'PHN0cm9uZz7YqtmI2KzZhyDYqNmHINis2LLYptuM2KfYqjwvc3Ryb25nPjog2KzYstim24zYp9iqINqp2YjahtqpINmF2KfZhtmG2K8g2K/Ys9iq2q/bjNix2YfigIzZh9in2Iwg2YTYqNmH4oCM2YfYp9iMINmIINm+2LHYr9in2K7YquKAjNmH2Kcg2KrZgdin2YjYqiDYstuM2KfYr9uMINin24zYrNin2K8g2YXbjOKAjNqp2YbZhtivLg==', 'PHN0cm9uZz7YqtmI2KzZhyDYqNmHINis2LLYptuM2KfYqjwvc3Ryb25nPjog2KzYstim24zYp9iqINqp2YjahtqpINmF2KfZhtmG2K8g2K/Ys9iq2q/bjNix2YfigIzZh9in2Iwg2YTYqNmH4oCM2YfYp9iMINmIINm+2LHYr9in2K7YquKAjNmH2Kcg2KrZgdin2YjYqiDYstuM2KfYr9uMINin24zYrNin2K8g2YXbjOKAjNqp2YbZhtivLg==', 1),
(3331, 25, 0, '2026-01-04 21:29:17', 'package-string-5-1170', '', 'base64', 1, 'PHN0cm9uZz7Zh9mF2KfZh9mG2q/bjCDYqNinINmB2LbYpzwvc3Ryb25nPjog2LPYqNqpINqp2YTYp9iz24zaqSDYr9ixINmB2LbYp9mH2KfbjCDYqNiy2LHaryDZiCDYqNinINiz2YLZgSDYqNmE2YbYryDYqNmH2KrYsSDYrNmI2KfYqCDZhduM4oCM2K/Zh9ivLg==', 'PHN0cm9uZz7Zh9mF2KfZh9mG2q/bjCDYqNinINmB2LbYpzwvc3Ryb25nPjog2LPYqNqpINqp2YTYp9iz24zaqSDYr9ixINmB2LbYp9mH2KfbjCDYqNiy2LHaryDZiCDYqNinINiz2YLZgSDYqNmE2YbYryDYqNmH2KrYsSDYrNmI2KfYqCDZhduM4oCM2K/Zh9ivLg==', 1),
(3332, 25, 0, '2026-01-04 21:29:17', 'package-string-5-1171', '', 'base64', 1, 'PHN0cm9uZz7Yp9iz2KrZgdin2K/ZhyDYp9iyINm+2KfYsdqG2YfigIzZh9in24wg2YTZiNqp2LM8L3N0cm9uZz46INiv2LEg2YXYqNmE2YXYp9mG2Iwg2b7Yp9ix2obZh+KAjNmH2KfbjNuMINmF2KvZhCDZhdiu2YXZhCDbjNinINin2KjYsduM2LTZhSDYqNinINi32LHYreKAjNmH2KfbjCDaqdmE2KfYs9uM2qkg2KjZhyDaqdin2LEg2KjYqNix24zYry4=', 'PHN0cm9uZz7Yp9iz2KrZgdin2K/ZhyDYp9iyINm+2KfYsdqG2YfigIzZh9in24wg2YTZiNqp2LM8L3N0cm9uZz46INiv2LEg2YXYqNmE2YXYp9mG2Iwg2b7Yp9ix2obZh+KAjNmH2KfbjNuMINmF2KvZhCDZhdiu2YXZhCDbjNinINin2KjYsduM2LTZhSDYqNinINi32LHYreKAjNmH2KfbjCDaqdmE2KfYs9uM2qkg2KjZhyDaqdin2LEg2KjYqNix24zYry4=', 1),
(3333, 25, 0, '2026-01-04 21:29:17', 'package-string-5-1172', '', 'base64', 1, 'PHN0cm9uZz7Yqti52KfYr9mEINiv2LEg2KrYstim24zZhtin2Ko8L3N0cm9uZz46INin2LIg2LTZhNmI2LrbjCDYqNuM2LQg2KfYsiDYrdivINm+2LHZh9uM2LIg2qnZhtuM2K8g2KrYpyDZgdi22Kcg2YfZhdqG2YbYp9mGINio2KfZiNmC2KfYsSDYqNmHINmG2LjYsSDYqNix2LPYry4=', 'PHN0cm9uZz7Yqti52KfYr9mEINiv2LEg2KrYstim24zZhtin2Ko8L3N0cm9uZz46INin2LIg2LTZhNmI2LrbjCDYqNuM2LQg2KfYsiDYrdivINm+2LHZh9uM2LIg2qnZhtuM2K8g2KrYpyDZgdi22Kcg2YfZhdqG2YbYp9mGINio2KfZiNmC2KfYsSDYqNmHINmG2LjYsSDYqNix2LPYry4=', 1),
(3334, 25, 0, '2026-01-04 21:29:17', 'package-string-5-1173', 'h2', 'base64', 1, '2KrZhNmB24zZgiDYs9io2qkg2qnZhNin2LPbjNqpINio2Kcg2YXYr9ix2YbbjNiq2Yc=', '2KrZhNmB24zZgiDYs9io2qkg2qnZhNin2LPbjNqpINio2Kcg2YXYr9ix2YbbjNiq2Yc=', 1),
(3335, 25, 0, '2026-01-04 21:29:17', 'package-string-5-1174', '', 'base64', 1, '24zaqduMINin2LIg2LHZiNmG2K/Zh9in24wg2KzYr9uM2K/YjCDYqtix2qnbjNioINiz2KjaqSDaqdmE2KfYs9uM2qkg2KjYpyDYudmG2KfYtdixINmF2K/YsdmGINin2LPYqi4g2KjYsdin24wg2YXYq9in2YQ6', '24zaqduMINin2LIg2LHZiNmG2K/Zh9in24wg2KzYr9uM2K/YjCDYqtix2qnbjNioINiz2KjaqSDaqdmE2KfYs9uM2qkg2KjYpyDYudmG2KfYtdixINmF2K/YsdmGINin2LPYqi4g2KjYsdin24wg2YXYq9in2YQ6', 1),
(3336, 25, 0, '2026-01-04 21:29:17', 'package-string-5-1175', '', 'base64', 1, '2KfYs9iq2YHYp9iv2Ycg2KfYsiDahtmI2KjigIzZh9in24wg2qnZhNin2LPbjNqpINio2Kcg2K7Yt9mI2Lcg2LPYp9iv2YfigIzYqtixINmIINmF24zZhtuM2YXYp9mELg==', '2KfYs9iq2YHYp9iv2Ycg2KfYsiDahtmI2KjigIzZh9in24wg2qnZhNin2LPbjNqpINio2Kcg2K7Yt9mI2Lcg2LPYp9iv2YfigIzYqtixINmIINmF24zZhtuM2YXYp9mELg==', 1),
(3337, 25, 0, '2026-01-04 21:29:17', 'package-string-5-1176', '', 'base64', 1, '2KrYsdqp24zYqCDYsdmG2q/igIzZh9in24wg2qnZhNin2LPbjNqpICjZhdir2YQg2YLZh9mI2YfigIzYp9uMINiq24zYsdmHKSDYqNinINix2Ybar+KAjNmH2KfbjCDZhdiv2LHZhiAo2YXYq9mEINiu2Kfaqdiz2KrYsduMINix2YjYtNmGKS4=', '2KrYsdqp24zYqCDYsdmG2q/igIzZh9in24wg2qnZhNin2LPbjNqpICjZhdir2YQg2YLZh9mI2YfigIzYp9uMINiq24zYsdmHKSDYqNinINix2Ybar+KAjNmH2KfbjCDZhdiv2LHZhiAo2YXYq9mEINiu2Kfaqdiz2KrYsduMINix2YjYtNmGKS4=', 1),
(3338, 25, 0, '2026-01-04 21:29:17', 'package-string-5-1177', '', 'base64', 1, '2KfYttin2YHZhyDaqdix2K/ZhiDZhtmI2LHZvtix2K/Yp9iy24wg2YXYr9ix2YYg2YXYp9mG2YbYryDZhNmI2LPYqtix2YfYp9uMIExFRCDYqNmHINmB2LbYp9mH2KfbjCDaqdmE2KfYs9uM2qkuPGJyLz7Yp9uM2YYg2KrZhNmB24zZgiDYqNin2LnYqyDZhduM4oCM2LTZiNivINiz2KjaqSDaqdmE2KfYs9uM2qkg2KjYsdin24wg2YbYs9mEINis2K/bjNivINmH2YUg2KzYsNin2Kgg2KjYp9i02K8u', '2KfYttin2YHZhyDaqdix2K/ZhiDZhtmI2LHZvtix2K/Yp9iy24wg2YXYr9ix2YYg2YXYp9mG2YbYryDZhNmI2LPYqtix2YfYp9uMIExFRCDYqNmHINmB2LbYp9mH2KfbjCDaqdmE2KfYs9uM2qkuPGJyLz7Yp9uM2YYg2KrZhNmB24zZgiDYqNin2LnYqyDZhduM4oCM2LTZiNivINiz2KjaqSDaqdmE2KfYs9uM2qkg2KjYsdin24wg2YbYs9mEINis2K/bjNivINmH2YUg2KzYsNin2Kgg2KjYp9i02K8u', 1),
(3339, 25, 0, '2026-01-04 21:29:17', 'package-string-5-1178', 'h2', 'base64', 1, '2YbZhdmI2YbZhyDZvtix2YjamNmH4oCM2YfYp9uMINqp2YTYp9iz24zaqSDYr9ixINin24zYsdin2YY=', '2YbZhdmI2YbZhyDZvtix2YjamNmH4oCM2YfYp9uMINqp2YTYp9iz24zaqSDYr9ixINin24zYsdin2YY=', 1),
(3340, 25, 0, '2026-01-04 21:29:17', 'package-string-5-1179', '', 'base64', 1, '2K/YsSDYp9uM2LHYp9mG2Iwg2LPYqNqpINqp2YTYp9iz24zaqSDYr9ixINiu2KfZhtmH4oCM2YfYp9uMINmC2K/bjNmF24wg2Ygg2qnYp9iu4oCM2YfYp9uM24wg2YXYq9mEINqp2KfYriDar9mE2LPYqtin2YYg24zYpyDYrtin2YbZh+KAjNmH2KfbjCDYqtin2LHbjNiu24wg2qnYp9i02KfZhiDYqNmHINqG2LTZhSDZhduM4oCM2K7ZiNix2K8uINin2YXYsdmI2LLZhyDZhtuM2LIg2K/YsSDZvtix2YjamNmH4oCM2YfYp9uMINmE2YjaqdizINmI24zZhNin2YfYpyDZiCDYotm+2KfYsdiq2YXYp9mG4oCM2YfYp9uMINio2LLYsdqv2Iwg2KfYsiDYp9uM2YYg2LPYqNqpINin2LPYqtmB2KfYr9mHINmF24zigIzYtNmI2K8uINio2LHYp9uMINmF2KvYp9mE2Iwg24zaqSDZvtix2YjamNmHINmF2LnYsdmI2YEg2K/YsSDYqtmH2LHYp9mG2Iwg2LfYsdin2K3bjCDYr9in2K7ZhNuMINuM2qkg2YjbjNmE2KfbjCDbtduw27Ag2YXYqtix24wg2K/YsSDZhdmG2LfZgtmHINiy2LnZgdix2KfZhtuM2Ycg2KjZiNivINqp2Ycg2KrZhdin2YXYp9mLINio2Kcg2obZiNioINqv2LHYr9mIINmIINqp2YbYr9mH4oCM2qnYp9ix24zigIzZh9in24wg2K/Ys9iq24wg2KfYrNix2Kcg2LTYry4=', '2K/YsSDYp9uM2LHYp9mG2Iwg2LPYqNqpINqp2YTYp9iz24zaqSDYr9ixINiu2KfZhtmH4oCM2YfYp9uMINmC2K/bjNmF24wg2Ygg2qnYp9iu4oCM2YfYp9uM24wg2YXYq9mEINqp2KfYriDar9mE2LPYqtin2YYg24zYpyDYrtin2YbZh+KAjNmH2KfbjCDYqtin2LHbjNiu24wg2qnYp9i02KfZhiDYqNmHINqG2LTZhSDZhduM4oCM2K7ZiNix2K8uINin2YXYsdmI2LLZhyDZhtuM2LIg2K/YsSDZvtix2YjamNmH4oCM2YfYp9uMINmE2YjaqdizINmI24zZhNin2YfYpyDZiCDYotm+2KfYsdiq2YXYp9mG4oCM2YfYp9uMINio2LLYsdqv2Iwg2KfYsiDYp9uM2YYg2LPYqNqpINin2LPYqtmB2KfYr9mHINmF24zigIzYtNmI2K8uINio2LHYp9uMINmF2KvYp9mE2Iwg24zaqSDZvtix2YjamNmHINmF2LnYsdmI2YEg2K/YsSDYqtmH2LHYp9mG2Iwg2LfYsdin2K3bjCDYr9in2K7ZhNuMINuM2qkg2YjbjNmE2KfbjCDbtduw27Ag2YXYqtix24wg2K/YsSDZhdmG2LfZgtmHINiy2LnZgdix2KfZhtuM2Ycg2KjZiNivINqp2Ycg2KrZhdin2YXYp9mLINio2Kcg2obZiNioINqv2LHYr9mIINmIINqp2YbYr9mH4oCM2qnYp9ix24zigIzZh9in24wg2K/Ys9iq24wg2KfYrNix2Kcg2LTYry4=', 1),
(3341, 25, 0, '2026-01-04 21:29:17', 'package-string-5-1180', '', 'base64', 1, 'PHN0cm9uZz7Ys9iu2YYg2b7Yp9uM2KfZhtuMPC9zdHJvbmc+PHN0cm9uZz48L3N0cm9uZz4=', 'PHN0cm9uZz7Ys9iu2YYg2b7Yp9uM2KfZhtuMPC9zdHJvbmc+PHN0cm9uZz48L3N0cm9uZz4=', 1),
(3342, 25, 0, '2026-01-04 21:29:17', 'package-string-5-1181', '', 'base64', 1, '2LPYqNqpINqp2YTYp9iz24zaqSDYr9ixINi12YbYp9uM2Lkg2obZiNio2Iwg2KfZhtiq2K7Yp9io24wg2KfbjNiv2YfigIzYotmEINio2LHYp9uMINqp2LPYp9mG24wg2KfYs9iqINqp2Ycg2KjZhyDYr9mG2KjYp9mEINi02qnZiNmH2Iwg2KfYtdin2YTYqtiMINmIINiy24zYqNin24zbjCDYqNuM4oCM2LLZhdin2YYg2YfYs9iq2YbYry4g2Kfar9ix2obZhyDYp9uM2YYg2LPYqNqpINmH2LLbjNmG2Ycg2Ygg2LLZhdin2YYg2KjbjNi02KrYsduMINmG2LPYqNiqINio2Ycg2LPYqNqp4oCM2YfYp9uMINmF2K/YsdmGINmG24zYp9iyINiv2KfYsdiv2Iwg2KfZhdinINmG2KrbjNis2Ycg2YbZh9in24zbjCDYotmGINin2LHYsti02LQg2LHYpyDYr9in2LHYry4g2KjYpyDYp9mG2KrYrtin2Kgg2YXZiNin2K8g2KfZiNmE24zZhyDYqNinINqp24zZgduM2KrYjCDYqtmI2KzZhyDYqNmHINis2LLYptuM2KfYqtiMINmIINiq2YTZgduM2YIg2YfZiNi02YXZhtiv2KfZhtmHINio2Kcg2LnZhtin2LXYsSDZhdiv2LHZhtiMINmF24zigIzYqtmI2KfZhtuM2K8g2b7YsdmI2pjZh+KAjNin24wg2K7ZhNmCINqp2YbbjNivINqp2Ycg2YfZhSDaqdin2LHYqNix2K/bjCDYqNin2LTYryDZiCDZh9mFINqG2LTZheKAjNmG2YjYp9iyLiDYp9qv2LEg2KjZhyDZgdqp2LEg2KfYrNix2KfbjCDbjNqpINm+2LHZiNqY2Ycg2qnZhNin2LPbjNqpINmH2LPYqtuM2K/YjCDYqNinINuM2qkg2KrbjNmFINit2LHZgdmH4oCM2KfbjCDZhdi02YjYsdiqINqp2YbbjNivINiq2Kcg2KjZh9iq2LHbjNmGINmG2KrbjNis2Ycg2LHYpyDYqNqv24zYsduM2K8u', '2LPYqNqpINqp2YTYp9iz24zaqSDYr9ixINi12YbYp9uM2Lkg2obZiNio2Iwg2KfZhtiq2K7Yp9io24wg2KfbjNiv2YfigIzYotmEINio2LHYp9uMINqp2LPYp9mG24wg2KfYs9iqINqp2Ycg2KjZhyDYr9mG2KjYp9mEINi02qnZiNmH2Iwg2KfYtdin2YTYqtiMINmIINiy24zYqNin24zbjCDYqNuM4oCM2LLZhdin2YYg2YfYs9iq2YbYry4g2Kfar9ix2obZhyDYp9uM2YYg2LPYqNqpINmH2LLbjNmG2Ycg2Ygg2LLZhdin2YYg2KjbjNi02KrYsduMINmG2LPYqNiqINio2Ycg2LPYqNqp4oCM2YfYp9uMINmF2K/YsdmGINmG24zYp9iyINiv2KfYsdiv2Iwg2KfZhdinINmG2KrbjNis2Ycg2YbZh9in24zbjCDYotmGINin2LHYsti02LQg2LHYpyDYr9in2LHYry4g2KjYpyDYp9mG2KrYrtin2Kgg2YXZiNin2K8g2KfZiNmE24zZhyDYqNinINqp24zZgduM2KrYjCDYqtmI2KzZhyDYqNmHINis2LLYptuM2KfYqtiMINmIINiq2YTZgduM2YIg2YfZiNi02YXZhtiv2KfZhtmHINio2Kcg2LnZhtin2LXYsSDZhdiv2LHZhtiMINmF24zigIzYqtmI2KfZhtuM2K8g2b7YsdmI2pjZh+KAjNin24wg2K7ZhNmCINqp2YbbjNivINqp2Ycg2YfZhSDaqdin2LHYqNix2K/bjCDYqNin2LTYryDZiCDZh9mFINqG2LTZheKAjNmG2YjYp9iyLiDYp9qv2LEg2KjZhyDZgdqp2LEg2KfYrNix2KfbjCDbjNqpINm+2LHZiNqY2Ycg2qnZhNin2LPbjNqpINmH2LPYqtuM2K/YjCDYqNinINuM2qkg2KrbjNmFINit2LHZgdmH4oCM2KfbjCDZhdi02YjYsdiqINqp2YbbjNivINiq2Kcg2KjZh9iq2LHbjNmGINmG2KrbjNis2Ycg2LHYpyDYqNqv24zYsduM2K8u', 1),
(3343, 26, 0, '2026-01-04 22:03:01', 'original_id', '', '', 0, '266', '2045', 1),
(3344, 26, 0, '2026-01-04 22:03:01', 'title', '', 'base64', 1, 'Zm9vdGVy', 'Zm9vdGVy', 1),
(3345, 26, 0, '2026-01-04 22:03:01', 'body', '', 'base64', 0, '[encoded data, 5820 characters]', '[encoded data, 5084 characters]', 1),
(3356, 27, 0, '2026-01-04 22:22:35', 'title', '', 'base64', 1, '2b7YsdmI2pjZh+KAjNmH2Kc=', 'UHJvamVjdHM=', 1);
INSERT INTO `wp_icl_translate` (`tid`, `job_id`, `content_id`, `timestamp`, `field_type`, `field_wrap_tag`, `field_format`, `field_translate`, `field_data`, `field_data_translated`, `field_finished`) VALUES
(3357, 27, 0, '2026-01-04 22:22:35', 'body', '', 'base64', 0, '[encoded data, 35268 characters]', '[encoded data, 40204 characters]', 1);
INSERT INTO `wp_icl_translate` (`tid`, `job_id`, `content_id`, `timestamp`, `field_type`, `field_wrap_tag`, `field_format`, `field_translate`, `field_data`, `field_data_translated`, `field_finished`) VALUES
(3346, 26, 0, '2026-01-04 22:03:01', 'excerpt', '', 'base64', 1, '', '', 1),
(3347, 26, 0, '2026-01-04 22:03:01', 'package-string-6-1182', '', 'base64', 1, '2LXZhtin24zYuSDahtmI2Kgg2b7ZiNix24zYpw==', '2LXZhtin24zYuSDahtmI2Kgg2b7ZiNix24zYpw==', 1),
(3348, 26, 0, '2026-01-04 22:03:01', 'package-string-6-1183', '', 'base64', 1, 'PHA+2YXYpyDYqNmHINi52YbZiNin2YYg2b7bjNi02LHZiCDYr9ixINiy2YXbjNmG2Ycg2LXZhti52Kog2obZiNio2Iwg2KjZhyDYp9ix2KfYptmHINix2KfZh9qp2KfYsdmH2KfbjNuMINmG2YjYotmI2LHYp9mG2Ycg2Ygg2LTbjNqpINio2LHYp9uMINiq2LLbjNuM2YYg2Ygg2KjZh9io2YjYryDZgdi22KfZh9inINmF24zigIzZvtix2K/Yp9iy24zZhS4g2KrbjNmFINmF2Kcg2KfYsiDYp9mB2LHYp9iv24wg2KjYpyDYqtis2LHYqNmHINmIINmF2KrYrti12LUg2K/YsSDYstmF24zZhtmH4oCM2YfYp9uMINmF2K7YqtmE2YEg2KfYsiDYrNmF2YTZhyDYt9ix2KfYrduM2Iwg2KfYrNix2KfYjCDYrdiz2KfYqNiv2KfYsduMINmIINmF2K/bjNix24zYqiDYqti02qnbjNmEINi02K/ZhyDYp9iz2KouINin2LIg2LfYsdin2K3Yp9mGINiq2Kcg2qnYp9ix2q/Ysdin2YYg2qnYp9ix2KLYstmF2YjYr9mHINmF2KfYjCDZh9mF2Ycg2KjZhyDZh9iv2YEg2KfbjNis2KfYryDYp9ir2LHbjCDYqNuM4oCM2YbYuNuM2LEg2Ygg2KzYsNin2Kgg2KfYsiDahtmI2Kgg2K/YsSDZh9ixINm+2LHZiNqY2YfigIzYp9uMINqp2Ycg2KjZhyDYr9iz2Kog2YXbjOKAjNqv24zYsduM2YXYjCDZhdiq2LnZh9iv2YbYry4g2YXYpyDYqNinINin2YHYqtiu2KfYsSDYqNmHINiv2YbYqNin2YQg2KfYsdin2KbZhyDYqNmH2KrYsduM2YYg2YXYrdi12YjZhNin2Kog2Ygg2K7Yr9mF2KfYqiDYqNmHINmF2LTYqtix24zYp9mGINi52LLbjNiyINmH2LPYqtuM2YUuPHNwYW4gc3R5bGU9ImZvbnQtc2l6ZTogMTZweDsiPiZuYnNwOzwvc3Bhbj48L3A+', 'PHA+2YXYpyDYqNmHINi52YbZiNin2YYg2b7bjNi02LHZiCDYr9ixINiy2YXbjNmG2Ycg2LXZhti52Kog2obZiNio2Iwg2KjZhyDYp9ix2KfYptmHINix2KfZh9qp2KfYsdmH2KfbjNuMINmG2YjYotmI2LHYp9mG2Ycg2Ygg2LTbjNqpINio2LHYp9uMINiq2LLbjNuM2YYg2Ygg2KjZh9io2YjYryDZgdi22KfZh9inINmF24zigIzZvtix2K/Yp9iy24zZhS4g2KrbjNmFINmF2Kcg2KfYsiDYp9mB2LHYp9iv24wg2KjYpyDYqtis2LHYqNmHINmIINmF2KrYrti12LUg2K/YsSDYstmF24zZhtmH4oCM2YfYp9uMINmF2K7YqtmE2YEg2KfYsiDYrNmF2YTZhyDYt9ix2KfYrduM2Iwg2KfYrNix2KfYjCDYrdiz2KfYqNiv2KfYsduMINmIINmF2K/bjNix24zYqiDYqti02qnbjNmEINi02K/ZhyDYp9iz2KouINin2LIg2LfYsdin2K3Yp9mGINiq2Kcg2qnYp9ix2q/Ysdin2YYg2qnYp9ix2KLYstmF2YjYr9mHINmF2KfYjCDZh9mF2Ycg2KjZhyDZh9iv2YEg2KfbjNis2KfYryDYp9ir2LHbjCDYqNuM4oCM2YbYuNuM2LEg2Ygg2KzYsNin2Kgg2KfYsiDahtmI2Kgg2K/YsSDZh9ixINm+2LHZiNqY2YfigIzYp9uMINqp2Ycg2KjZhyDYr9iz2Kog2YXbjOKAjNqv24zYsduM2YXYjCDZhdiq2LnZh9iv2YbYry4g2YXYpyDYqNinINin2YHYqtiu2KfYsSDYqNmHINiv2YbYqNin2YQg2KfYsdin2KbZhyDYqNmH2KrYsduM2YYg2YXYrdi12YjZhNin2Kog2Ygg2K7Yr9mF2KfYqiDYqNmHINmF2LTYqtix24zYp9mGINi52LLbjNiyINmH2LPYqtuM2YUuPHNwYW4gc3R5bGU9ImZvbnQtc2l6ZTogMTZweDsiPiZuYnNwOzwvc3Bhbj48L3A+', 1),
(3349, 26, 0, '2026-01-04 22:03:01', 'package-string-6-1184', '', 'base64', 1, '2K/Ys9iq2LHYs9uMINiz2LHbjNi5', '2K/Ys9iq2LHYs9uMINiz2LHbjNi5', 1),
(3350, 26, 0, '2026-01-04 22:03:01', 'package-string-6-1185', '', 'base64', 1, 'PHA+PGEgaHJlZj0iaHR0cHM6Ly9wb3VyeWF3b29kLmNvbS8iPti12YHYrdmHINin2LXZhNuMPC9hPjwvcD48cD48YSBocmVmPSJodHRwczovL3BvdXJ5YXdvb2QuY29tLyVkOSViZSVkOCViMSVkOSU4OCVkYSU5OCVkOSU4Ny0lZDklODclZDglYTcvIj7Zvtix2YjamNmH4oCM2YfYpzwvYT48L3A+PHA+PGEgaHJlZj0iaHR0cHM6Ly9wb3VyeWF3b29kLmNvbS9jYXRlZ29yeS9ibG9nLyI+2YjYqNmE2KfarzwvYT48L3A+PHA+PGEgaHJlZj0iaHR0cHM6Ly9wb3VyeWF3b29kLmNvbS8lZDglYWYlZDglYjElZDglYTglZDglYTclZDglYjElZDklODctJWQ5JTg1JWQ4JWE3LyI+2K/Ysdio2KfYsdmHINmF2Kc8L2E+PC9wPjxwPjxhIGhyZWY9Imh0dHBzOi8vcG91cnlhd29vZC5jb20vJWQ5JTgxJWQ4JWIxJWQ4JWI1JWQ4JWFhLSVkOCViNCVkOCViYSVkOSU4NCVkYiU4Yy8iPtmB2LHYtdiqINi02LrZhNuMPC9hPjwvcD4=', 'PHA+PGEgaHJlZj0iaHR0cHM6Ly9wb3VyeWF3b29kLmNvbS8iPti12YHYrdmHINin2LXZhNuMPC9hPjwvcD48cD48YSBocmVmPSJodHRwczovL3BvdXJ5YXdvb2QuY29tLyVkOSViZSVkOCViMSVkOSU4OCVkYSU5OCVkOSU4Ny0lZDklODclZDglYTcvIj7Zvtix2YjamNmH4oCM2YfYpzwvYT48L3A+PHA+PGEgaHJlZj0iaHR0cHM6Ly9wb3VyeWF3b29kLmNvbS9jYXRlZ29yeS9ibG9nLyI+2YjYqNmE2KfarzwvYT48L3A+PHA+PGEgaHJlZj0iaHR0cHM6Ly9wb3VyeWF3b29kLmNvbS8lZDglYWYlZDglYjElZDglYTglZDglYTclZDglYjElZDklODctJWQ5JTg1JWQ4JWE3LyI+2K/Ysdio2KfYsdmHINmF2Kc8L2E+PC9wPjxwPjxhIGhyZWY9Imh0dHBzOi8vcG91cnlhd29vZC5jb20vJWQ5JTgxJWQ4JWIxJWQ4JWI1JWQ4JWFhLSVkOCViNCVkOCViYSVkOSU4NCVkYiU4Yy8iPtmB2LHYtdiqINi02LrZhNuMPC9hPjwvcD4=', 1),
(3351, 26, 0, '2026-01-04 22:03:01', 'package-string-6-1186', '', 'base64', 1, '2KrZhdin2LMg2KjYpyDZhdin', '2KrZhdin2LMg2KjYpyDZhdin', 1),
(3352, 26, 0, '2026-01-04 22:03:01', 'package-string-6-1187', '', 'base64', 1, 'PHA+2KrZhNmB2YY6wqA8YSBocmVmPSJ0ZWw6Kzk4MzEzNTU4MzM1MSI+MDMxMzU1ODMzNTE8L2E+PC9wPjxwPtin24zZhduM2YQ6IGluZm9AcG91cnlhd29vZC5pcjwvcD48cD7Yotiv2LHYszog2KfYtdmB2YfYp9mG2Iwg2b7ZhCDYqtmF2K/ZhtiMINiu24zYp9io2KfZhiDYtNmH24zYryDYrtiy2KfYptuM2Iwg2YXYrNiq2YXYuSDaqdin2LHar9in2YfbjCDZiNmE24zYudi12LHYjCDYtdmG2KfbjNi5INqG2YjYqCDZvtmI2LHbjNinPHNwYW4gc3R5bGU9ImZvbnQtc2l6ZTogMTRweDsiPsKgPC9zcGFuPjwvcD4=', 'PHA+2KrZhNmB2YY6wqA8YSBocmVmPSJ0ZWw6Kzk4MzEzNTU4MzM1MSI+MDMxMzU1ODMzNTE8L2E+PC9wPjxwPtin24zZhduM2YQ6IGluZm9AcG91cnlhd29vZC5pcjwvcD48cD7Yotiv2LHYszog2KfYtdmB2YfYp9mG2Iwg2b7ZhCDYqtmF2K/ZhtiMINiu24zYp9io2KfZhiDYtNmH24zYryDYrtiy2KfYptuM2Iwg2YXYrNiq2YXYuSDaqdin2LHar9in2YfbjCDZiNmE24zYudi12LHYjCDYtdmG2KfbjNi5INqG2YjYqCDZvtmI2LHbjNinPHNwYW4gc3R5bGU9ImZvbnQtc2l6ZTogMTRweDsiPsKgPC9zcGFuPjwvcD4=', 1),
(3353, 26, 0, '2026-01-04 22:03:01', 'package-string-6-1188', '', 'base64', 1, 'PHA+2KrZhdin2YUg2K3ZgtmI2YIg2YXYp9iv24wg2Ygg2YXYudmG2YjbjCDYqNix2KfbjCDYtdin2K3YqCDYp9ir2LEg2YXYrdmB2YjYuCDYp9iz2KouPC9wPg==', 'PHA+2KrZhdin2YUg2K3ZgtmI2YIg2YXYp9iv24wg2Ygg2YXYudmG2YjbjCDYqNix2KfbjCDYtdin2K3YqCDYp9ir2LEg2YXYrdmB2YjYuCDYp9iz2KouPC9wPg==', 1),
(3354, 26, 0, '2026-01-04 22:03:01', 'package-string-6-1189', '', 'base64', 1, 'PHNwYW4gc3R5bGU9ImNvbG9yOiAjZmZmZmZmOyI+2LfYsdin2K3bjCDZiCDYp9is2LHYpzogPGEgc3R5bGU9ImNvbG9yOiAjZmZmZmZmOyIgaHJlZj0iaHR0cDovL2FkbWVoci5jb20iPtmH2YTYr9uM2YbaryDZhdmH2LE8L2E+PC9zcGFuPg==', 'PHNwYW4gc3R5bGU9ImNvbG9yOiAjZmZmZmZmOyI+2LfYsdin2K3bjCDZiCDYp9is2LHYpzogPGEgc3R5bGU9ImNvbG9yOiAjZmZmZmZmOyIgaHJlZj0iaHR0cDovL2FkbWVoci5jb20iPtmH2YTYr9uM2YbaryDZhdmH2LE8L2E+PC9zcGFuPg==', 1),
(3355, 27, 0, '2026-01-04 22:22:35', 'original_id', '', '', 0, '949', '2057', 1),
(3358, 27, 0, '2026-01-04 22:22:35', 'excerpt', '', 'base64', 1, '', '', 1),
(3361, 27, 0, '2026-01-04 22:22:35', 'package-string-7-1195', '', 'base64', 1, 'PGgxIHN0eWxlPSJ0ZXh0LWFsaWduOiByaWdodDsiPtm+2LHZiNqY2YfigIzZh9inPC9oMT4=', 'PGgxIHN0eWxlPSJ0ZXh0LWFsaWduOiByaWdodDsiPtm+2LHZiNqY2YfigIzZh9inPC9oMT4=', 1),
(3362, 28, 0, '2026-01-05 14:39:24', 'original_id', '', '', 0, '903', '2078', 1),
(3363, 28, 0, '2026-01-05 14:39:24', 'title', '', 'base64', 1, '2K/Ysdio2KfYsdmHINmF2Kc=', 'QWJvdXQgVXM=', 1),
(3364, 28, 0, '2026-01-05 14:39:24', 'body', '', 'base64', 0, '[encoded data, 22476 characters]', '[encoded data, 15436 characters]', 1),
(3372, 29, 0, '2026-01-05 14:46:47', 'original_id', '', '', 0, '875', '2084', 1),
(3373, 29, 0, '2026-01-05 14:46:47', 'title', '', 'base64', 1, '2KrZhdin2LMg2KjYpyDZhdin', 'Q29udGFjdCBVcw==', 1);
INSERT INTO `wp_icl_translate` (`tid`, `job_id`, `content_id`, `timestamp`, `field_type`, `field_wrap_tag`, `field_format`, `field_translate`, `field_data`, `field_data_translated`, `field_finished`) VALUES
(3374, 29, 0, '2026-01-05 14:46:47', 'body', '', 'base64', 0, '[encoded data, 4892 characters]', '[encoded data, 4604 characters]', 1),
(3365, 28, 0, '2026-01-05 14:39:24', 'excerpt', '', 'base64', 1, '', '', 1),
(3368, 28, 0, '2026-01-05 14:39:24', 'package-string-8-1196', '', 'base64', 1, 'PGgxIHN0eWxlPSJ0ZXh0LWFsaWduOiByaWdodDsiPtiv2LHYqNin2LHZhyDZhdinPC9oMT4=', 'PGgxIHN0eWxlPSJ0ZXh0LWFsaWduOiByaWdodDsiPtiv2LHYqNin2LHZhyDZhdinPC9oMT4=', 1),
(3369, 28, 0, '2026-01-05 14:39:24', 'package-string-8-1197', '', 'base64', 1, '[encoded data, 17300 characters]', '[encoded data, 17300 characters]', 1),
(3370, 28, 0, '2026-01-05 14:39:24', 'package-string-8-1198', '', 'base64', 1, 'PGgxIHN0eWxlPSJ0ZXh0LWFsaWduOiByaWdodDsiPtin2LIg2LLYqNin2YYg2YXYr9uM2LHYudin2YXZhDo8L2gxPg==', 'PGgxIHN0eWxlPSJ0ZXh0LWFsaWduOiByaWdodDsiPtin2LIg2LLYqNin2YYg2YXYr9uM2LHYudin2YXZhDo8L2gxPg==', 1);
INSERT INTO `wp_icl_translate` (`tid`, `job_id`, `content_id`, `timestamp`, `field_type`, `field_wrap_tag`, `field_format`, `field_translate`, `field_data`, `field_data_translated`, `field_finished`) VALUES
(3371, 28, 0, '2026-01-05 14:39:24', 'package-string-8-1199', '', 'base64', 1, '[encoded data, 4744 characters]', '[encoded data, 4744 characters]', 1),
(3375, 29, 0, '2026-01-05 14:46:47', 'excerpt', '', 'base64', 1, '', '', 1),
(3378, 29, 0, '2026-01-05 14:46:47', 'package-string-9-1200', '', 'base64', 1, 'PGgxIHN0eWxlPSJ0ZXh0LWFsaWduOiByaWdodDsiPjxiPtiq2YXYp9izINio2Kcg2YXYpzwvYj48L2gxPjxwPsKg2YXYpyDYr9ixINi12YbYp9uM2Lkg2obZiNioINm+2YjYsduM2KfYjCDYqNinINiq2qnbjNmHINio2LEg2KrYrti12LUg2Ygg2YbZiCDYotmI2LHbjCDYr9ixINi12YbYudiqINqG2YjYqNiMINii2YXYp9iv2YfigIzYp9uM2YUg2KrYpyDZgdi22KfZh9in24wg2LTZhdinINix2Kcg2KjYpyDYt9ix2KfYrduM4oCM2YfYp9uMINi024zaqSDZiCDZhdit2LXZiNmE2KfYqiDYqNinINqp24zZgduM2Kog2LLbjNio2KfYqtixINqp2YbbjNmFLiDYqtuM2YUg2K3YsdmB2YfigIzYp9uMINmF2Kcg2KfYsiDYt9ix2KfYrduMINiq2Kcg2KfYrNix2Kcg2YfZhdix2KfZhyDYtNmF2KfYs9iqLiDYqNix2KfbjCDZhdi02KfZiNix2Ycg24zYpyDZh9mF2qnYp9ix24zYjCDYqNinINmF2Kcg2KrZhdin2LMg2Kjar9uM2LHbjNivLjwvcD48dWw+PGxpIHN0eWxlPSJ0ZXh0LWFsaWduOiByaWdodDsiPtiq2YTZgdmGOiA8YSBocmVmPSJ0ZWw6Kzk4MzEzNTU4MzM1MSI+MDMxMzU1ODMzNTE8L2E+PC9saT48bGkgc3R5bGU9InRleHQtYWxpZ246IHJpZ2h0OyI+2KfbjNmF24zZhDogPGEgaHJlZj0ibWFpbHRvOmluZm9AcG91cnlhd29vZC5pciI+aW5mb0Bwb3VyeWF3b29kLmlyPC9hPjwvbGk+PGxpIHN0eWxlPSJ0ZXh0LWFsaWduOiByaWdodDsiPtii2K/YsdizOiA8YT7Yp9i12YHZh9in2YYg2Iwg2b7ZhCDYqtmF2K/ZhtiMINiu24zYp9io2KfZhiDYtNmH24zYryDYrtiy2KfYptuM2Iwg2YXYrNiq2YXYuSDaqdin2LHar9in2YfbjCDZiNmE24zYudi12LHYjCDYtdmG2KfbjNi5INqG2YjYqCDZvtmI2LHbjNinPC9hPjwvbGk+PC91bD4=', 'PGgxIHN0eWxlPSJ0ZXh0LWFsaWduOiByaWdodDsiPjxiPtiq2YXYp9izINio2Kcg2YXYpzwvYj48L2gxPjxwPsKg2YXYpyDYr9ixINi12YbYp9uM2Lkg2obZiNioINm+2YjYsduM2KfYjCDYqNinINiq2qnbjNmHINio2LEg2KrYrti12LUg2Ygg2YbZiCDYotmI2LHbjCDYr9ixINi12YbYudiqINqG2YjYqNiMINii2YXYp9iv2YfigIzYp9uM2YUg2KrYpyDZgdi22KfZh9in24wg2LTZhdinINix2Kcg2KjYpyDYt9ix2KfYrduM4oCM2YfYp9uMINi024zaqSDZiCDZhdit2LXZiNmE2KfYqiDYqNinINqp24zZgduM2Kog2LLbjNio2KfYqtixINqp2YbbjNmFLiDYqtuM2YUg2K3YsdmB2YfigIzYp9uMINmF2Kcg2KfYsiDYt9ix2KfYrduMINiq2Kcg2KfYrNix2Kcg2YfZhdix2KfZhyDYtNmF2KfYs9iqLiDYqNix2KfbjCDZhdi02KfZiNix2Ycg24zYpyDZh9mF2qnYp9ix24zYjCDYqNinINmF2Kcg2KrZhdin2LMg2Kjar9uM2LHbjNivLjwvcD48dWw+PGxpIHN0eWxlPSJ0ZXh0LWFsaWduOiByaWdodDsiPtiq2YTZgdmGOiA8YSBocmVmPSJ0ZWw6Kzk4MzEzNTU4MzM1MSI+MDMxMzU1ODMzNTE8L2E+PC9saT48bGkgc3R5bGU9InRleHQtYWxpZ246IHJpZ2h0OyI+2KfbjNmF24zZhDogPGEgaHJlZj0ibWFpbHRvOmluZm9AcG91cnlhd29vZC5pciI+aW5mb0Bwb3VyeWF3b29kLmlyPC9hPjwvbGk+PGxpIHN0eWxlPSJ0ZXh0LWFsaWduOiByaWdodDsiPtii2K/YsdizOiA8YT7Yp9i12YHZh9in2YYg2Iwg2b7ZhCDYqtmF2K/ZhtiMINiu24zYp9io2KfZhiDYtNmH24zYryDYrtiy2KfYptuM2Iwg2YXYrNiq2YXYuSDaqdin2LHar9in2YfbjCDZiNmE24zYudi12LHYjCDYtdmG2KfbjNi5INqG2YjYqCDZvtmI2LHbjNinPC9hPjwvbGk+PC91bD4=', 1),
(3379, 29, 0, '2026-01-05 14:46:47', 'package-string-9-1201', '', 'base64', 1, 'PGlmcmFtZSBzcmM9Imh0dHBzOi8vd3d3Lmdvb2dsZS5jb20vbWFwcy9lbWJlZD9wYj0hMW0xOCExbTEyITFtMyExZDEzNDI5Ljc4NjQ1NzAxNzUyNCEyZDUxLjc0NzIzOTEwNDQ3NjkzITNkMzIuNzAwNzU4MTEwMjk2NiEybTMhMWYwITJmMCEzZjAhM20yITFpMTAyNCEyaTc2OCE0ZjEzLjEhM20zITFtMiExczB4M2ZiYzRiOGVkZDhlOTEzMSUzQTB4M2Q2YzFkMzhmMjFkYzcyMyEyejJMWFpodGluMjR6WXVTRGFodG1JMktnZzJiN1ppTml4MjR6WXB3ITVlMCEzbTIhMXNlbiEycyE0djE3NDg3NzI3NDkzNjkhNW0yITFzZW4hMnMiIHdpZHRoPSI2MDAiIGhlaWdodD0iNDUwIiBzdHlsZT0iYm9yZGVyOjA7IiBhbGxvd2Z1bGxzY3JlZW49IiIgbG9hZGluZz0ibGF6eSIgcmVmZXJyZXJwb2xpY3k9Im5vLXJlZmVycmVyLXdoZW4tZG93bmdyYWRlIj48L2lmcmFtZT4=', 'PGlmcmFtZSBzcmM9Imh0dHBzOi8vd3d3Lmdvb2dsZS5jb20vbWFwcy9lbWJlZD9wYj0hMW0xOCExbTEyITFtMyExZDEzNDI5Ljc4NjQ1NzAxNzUyNCEyZDUxLjc0NzIzOTEwNDQ3NjkzITNkMzIuNzAwNzU4MTEwMjk2NiEybTMhMWYwITJmMCEzZjAhM20yITFpMTAyNCEyaTc2OCE0ZjEzLjEhM20zITFtMiExczB4M2ZiYzRiOGVkZDhlOTEzMSUzQTB4M2Q2YzFkMzhmMjFkYzcyMyEyejJMWFpodGluMjR6WXVTRGFodG1JMktnZzJiN1ppTml4MjR6WXB3ITVlMCEzbTIhMXNlbiEycyE0djE3NDg3NzI3NDkzNjkhNW0yITFzZW4hMnMiIHdpZHRoPSI2MDAiIGhlaWdodD0iNDUwIiBzdHlsZT0iYm9yZGVyOjA7IiBhbGxvd2Z1bGxzY3JlZW49IiIgbG9hZGluZz0ibGF6eSIgcmVmZXJyZXJwb2xpY3k9Im5vLXJlZmVycmVyLXdoZW4tZG93bmdyYWRlIj48L2lmcmFtZT4=', 1);

-- --------------------------------------------------------

--
-- Table structure for table `wp_icl_translate_job`
--

CREATE TABLE `wp_icl_translate_job` (
  `job_id` bigint(20) UNSIGNED NOT NULL,
  `rid` bigint(20) UNSIGNED NOT NULL,
  `translator_id` int(10) UNSIGNED NOT NULL,
  `translated` tinyint(3) UNSIGNED NOT NULL DEFAULT 0,
  `manager_id` int(10) UNSIGNED NOT NULL,
  `revision` int(10) UNSIGNED DEFAULT NULL,
  `title` varchar(160) DEFAULT NULL,
  `deadline_date` datetime DEFAULT NULL,
  `completed_date` datetime DEFAULT NULL,
  `editor` varchar(16) DEFAULT NULL,
  `editor_job_id` bigint(20) UNSIGNED DEFAULT NULL,
  `edit_timestamp` int(11) UNSIGNED DEFAULT NULL,
  `automatic` tinyint(3) UNSIGNED NOT NULL DEFAULT 0,
  `ate_sync_count` int(6) UNSIGNED DEFAULT 0
) ENGINE=MyISAM DEFAULT CHARSET=utf8mb4 COLLATE=utf8mb4_unicode_520_ci;

--
-- Dumping data for table `wp_icl_translate_job`
--

INSERT INTO `wp_icl_translate_job` (`job_id`, `rid`, `translator_id`, `translated`, `manager_id`, `revision`, `title`, `deadline_date`, `completed_date`, `editor`, `editor_job_id`, `edit_timestamp`, `automatic`, `ate_sync_count`) VALUES
(1, 1, 2, 1, 2, NULL, 'فروشگاه', NULL, NULL, 'wp', NULL, NULL, 0, 0),
(2, 2, 2, 1, 2, NULL, 'سبد خرید', NULL, NULL, 'wp', NULL, NULL, 0, 0),
(3, 3, 2, 1, 2, NULL, 'پرداخت', NULL, NULL, 'wp', NULL, NULL, 0, 0),
(4, 4, 2, 1, 2, NULL, 'حساب کاربری من', NULL, NULL, 'wp', NULL, NULL, 0, 0),
(5, 398, 2, 1, 2, NULL, 'home', '0000-00-00 00:00:00', '2026-01-04 08:29:57', 'wp', NULL, NULL, 0, 0),
(6, 399, 2, 1, 2, NULL, 'پروژه عباس آباد قدیم', '0000-00-00 00:00:00', '2026-01-04 09:39:11', 'wp', NULL, NULL, 0, 0),
(26, 419, 2, 1, 2, NULL, 'footer', NULL, NULL, 'wp', NULL, NULL, 0, 0),
(7, 400, 2, 1, 2, NULL, 'پروژه توحید', NULL, NULL, 'wp', NULL, NULL, 0, 0),
(8, 401, 2, 1, 2, NULL, 'پروژه مرداویج', NULL, NULL, 'wp', NULL, NULL, 0, 0),
(9, 402, 2, 1, 2, NULL, 'پروژه رویال پارک', NULL, NULL, 'wp', NULL, NULL, 0, 0),
(10, 403, 2, 1, 2, NULL, 'پروژه فرایبورگ', NULL, NULL, 'wp', NULL, NULL, 0, 0),
(11, 404, 2, 1, 2, NULL, 'پروژه عباس آباد ۲', NULL, NULL, 'wp', NULL, NULL, 0, 0),
(12, 405, 2, 1, 2, NULL, 'پروژه پل شیری', NULL, NULL, 'wp', NULL, NULL, 0, 0),
(13, 406, 2, 1, 2, NULL, 'پروژه نظر', NULL, NULL, 'wp', NULL, NULL, 0, 0),
(14, 407, 2, 1, 2, NULL, 'پروژه ابوالحسنی', NULL, NULL, 'wp', NULL, NULL, 0, 0),
(15, 408, 2, 1, 2, NULL, 'پروژه مهرآباد - نیکان', NULL, NULL, 'wp', NULL, NULL, 0, 0),
(16, 409, 2, 1, 2, NULL, 'پروژه شکوفه', NULL, NULL, 'wp', NULL, NULL, 0, 0),
(17, 410, 2, 1, 2, NULL, 'پروژه عباس آباد ۱', NULL, NULL, 'wp', NULL, NULL, 0, 0),
(18, 411, 2, 1, 2, NULL, 'پروژه ارس ۲', NULL, NULL, 'wp', NULL, NULL, 0, 0),
(19, 412, 2, 1, 2, NULL, 'پروژه ارس', NULL, NULL, 'wp', NULL, NULL, 0, 0),
(20, 413, 2, 1, 2, NULL, 'پروژه مهرآباد', NULL, NULL, 'wp', NULL, NULL, 0, 0),
(21, 415, 2, 1, 2, NULL, 'پروژه آبشار', NULL, NULL, 'wp', NULL, NULL, 0, 0),
(22, 414, 2, 1, 2, NULL, 'پروژه بوستان', NULL, NULL, 'wp', NULL, NULL, 0, 0),
(23, 416, 2, 1, 2, NULL, 'پروژه‌های مدرن', '0000-00-00 00:00:00', '2026-01-04 21:25:12', 'ate', 175414630, NULL, 0, 11),
(24, 417, 2, 1, 2, NULL, 'پروژه‌های نئوکلاسیک', NULL, NULL, 'wp', NULL, NULL, 0, 0),
(25, 418, 2, 1, 2, NULL, 'صنایع چوب کلاسیک', NULL, NULL, 'wp', NULL, NULL, 0, 0),
(27, 420, 2, 1, 2, NULL, 'پروژه‌ها', NULL, NULL, 'wp', NULL, NULL, 0, 0),
(28, 421, 2, 1, 2, NULL, 'درباره ما', NULL, NULL, 'wp', NULL, NULL, 0, 0),
(29, 422, 2, 1, 2, NULL, 'تماس با ما', NULL, NULL, 'wp', NULL, NULL, 0, 0);

-- --------------------------------------------------------

--
-- Table structure for table `wp_icl_translations`
--

CREATE TABLE `wp_icl_translations` (
  `translation_id` bigint(20) NOT NULL,
  `element_type` varchar(60) NOT NULL DEFAULT 'post_post',
  `element_id` bigint(20) DEFAULT NULL,
  `trid` bigint(20) NOT NULL,
  `language_code` varchar(7) NOT NULL,
  `source_language_code` varchar(7) DEFAULT NULL
) ENGINE=MyISAM DEFAULT CHARSET=utf8mb4 COLLATE=utf8mb4_unicode_520_ci;

--
-- Dumping data for table `wp_icl_translations`
--

INSERT INTO `wp_icl_translations` (`translation_id`, `element_type`, `element_id`, `trid`, `language_code`, `source_language_code`) VALUES
(1, 'post_cms_block', 266, 266, 'fa', NULL),
(2, 'post_cms_block', 649, 649, 'fa', NULL),
(3, 'post_custom_css', 98, 98, 'fa', NULL),
(4, 'post_custom_css', 1545, 1545, 'fa', NULL),
(5, 'post_elementor_library', 7, 7, 'fa', NULL),
(6, 'post_nav_menu_item', 75, 75, 'fa', NULL),
(7, 'post_nav_menu_item', 883, 883, 'fa', NULL),
(8, 'post_nav_menu_item', 913, 913, 'fa', NULL),
(9, 'post_nav_menu_item', 914, 914, 'fa', NULL),
(10, 'post_nav_menu_item', 954, 954, 'fa', NULL),
(11, 'post_nav_menu_item', 1135, 1135, 'fa', NULL),
(12, 'post_nav_menu_item', 1139, 1139, 'fa', NULL),
(13, 'post_nav_menu_item', 1140, 1140, 'fa', NULL),
(14, 'post_nav_menu_item', 1141, 1141, 'fa', NULL),
(15, 'post_nav_menu_item', 1489, 1489, 'fa', NULL),
(16, 'post_nav_menu_item', 1491, 1491, 'fa', NULL),
(17, 'post_nav_menu_item', 1492, 1492, 'fa', NULL),
(18, 'post_nav_menu_item', 1493, 1493, 'fa', NULL),
(19, 'post_nav_menu_item', 1494, 1494, 'fa', NULL),
(20, 'post_nav_menu_item', 1495, 1495, 'fa', NULL),
(21, 'post_nav_menu_item', 1496, 1496, 'fa', NULL),
(22, 'post_nav_menu_item', 1497, 1497, 'fa', NULL),
(23, 'post_oembed_cache', 340, 340, 'fa', NULL),
(24, 'post_oembed_cache', 732, 732, 'fa', NULL),
(25, 'post_page', 3, 3, 'fa', NULL),
(26, 'post_page', 13, 13, 'fa', NULL),
(27, 'post_page', 2, 2, 'fa', NULL),
(28, 'post_page', 9, 9, 'fa', NULL),
(29, 'post_page', 10, 10, 'fa', NULL),
(30, 'post_page', 11, 11, 'fa', NULL),
(31, 'post_page', 12, 12, 'fa', NULL),
(32, 'post_page', 20, 20, 'fa', NULL),
(33, 'post_page', 174, 174, 'fa', NULL),
(34, 'post_page', 875, 875, 'fa', NULL),
(35, 'post_page', 903, 903, 'fa', NULL),
(36, 'post_page', 908, 908, 'fa', NULL),
(37, 'post_page', 949, 949, 'fa', NULL),
(38, 'post_post', 1112, 1112, 'fa', NULL),
(39, 'post_post', 1116, 1116, 'fa', NULL),
(40, 'post_post', 1124, 1124, 'fa', NULL),
(41, 'post_product', 696, 696, 'fa', NULL),
(42, 'post_product', 710, 710, 'fa', NULL),
(43, 'post_product', 748, 748, 'fa', NULL),
(44, 'post_product', 778, 778, 'fa', NULL),
(45, 'post_product', 807, 807, 'fa', NULL),
(46, 'post_product', 828, 828, 'fa', NULL),
(47, 'post_product', 851, 851, 'fa', NULL),
(48, 'post_product', 955, 955, 'fa', NULL),
(49, 'post_product', 974, 974, 'fa', NULL),
(50, 'post_product', 987, 987, 'fa', NULL),
(51, 'post_product', 1002, 1002, 'fa', NULL),
(52, 'post_product', 1031, 1031, 'fa', NULL),
(53, 'post_product', 1040, 1040, 'fa', NULL),
(54, 'post_product', 1378, 1378, 'fa', NULL),
(55, 'post_product', 1411, 1411, 'fa', NULL),
(56, 'post_product', 1441, 1441, 'fa', NULL),
(57, 'post_product', 1466, 1466, 'fa', NULL),
(58, 'post_wp_global_styles', 19, 19, 'fa', NULL),
(59, 'post_wp_navigation', 1543, 1543, 'fa', NULL),
(60, 'tax_category', 1, 1547, 'fa', NULL),
(61, 'tax_category', 21, 1567, 'fa', NULL),
(62, 'tax_nav_menu', 17, 1585, 'fa', NULL),
(63, 'tax_wp_theme', 16, 1602, 'fa', NULL),
(94, 'package_block', 1, 1649, 'fa', NULL),
(92, 'tax_product_cat', 30, 1648, 'fa', NULL),
(91, 'tax_product_cat', 29, 1639, 'en', 'fa'),
(68, 'tax_product_visibility', 6, 1615, 'fa', NULL),
(69, 'tax_product_visibility', 7, 1616, 'fa', NULL),
(70, 'tax_product_visibility', 8, 1617, 'fa', NULL),
(71, 'tax_product_visibility', 9, 1618, 'fa', NULL),
(72, 'tax_product_visibility', 10, 1619, 'fa', NULL),
(73, 'tax_product_visibility', 11, 1620, 'fa', NULL),
(74, 'tax_product_visibility', 12, 1621, 'fa', NULL),
(75, 'tax_product_visibility', 13, 1622, 'fa', NULL),
(76, 'tax_product_visibility', 14, 1623, 'fa', NULL),
(77, 'tax_product_cat', 15, 1639, 'fa', NULL),
(78, 'tax_product_cat', 18, 1642, 'fa', NULL),
(79, 'tax_product_cat', 19, 1643, 'fa', NULL),
(80, 'tax_product_cat', 20, 1644, 'fa', NULL),
(81, 'tax_category', 22, 1547, 'en', 'fa'),
(83, 'tax_translation_priority', 23, 1645, 'fa', NULL),
(84, 'tax_translation_priority', 24, 1645, 'en', 'fa'),
(86, 'tax_translation_priority', 25, 1646, 'fa', NULL),
(87, 'tax_translation_priority', 26, 1646, 'en', 'fa'),
(89, 'tax_translation_priority', 27, 1647, 'fa', NULL),
(90, 'tax_translation_priority', 28, 1647, 'en', 'fa'),
(95, 'post_attachment', 8, 1658, 'fa', NULL),
(96, 'post_attachment', 27, 1677, 'fa', NULL),
(97, 'post_attachment', 28, 1678, 'fa', NULL),
(98, 'post_attachment', 29, 1679, 'fa', NULL),
(99, 'post_attachment', 34, 1684, 'fa', NULL),
(100, 'post_attachment', 42, 1692, 'fa', NULL),
(101, 'post_attachment', 43, 1693, 'fa', NULL),
(102, 'post_attachment', 100, 1750, 'fa', NULL),
(103, 'post_attachment', 101, 1751, 'fa', NULL),
(104, 'post_attachment', 102, 1752, 'fa', NULL),
(105, 'post_attachment', 124, 1774, 'fa', NULL),
(106, 'post_attachment', 142, 1792, 'fa', NULL),
(107, 'post_attachment', 285, 1935, 'fa', NULL),
(108, 'post_attachment', 287, 1937, 'fa', NULL),
(109, 'post_attachment', 293, 1943, 'fa', NULL),
(110, 'post_attachment', 294, 1944, 'fa', NULL),
(111, 'post_attachment', 295, 1945, 'fa', NULL),
(112, 'post_attachment', 332, 1982, 'fa', NULL),
(113, 'post_attachment', 333, 1983, 'fa', NULL),
(114, 'post_attachment', 334, 1984, 'fa', NULL),
(115, 'post_attachment', 335, 1985, 'fa', NULL),
(116, 'post_attachment', 336, 1986, 'fa', NULL),
(117, 'post_attachment', 337, 1987, 'fa', NULL),
(118, 'post_attachment', 338, 1988, 'fa', NULL),
(119, 'post_attachment', 339, 1989, 'fa', NULL),
(120, 'post_attachment', 342, 1992, 'fa', NULL),
(121, 'post_attachment', 343, 1993, 'fa', NULL),
(122, 'post_attachment', 344, 1994, 'fa', NULL),
(123, 'post_attachment', 348, 1998, 'fa', NULL),
(124, 'post_attachment', 349, 1999, 'fa', NULL),
(125, 'post_attachment', 350, 2000, 'fa', NULL),
(126, 'post_attachment', 357, 2007, 'fa', NULL),
(127, 'post_attachment', 610, 2260, 'fa', NULL),
(128, 'post_attachment', 611, 2261, 'fa', NULL),
(129, 'post_attachment', 612, 2262, 'fa', NULL),
(130, 'post_attachment', 613, 2263, 'fa', NULL),
(131, 'post_attachment', 667, 2317, 'fa', NULL),
(132, 'post_attachment', 699, 2349, 'fa', NULL),
(133, 'post_attachment', 700, 2350, 'fa', NULL),
(134, 'post_attachment', 701, 2351, 'fa', NULL),
(135, 'post_attachment', 702, 2352, 'fa', NULL),
(136, 'post_attachment', 703, 2353, 'fa', NULL),
(137, 'post_attachment', 704, 2354, 'fa', NULL),
(138, 'post_attachment', 705, 2355, 'fa', NULL),
(139, 'post_attachment', 706, 2356, 'fa', NULL),
(140, 'post_attachment', 707, 2357, 'fa', NULL),
(141, 'post_attachment', 708, 2358, 'fa', NULL),
(142, 'post_attachment', 712, 2362, 'fa', NULL),
(143, 'post_attachment', 713, 2363, 'fa', NULL),
(144, 'post_attachment', 714, 2364, 'fa', NULL),
(145, 'post_attachment', 715, 2365, 'fa', NULL),
(146, 'post_attachment', 716, 2366, 'fa', NULL),
(147, 'post_attachment', 717, 2367, 'fa', NULL),
(148, 'post_attachment', 718, 2368, 'fa', NULL),
(149, 'post_attachment', 719, 2369, 'fa', NULL),
(150, 'post_attachment', 720, 2370, 'fa', NULL),
(151, 'post_attachment', 721, 2371, 'fa', NULL),
(152, 'post_attachment', 722, 2372, 'fa', NULL),
(153, 'post_attachment', 723, 2373, 'fa', NULL),
(154, 'post_attachment', 724, 2374, 'fa', NULL),
(155, 'post_attachment', 725, 2375, 'fa', NULL),
(156, 'post_attachment', 726, 2376, 'fa', NULL),
(157, 'post_attachment', 727, 2377, 'fa', NULL),
(158, 'post_attachment', 728, 2378, 'fa', NULL),
(159, 'post_attachment', 729, 2379, 'fa', NULL),
(160, 'post_attachment', 749, 2399, 'fa', NULL),
(161, 'post_attachment', 750, 2400, 'fa', NULL),
(162, 'post_attachment', 751, 2401, 'fa', NULL),
(163, 'post_attachment', 752, 2402, 'fa', NULL),
(164, 'post_attachment', 753, 2403, 'fa', NULL),
(165, 'post_attachment', 754, 2404, 'fa', NULL),
(166, 'post_attachment', 755, 2405, 'fa', NULL),
(167, 'post_attachment', 756, 2406, 'fa', NULL),
(168, 'post_attachment', 757, 2407, 'fa', NULL),
(169, 'post_attachment', 758, 2408, 'fa', NULL),
(170, 'post_attachment', 759, 2409, 'fa', NULL),
(171, 'post_attachment', 760, 2410, 'fa', NULL),
(172, 'post_attachment', 761, 2411, 'fa', NULL),
(173, 'post_attachment', 762, 2412, 'fa', NULL),
(174, 'post_attachment', 763, 2413, 'fa', NULL),
(175, 'post_attachment', 764, 2414, 'fa', NULL),
(176, 'post_attachment', 765, 2415, 'fa', NULL),
(177, 'post_attachment', 766, 2416, 'fa', NULL),
(178, 'post_attachment', 767, 2417, 'fa', NULL),
(179, 'post_attachment', 768, 2418, 'fa', NULL),
(180, 'post_attachment', 769, 2419, 'fa', NULL),
(181, 'post_attachment', 770, 2420, 'fa', NULL),
(182, 'post_attachment', 771, 2421, 'fa', NULL),
(183, 'post_attachment', 772, 2422, 'fa', NULL),
(184, 'post_attachment', 773, 2423, 'fa', NULL),
(185, 'post_attachment', 774, 2424, 'fa', NULL),
(186, 'post_attachment', 775, 2425, 'fa', NULL),
(187, 'post_attachment', 776, 2426, 'fa', NULL),
(188, 'post_attachment', 779, 2429, 'fa', NULL),
(189, 'post_attachment', 780, 2430, 'fa', NULL),
(190, 'post_attachment', 781, 2431, 'fa', NULL),
(191, 'post_attachment', 782, 2432, 'fa', NULL),
(192, 'post_attachment', 783, 2433, 'fa', NULL),
(193, 'post_attachment', 784, 2434, 'fa', NULL),
(194, 'post_attachment', 785, 2435, 'fa', NULL),
(195, 'post_attachment', 786, 2436, 'fa', NULL),
(196, 'post_attachment', 787, 2437, 'fa', NULL),
(197, 'post_attachment', 788, 2438, 'fa', NULL),
(198, 'post_attachment', 789, 2439, 'fa', NULL),
(199, 'post_attachment', 790, 2440, 'fa', NULL),
(200, 'post_attachment', 791, 2441, 'fa', NULL),
(201, 'post_attachment', 792, 2442, 'fa', NULL),
(202, 'post_attachment', 793, 2443, 'fa', NULL),
(203, 'post_attachment', 794, 2444, 'fa', NULL),
(204, 'post_attachment', 795, 2445, 'fa', NULL),
(205, 'post_attachment', 796, 2446, 'fa', NULL),
(206, 'post_attachment', 797, 2447, 'fa', NULL),
(207, 'post_attachment', 798, 2448, 'fa', NULL),
(208, 'post_attachment', 799, 2449, 'fa', NULL),
(209, 'post_attachment', 800, 2450, 'fa', NULL),
(210, 'post_attachment', 801, 2451, 'fa', NULL),
(211, 'post_attachment', 802, 2452, 'fa', NULL),
(212, 'post_attachment', 803, 2453, 'fa', NULL),
(213, 'post_attachment', 804, 2454, 'fa', NULL),
(214, 'post_attachment', 805, 2455, 'fa', NULL),
(215, 'post_attachment', 808, 2458, 'fa', NULL),
(216, 'post_attachment', 809, 2459, 'fa', NULL),
(217, 'post_attachment', 810, 2460, 'fa', NULL),
(218, 'post_attachment', 811, 2461, 'fa', NULL),
(219, 'post_attachment', 812, 2462, 'fa', NULL),
(220, 'post_attachment', 813, 2463, 'fa', NULL),
(221, 'post_attachment', 814, 2464, 'fa', NULL),
(222, 'post_attachment', 815, 2465, 'fa', NULL),
(223, 'post_attachment', 816, 2466, 'fa', NULL),
(224, 'post_attachment', 817, 2467, 'fa', NULL),
(225, 'post_attachment', 818, 2468, 'fa', NULL),
(226, 'post_attachment', 819, 2469, 'fa', NULL),
(227, 'post_attachment', 820, 2470, 'fa', NULL),
(228, 'post_attachment', 821, 2471, 'fa', NULL),
(229, 'post_attachment', 822, 2472, 'fa', NULL),
(230, 'post_attachment', 823, 2473, 'fa', NULL),
(231, 'post_attachment', 824, 2474, 'fa', NULL),
(232, 'post_attachment', 825, 2475, 'fa', NULL),
(233, 'post_attachment', 829, 2479, 'fa', NULL),
(234, 'post_attachment', 830, 2480, 'fa', NULL),
(235, 'post_attachment', 831, 2481, 'fa', NULL),
(236, 'post_attachment', 832, 2482, 'fa', NULL),
(237, 'post_attachment', 833, 2483, 'fa', NULL),
(238, 'post_attachment', 834, 2484, 'fa', NULL),
(239, 'post_attachment', 835, 2485, 'fa', NULL),
(240, 'post_attachment', 836, 2486, 'fa', NULL),
(241, 'post_attachment', 837, 2487, 'fa', NULL),
(242, 'post_attachment', 838, 2488, 'fa', NULL),
(243, 'post_attachment', 839, 2489, 'fa', NULL),
(244, 'post_attachment', 840, 2490, 'fa', NULL),
(245, 'post_attachment', 841, 2491, 'fa', NULL),
(246, 'post_attachment', 842, 2492, 'fa', NULL),
(247, 'post_attachment', 843, 2493, 'fa', NULL),
(248, 'post_attachment', 844, 2494, 'fa', NULL),
(249, 'post_attachment', 845, 2495, 'fa', NULL),
(250, 'post_attachment', 846, 2496, 'fa', NULL),
(251, 'post_attachment', 847, 2497, 'fa', NULL),
(252, 'post_attachment', 848, 2498, 'fa', NULL),
(253, 'post_attachment', 849, 2499, 'fa', NULL),
(254, 'post_attachment', 852, 2502, 'fa', NULL),
(255, 'post_attachment', 853, 2503, 'fa', NULL),
(256, 'post_attachment', 854, 2504, 'fa', NULL),
(257, 'post_attachment', 855, 2505, 'fa', NULL),
(258, 'post_attachment', 856, 2506, 'fa', NULL),
(259, 'post_attachment', 857, 2507, 'fa', NULL),
(260, 'post_attachment', 858, 2508, 'fa', NULL),
(261, 'post_attachment', 859, 2509, 'fa', NULL),
(262, 'post_attachment', 860, 2510, 'fa', NULL),
(263, 'post_attachment', 861, 2511, 'fa', NULL),
(264, 'post_attachment', 862, 2512, 'fa', NULL),
(265, 'post_attachment', 863, 2513, 'fa', NULL),
(266, 'post_attachment', 864, 2514, 'fa', NULL),
(267, 'post_attachment', 865, 2515, 'fa', NULL),
(268, 'post_attachment', 866, 2516, 'fa', NULL),
(269, 'post_attachment', 867, 2517, 'fa', NULL),
(270, 'post_attachment', 868, 2518, 'fa', NULL),
(271, 'post_attachment', 869, 2519, 'fa', NULL),
(272, 'post_attachment', 956, 2606, 'fa', NULL),
(273, 'post_attachment', 957, 2607, 'fa', NULL),
(274, 'post_attachment', 958, 2608, 'fa', NULL),
(275, 'post_attachment', 959, 2609, 'fa', NULL),
(276, 'post_attachment', 960, 2610, 'fa', NULL),
(277, 'post_attachment', 961, 2611, 'fa', NULL),
(278, 'post_attachment', 962, 2612, 'fa', NULL),
(279, 'post_attachment', 963, 2613, 'fa', NULL),
(280, 'post_attachment', 964, 2614, 'fa', NULL),
(281, 'post_attachment', 965, 2615, 'fa', NULL),
(282, 'post_attachment', 966, 2616, 'fa', NULL),
(283, 'post_attachment', 967, 2617, 'fa', NULL),
(284, 'post_attachment', 968, 2618, 'fa', NULL),
(285, 'post_attachment', 969, 2619, 'fa', NULL),
(286, 'post_attachment', 970, 2620, 'fa', NULL),
(287, 'post_attachment', 971, 2621, 'fa', NULL),
(288, 'post_attachment', 972, 2622, 'fa', NULL),
(289, 'post_attachment', 975, 2625, 'fa', NULL),
(290, 'post_attachment', 976, 2626, 'fa', NULL),
(291, 'post_attachment', 977, 2627, 'fa', NULL),
(292, 'post_attachment', 978, 2628, 'fa', NULL),
(293, 'post_attachment', 979, 2629, 'fa', NULL),
(294, 'post_attachment', 980, 2630, 'fa', NULL),
(295, 'post_attachment', 981, 2631, 'fa', NULL),
(296, 'post_attachment', 982, 2632, 'fa', NULL),
(297, 'post_attachment', 983, 2633, 'fa', NULL),
(298, 'post_attachment', 984, 2634, 'fa', NULL),
(299, 'post_attachment', 985, 2635, 'fa', NULL),
(300, 'post_attachment', 988, 2638, 'fa', NULL),
(301, 'post_attachment', 989, 2639, 'fa', NULL),
(302, 'post_attachment', 990, 2640, 'fa', NULL),
(303, 'post_attachment', 991, 2641, 'fa', NULL),
(304, 'post_attachment', 992, 2642, 'fa', NULL),
(305, 'post_attachment', 993, 2643, 'fa', NULL),
(306, 'post_attachment', 994, 2644, 'fa', NULL),
(307, 'post_attachment', 995, 2645, 'fa', NULL),
(308, 'post_attachment', 996, 2646, 'fa', NULL),
(309, 'post_attachment', 997, 2647, 'fa', NULL),
(310, 'post_attachment', 998, 2648, 'fa', NULL),
(311, 'post_attachment', 999, 2649, 'fa', NULL),
(312, 'post_attachment', 1000, 2650, 'fa', NULL),
(313, 'post_attachment', 1003, 2653, 'fa', NULL),
(314, 'post_attachment', 1004, 2654, 'fa', NULL),
(315, 'post_attachment', 1005, 2655, 'fa', NULL),
(316, 'post_attachment', 1006, 2656, 'fa', NULL),
(317, 'post_attachment', 1007, 2657, 'fa', NULL),
(318, 'post_attachment', 1008, 2658, 'fa', NULL),
(319, 'post_attachment', 1009, 2659, 'fa', NULL),
(320, 'post_attachment', 1010, 2660, 'fa', NULL),
(321, 'post_attachment', 1011, 2661, 'fa', NULL),
(322, 'post_attachment', 1012, 2662, 'fa', NULL),
(323, 'post_attachment', 1013, 2663, 'fa', NULL),
(324, 'post_attachment', 1014, 2664, 'fa', NULL),
(325, 'post_attachment', 1015, 2665, 'fa', NULL),
(326, 'post_attachment', 1016, 2666, 'fa', NULL),
(327, 'post_attachment', 1017, 2667, 'fa', NULL),
(328, 'post_attachment', 1018, 2668, 'fa', NULL),
(329, 'post_attachment', 1019, 2669, 'fa', NULL),
(330, 'post_attachment', 1020, 2670, 'fa', NULL),
(331, 'post_attachment', 1021, 2671, 'fa', NULL),
(332, 'post_attachment', 1022, 2672, 'fa', NULL),
(333, 'post_attachment', 1023, 2673, 'fa', NULL),
(334, 'post_attachment', 1024, 2674, 'fa', NULL),
(335, 'post_attachment', 1025, 2675, 'fa', NULL),
(336, 'post_attachment', 1026, 2676, 'fa', NULL),
(337, 'post_attachment', 1027, 2677, 'fa', NULL),
(338, 'post_attachment', 1028, 2678, 'fa', NULL),
(339, 'post_attachment', 1029, 2679, 'fa', NULL),
(340, 'post_attachment', 1032, 2682, 'fa', NULL),
(341, 'post_attachment', 1033, 2683, 'fa', NULL),
(342, 'post_attachment', 1034, 2684, 'fa', NULL),
(343, 'post_attachment', 1035, 2685, 'fa', NULL),
(344, 'post_attachment', 1036, 2686, 'fa', NULL),
(345, 'post_attachment', 1037, 2687, 'fa', NULL),
(346, 'post_attachment', 1038, 2688, 'fa', NULL),
(347, 'post_attachment', 1041, 2691, 'fa', NULL),
(348, 'post_attachment', 1042, 2692, 'fa', NULL),
(349, 'post_attachment', 1043, 2693, 'fa', NULL),
(350, 'post_attachment', 1044, 2694, 'fa', NULL),
(351, 'post_attachment', 1045, 2695, 'fa', NULL),
(352, 'post_attachment', 1046, 2696, 'fa', NULL),
(353, 'post_attachment', 1047, 2697, 'fa', NULL),
(354, 'post_attachment', 1048, 2698, 'fa', NULL),
(355, 'post_attachment', 1049, 2699, 'fa', NULL),
(356, 'post_attachment', 1050, 2700, 'fa', NULL),
(357, 'post_attachment', 1051, 2701, 'fa', NULL),
(358, 'post_attachment', 1052, 2702, 'fa', NULL),
(359, 'post_attachment', 1053, 2703, 'fa', NULL),
(360, 'post_attachment', 1054, 2704, 'fa', NULL),
(361, 'post_attachment', 1055, 2705, 'fa', NULL),
(362, 'post_attachment', 1056, 2706, 'fa', NULL),
(363, 'post_attachment', 1057, 2707, 'fa', NULL),
(364, 'post_attachment', 1058, 2708, 'fa', NULL),
(365, 'post_attachment', 1059, 2709, 'fa', NULL),
(366, 'post_attachment', 1060, 2710, 'fa', NULL),
(367, 'post_attachment', 1061, 2711, 'fa', NULL),
(368, 'post_attachment', 1062, 2712, 'fa', NULL),
(369, 'post_attachment', 1063, 2713, 'fa', NULL),
(370, 'post_attachment', 1064, 2714, 'fa', NULL),
(371, 'post_attachment', 1131, 2781, 'fa', NULL),
(372, 'post_attachment', 1179, 2829, 'fa', NULL),
(373, 'post_attachment', 1180, 2830, 'fa', NULL),
(374, 'post_attachment', 1255, 2905, 'fa', NULL),
(375, 'post_attachment', 1328, 2978, 'fa', NULL),
(376, 'post_attachment', 1329, 2979, 'fa', NULL),
(377, 'post_attachment', 1347, 2997, 'fa', NULL),
(378, 'post_attachment', 1352, 3002, 'fa', NULL),
(379, 'post_attachment', 1353, 3003, 'fa', NULL),
(380, 'post_attachment', 1354, 3004, 'fa', NULL),
(381, 'post_attachment', 1358, 3008, 'fa', NULL),
(382, 'post_attachment', 1359, 3009, 'fa', NULL),
(383, 'post_attachment', 1379, 3029, 'fa', NULL),
(384, 'post_attachment', 1380, 3030, 'fa', NULL),
(385, 'post_attachment', 1381, 3031, 'fa', NULL),
(386, 'post_attachment', 1382, 3032, 'fa', NULL),
(387, 'post_attachment', 1383, 3033, 'fa', NULL),
(388, 'post_attachment', 1384, 3034, 'fa', NULL),
(389, 'post_attachment', 1385, 3035, 'fa', NULL),
(390, 'post_attachment', 1386, 3036, 'fa', NULL),
(391, 'post_attachment', 1387, 3037, 'fa', NULL),
(392, 'post_attachment', 1388, 3038, 'fa', NULL),
(393, 'post_attachment', 1389, 3039, 'fa', NULL),
(394, 'post_attachment', 1390, 3040, 'fa', NULL),
(395, 'post_attachment', 1391, 3041, 'fa', NULL),
(396, 'post_attachment', 1392, 3042, 'fa', NULL),
(397, 'post_attachment', 1393, 3043, 'fa', NULL),
(398, 'post_attachment', 1394, 3044, 'fa', NULL),
(399, 'post_attachment', 1395, 3045, 'fa', NULL),
(400, 'post_attachment', 1396, 3046, 'fa', NULL),
(401, 'post_attachment', 1397, 3047, 'fa', NULL),
(402, 'post_attachment', 1398, 3048, 'fa', NULL),
(403, 'post_attachment', 1399, 3049, 'fa', NULL),
(404, 'post_attachment', 1400, 3050, 'fa', NULL),
(405, 'post_attachment', 1401, 3051, 'fa', NULL),
(406, 'post_attachment', 1402, 3052, 'fa', NULL),
(407, 'post_attachment', 1403, 3053, 'fa', NULL),
(408, 'post_attachment', 1404, 3054, 'fa', NULL),
(409, 'post_attachment', 1405, 3055, 'fa', NULL),
(410, 'post_attachment', 1406, 3056, 'fa', NULL),
(411, 'post_attachment', 1407, 3057, 'fa', NULL),
(412, 'post_attachment', 1408, 3058, 'fa', NULL),
(413, 'post_attachment', 1412, 3062, 'fa', NULL),
(414, 'post_attachment', 1413, 3063, 'fa', NULL),
(415, 'post_attachment', 1414, 3064, 'fa', NULL),
(416, 'post_attachment', 1415, 3065, 'fa', NULL),
(417, 'post_attachment', 1416, 3066, 'fa', NULL),
(418, 'post_attachment', 1417, 3067, 'fa', NULL),
(419, 'post_attachment', 1418, 3068, 'fa', NULL),
(420, 'post_attachment', 1419, 3069, 'fa', NULL),
(421, 'post_attachment', 1420, 3070, 'fa', NULL),
(422, 'post_attachment', 1421, 3071, 'fa', NULL),
(423, 'post_attachment', 1422, 3072, 'fa', NULL),
(424, 'post_attachment', 1423, 3073, 'fa', NULL),
(425, 'post_attachment', 1424, 3074, 'fa', NULL),
(426, 'post_attachment', 1425, 3075, 'fa', NULL),
(427, 'post_attachment', 1426, 3076, 'fa', NULL),
(428, 'post_attachment', 1427, 3077, 'fa', NULL),
(429, 'post_attachment', 1428, 3078, 'fa', NULL),
(430, 'post_attachment', 1429, 3079, 'fa', NULL),
(431, 'post_attachment', 1430, 3080, 'fa', NULL),
(432, 'post_attachment', 1431, 3081, 'fa', NULL),
(433, 'post_attachment', 1432, 3082, 'fa', NULL),
(434, 'post_attachment', 1433, 3083, 'fa', NULL),
(435, 'post_attachment', 1434, 3084, 'fa', NULL),
(436, 'post_attachment', 1435, 3085, 'fa', NULL),
(437, 'post_attachment', 1436, 3086, 'fa', NULL),
(438, 'post_attachment', 1437, 3087, 'fa', NULL),
(439, 'post_attachment', 1438, 3088, 'fa', NULL),
(440, 'post_attachment', 1439, 3089, 'fa', NULL),
(441, 'post_attachment', 1442, 3092, 'fa', NULL),
(442, 'post_attachment', 1443, 3093, 'fa', NULL),
(443, 'post_attachment', 1444, 3094, 'fa', NULL),
(444, 'post_attachment', 1445, 3095, 'fa', NULL),
(445, 'post_attachment', 1446, 3096, 'fa', NULL),
(446, 'post_attachment', 1447, 3097, 'fa', NULL),
(447, 'post_attachment', 1448, 3098, 'fa', NULL),
(448, 'post_attachment', 1449, 3099, 'fa', NULL),
(449, 'post_attachment', 1450, 3100, 'fa', NULL),
(450, 'post_attachment', 1451, 3101, 'fa', NULL),
(451, 'post_attachment', 1452, 3102, 'fa', NULL),
(452, 'post_attachment', 1453, 3103, 'fa', NULL),
(453, 'post_attachment', 1454, 3104, 'fa', NULL),
(454, 'post_attachment', 1455, 3105, 'fa', NULL),
(455, 'post_attachment', 1456, 3106, 'fa', NULL),
(456, 'post_attachment', 1457, 3107, 'fa', NULL),
(457, 'post_attachment', 1458, 3108, 'fa', NULL),
(458, 'post_attachment', 1459, 3109, 'fa', NULL),
(459, 'post_attachment', 1460, 3110, 'fa', NULL),
(460, 'post_attachment', 1461, 3111, 'fa', NULL),
(461, 'post_attachment', 1462, 3112, 'fa', NULL),
(462, 'post_attachment', 1463, 3113, 'fa', NULL),
(463, 'post_attachment', 1464, 3114, 'fa', NULL),
(464, 'post_attachment', 1467, 3117, 'fa', NULL),
(465, 'post_attachment', 1469, 3119, 'fa', NULL),
(466, 'post_attachment', 1470, 3120, 'fa', NULL),
(467, 'post_attachment', 1471, 3121, 'fa', NULL),
(468, 'post_attachment', 1472, 3122, 'fa', NULL),
(469, 'post_attachment', 1473, 3123, 'fa', NULL),
(470, 'post_attachment', 1474, 3124, 'fa', NULL),
(471, 'post_attachment', 1475, 3125, 'fa', NULL),
(472, 'post_attachment', 1476, 3126, 'fa', NULL),
(473, 'post_attachment', 1477, 3127, 'fa', NULL),
(474, 'post_attachment', 1478, 3128, 'fa', NULL),
(475, 'post_attachment', 1479, 3129, 'fa', NULL),
(476, 'post_attachment', 1480, 3130, 'fa', NULL),
(477, 'post_attachment', 1481, 3131, 'fa', NULL),
(478, 'post_attachment', 1482, 3132, 'fa', NULL),
(479, 'post_attachment', 1483, 3133, 'fa', NULL),
(480, 'post_attachment', 1484, 3134, 'fa', NULL),
(481, 'post_attachment', 1485, 3135, 'fa', NULL),
(482, 'post_attachment', 1486, 3136, 'fa', NULL),
(483, 'post_attachment', 1487, 3137, 'fa', NULL),
(484, 'post_attachment', 1488, 3138, 'fa', NULL),
(485, 'post_attachment', 1503, 3153, 'fa', NULL),
(486, 'post_attachment', 1504, 3154, 'fa', NULL),
(487, 'post_attachment', 1531, 3181, 'fa', NULL),
(488, 'post_page', 1550, 9, 'en', 'fa'),
(489, 'post_page', 1551, 10, 'en', 'fa'),
(490, 'post_page', 1552, 11, 'en', 'fa'),
(491, 'post_page', 1553, 12, 'en', 'fa'),
(492, 'post_attachment', 1554, 1658, 'en', 'fa'),
(493, 'post_attachment', 1555, 1677, 'en', 'fa'),
(494, 'post_attachment', 1556, 1678, 'en', 'fa'),
(495, 'post_attachment', 1557, 1679, 'en', 'fa'),
(496, 'post_attachment', 1558, 1684, 'en', 'fa'),
(497, 'post_attachment', 1559, 1692, 'en', 'fa'),
(498, 'post_attachment', 1560, 1693, 'en', 'fa'),
(499, 'post_attachment', 1561, 1750, 'en', 'fa'),
(500, 'post_attachment', 1562, 1751, 'en', 'fa'),
(501, 'post_attachment', 1563, 1752, 'en', 'fa'),
(502, 'post_attachment', 1564, 1774, 'en', 'fa'),
(503, 'post_attachment', 1565, 1792, 'en', 'fa'),
(504, 'post_attachment', 1566, 1935, 'en', 'fa'),
(505, 'post_attachment', 1567, 1937, 'en', 'fa'),
(506, 'post_attachment', 1568, 1943, 'en', 'fa'),
(507, 'post_attachment', 1569, 1944, 'en', 'fa'),
(508, 'post_attachment', 1570, 1945, 'en', 'fa'),
(509, 'post_attachment', 1571, 1982, 'en', 'fa'),
(510, 'post_attachment', 1572, 1983, 'en', 'fa'),
(511, 'post_attachment', 1573, 1984, 'en', 'fa'),
(512, 'post_attachment', 1574, 1985, 'en', 'fa'),
(513, 'post_attachment', 1575, 1986, 'en', 'fa'),
(514, 'post_attachment', 1576, 1987, 'en', 'fa'),
(515, 'post_attachment', 1577, 1988, 'en', 'fa'),
(516, 'post_attachment', 1578, 1989, 'en', 'fa'),
(517, 'post_attachment', 1579, 1992, 'en', 'fa'),
(518, 'post_attachment', 1580, 1993, 'en', 'fa'),
(519, 'post_attachment', 1581, 1994, 'en', 'fa'),
(520, 'post_attachment', 1582, 1998, 'en', 'fa'),
(521, 'post_attachment', 1583, 1999, 'en', 'fa'),
(522, 'post_attachment', 1584, 2000, 'en', 'fa'),
(523, 'post_attachment', 1585, 2007, 'en', 'fa'),
(524, 'post_attachment', 1586, 2260, 'en', 'fa'),
(525, 'post_attachment', 1587, 2261, 'en', 'fa'),
(526, 'post_attachment', 1588, 2262, 'en', 'fa'),
(527, 'post_attachment', 1589, 2263, 'en', 'fa'),
(528, 'post_attachment', 1590, 2317, 'en', 'fa'),
(529, 'post_attachment', 1591, 2349, 'en', 'fa'),
(530, 'post_attachment', 1592, 2350, 'en', 'fa'),
(531, 'post_attachment', 1593, 2351, 'en', 'fa'),
(532, 'post_attachment', 1594, 2352, 'en', 'fa'),
(533, 'post_attachment', 1595, 2353, 'en', 'fa'),
(534, 'post_attachment', 1596, 2354, 'en', 'fa'),
(535, 'post_attachment', 1597, 2355, 'en', 'fa'),
(536, 'post_attachment', 1598, 2356, 'en', 'fa'),
(537, 'post_attachment', 1599, 2357, 'en', 'fa'),
(538, 'post_attachment', 1600, 2358, 'en', 'fa'),
(539, 'post_attachment', 1601, 2362, 'en', 'fa'),
(540, 'post_attachment', 1602, 2363, 'en', 'fa'),
(541, 'post_attachment', 1603, 2364, 'en', 'fa'),
(542, 'post_attachment', 1604, 2365, 'en', 'fa'),
(543, 'post_attachment', 1605, 2366, 'en', 'fa'),
(544, 'post_attachment', 1606, 2367, 'en', 'fa'),
(545, 'post_attachment', 1607, 2368, 'en', 'fa'),
(546, 'post_attachment', 1608, 2369, 'en', 'fa'),
(547, 'post_attachment', 1609, 2370, 'en', 'fa'),
(548, 'post_attachment', 1610, 2371, 'en', 'fa'),
(549, 'post_attachment', 1611, 2372, 'en', 'fa'),
(550, 'post_attachment', 1612, 2373, 'en', 'fa'),
(551, 'post_attachment', 1613, 2374, 'en', 'fa'),
(552, 'post_attachment', 1614, 2375, 'en', 'fa'),
(553, 'post_attachment', 1615, 2376, 'en', 'fa'),
(554, 'post_attachment', 1616, 2377, 'en', 'fa'),
(555, 'post_attachment', 1617, 2378, 'en', 'fa'),
(556, 'post_attachment', 1618, 2379, 'en', 'fa'),
(557, 'post_attachment', 1619, 2399, 'en', 'fa'),
(558, 'post_attachment', 1620, 2400, 'en', 'fa'),
(559, 'post_attachment', 1621, 2401, 'en', 'fa'),
(560, 'post_attachment', 1622, 2402, 'en', 'fa'),
(561, 'post_attachment', 1623, 2403, 'en', 'fa'),
(562, 'post_attachment', 1624, 2404, 'en', 'fa'),
(563, 'post_attachment', 1625, 2405, 'en', 'fa'),
(564, 'post_attachment', 1626, 2406, 'en', 'fa'),
(565, 'post_attachment', 1627, 2407, 'en', 'fa'),
(566, 'post_attachment', 1628, 2408, 'en', 'fa'),
(567, 'post_attachment', 1629, 2409, 'en', 'fa'),
(568, 'post_attachment', 1630, 2410, 'en', 'fa'),
(569, 'post_attachment', 1631, 2411, 'en', 'fa'),
(570, 'post_attachment', 1632, 2412, 'en', 'fa'),
(571, 'post_attachment', 1633, 2413, 'en', 'fa'),
(572, 'post_attachment', 1634, 2414, 'en', 'fa'),
(573, 'post_attachment', 1635, 2415, 'en', 'fa'),
(574, 'post_attachment', 1636, 2416, 'en', 'fa'),
(575, 'post_attachment', 1637, 2417, 'en', 'fa'),
(576, 'post_attachment', 1638, 2418, 'en', 'fa'),
(577, 'post_attachment', 1639, 2419, 'en', 'fa'),
(578, 'post_attachment', 1640, 2420, 'en', 'fa'),
(579, 'post_attachment', 1641, 2421, 'en', 'fa'),
(580, 'post_attachment', 1642, 2422, 'en', 'fa'),
(581, 'post_attachment', 1643, 2423, 'en', 'fa'),
(582, 'post_attachment', 1644, 2424, 'en', 'fa'),
(583, 'post_attachment', 1645, 2425, 'en', 'fa'),
(584, 'post_attachment', 1646, 2426, 'en', 'fa'),
(585, 'post_attachment', 1647, 2429, 'en', 'fa'),
(586, 'post_attachment', 1648, 2430, 'en', 'fa'),
(587, 'post_attachment', 1649, 2431, 'en', 'fa'),
(588, 'post_attachment', 1650, 2432, 'en', 'fa'),
(589, 'post_attachment', 1651, 2433, 'en', 'fa'),
(590, 'post_attachment', 1652, 2434, 'en', 'fa'),
(591, 'post_attachment', 1653, 2435, 'en', 'fa'),
(592, 'post_attachment', 1654, 2436, 'en', 'fa'),
(593, 'post_attachment', 1655, 2437, 'en', 'fa'),
(594, 'post_attachment', 1656, 2438, 'en', 'fa'),
(595, 'post_attachment', 1657, 2439, 'en', 'fa'),
(596, 'post_attachment', 1658, 2440, 'en', 'fa'),
(597, 'post_attachment', 1659, 2441, 'en', 'fa'),
(598, 'post_attachment', 1660, 2442, 'en', 'fa'),
(599, 'post_attachment', 1661, 2443, 'en', 'fa'),
(600, 'post_attachment', 1662, 2444, 'en', 'fa'),
(601, 'post_attachment', 1663, 2445, 'en', 'fa'),
(602, 'post_attachment', 1664, 2446, 'en', 'fa'),
(603, 'post_attachment', 1665, 2447, 'en', 'fa'),
(604, 'post_attachment', 1666, 2448, 'en', 'fa'),
(605, 'post_attachment', 1667, 2449, 'en', 'fa'),
(606, 'post_attachment', 1668, 2450, 'en', 'fa'),
(607, 'post_attachment', 1669, 2451, 'en', 'fa'),
(608, 'post_attachment', 1670, 2452, 'en', 'fa'),
(609, 'post_attachment', 1671, 2453, 'en', 'fa'),
(610, 'post_attachment', 1672, 2454, 'en', 'fa'),
(611, 'post_attachment', 1673, 2455, 'en', 'fa'),
(612, 'post_attachment', 1674, 2458, 'en', 'fa'),
(613, 'post_attachment', 1675, 2459, 'en', 'fa'),
(614, 'post_attachment', 1676, 2460, 'en', 'fa'),
(615, 'post_attachment', 1677, 2461, 'en', 'fa'),
(616, 'post_attachment', 1678, 2462, 'en', 'fa'),
(617, 'post_attachment', 1679, 2463, 'en', 'fa'),
(618, 'post_attachment', 1680, 2464, 'en', 'fa'),
(619, 'post_attachment', 1681, 2465, 'en', 'fa'),
(620, 'post_attachment', 1682, 2466, 'en', 'fa'),
(621, 'post_attachment', 1683, 2467, 'en', 'fa'),
(622, 'post_attachment', 1684, 2468, 'en', 'fa'),
(623, 'post_attachment', 1685, 2469, 'en', 'fa'),
(624, 'post_attachment', 1686, 2470, 'en', 'fa'),
(625, 'post_attachment', 1687, 2471, 'en', 'fa'),
(626, 'post_attachment', 1688, 2472, 'en', 'fa'),
(627, 'post_attachment', 1689, 2473, 'en', 'fa'),
(628, 'post_attachment', 1690, 2474, 'en', 'fa'),
(629, 'post_attachment', 1691, 2475, 'en', 'fa'),
(630, 'post_attachment', 1692, 2479, 'en', 'fa'),
(631, 'post_attachment', 1693, 2480, 'en', 'fa'),
(632, 'post_attachment', 1694, 2481, 'en', 'fa'),
(633, 'post_attachment', 1695, 2482, 'en', 'fa'),
(634, 'post_attachment', 1696, 2483, 'en', 'fa'),
(635, 'post_attachment', 1697, 2484, 'en', 'fa'),
(636, 'post_attachment', 1698, 2485, 'en', 'fa'),
(637, 'post_attachment', 1699, 2486, 'en', 'fa'),
(638, 'post_attachment', 1700, 2487, 'en', 'fa'),
(639, 'post_attachment', 1701, 2488, 'en', 'fa'),
(640, 'post_attachment', 1702, 2489, 'en', 'fa'),
(641, 'post_attachment', 1703, 2490, 'en', 'fa'),
(642, 'post_attachment', 1704, 2491, 'en', 'fa'),
(643, 'post_attachment', 1705, 2492, 'en', 'fa'),
(644, 'post_attachment', 1706, 2493, 'en', 'fa'),
(645, 'post_attachment', 1707, 2494, 'en', 'fa'),
(646, 'post_attachment', 1708, 2495, 'en', 'fa'),
(647, 'post_attachment', 1709, 2496, 'en', 'fa'),
(648, 'post_attachment', 1710, 2497, 'en', 'fa'),
(649, 'post_attachment', 1711, 2498, 'en', 'fa'),
(650, 'post_attachment', 1712, 2499, 'en', 'fa'),
(651, 'post_attachment', 1713, 2502, 'en', 'fa'),
(652, 'post_attachment', 1714, 2503, 'en', 'fa'),
(653, 'post_attachment', 1715, 2504, 'en', 'fa'),
(654, 'post_attachment', 1716, 2505, 'en', 'fa'),
(655, 'post_attachment', 1717, 2506, 'en', 'fa'),
(656, 'post_attachment', 1718, 2507, 'en', 'fa'),
(657, 'post_attachment', 1719, 2508, 'en', 'fa'),
(658, 'post_attachment', 1720, 2509, 'en', 'fa'),
(659, 'post_attachment', 1721, 2510, 'en', 'fa'),
(660, 'post_attachment', 1722, 2511, 'en', 'fa'),
(661, 'post_attachment', 1723, 2512, 'en', 'fa'),
(662, 'post_attachment', 1724, 2513, 'en', 'fa'),
(663, 'post_attachment', 1725, 2514, 'en', 'fa'),
(664, 'post_attachment', 1726, 2515, 'en', 'fa'),
(665, 'post_attachment', 1727, 2516, 'en', 'fa'),
(666, 'post_attachment', 1728, 2517, 'en', 'fa'),
(667, 'post_attachment', 1729, 2518, 'en', 'fa'),
(668, 'post_attachment', 1730, 2519, 'en', 'fa'),
(669, 'post_attachment', 1731, 2606, 'en', 'fa'),
(670, 'post_attachment', 1732, 2607, 'en', 'fa'),
(671, 'post_attachment', 1733, 2608, 'en', 'fa'),
(672, 'post_attachment', 1734, 2609, 'en', 'fa'),
(673, 'post_attachment', 1735, 2610, 'en', 'fa'),
(674, 'post_attachment', 1736, 2611, 'en', 'fa'),
(675, 'post_attachment', 1737, 2612, 'en', 'fa'),
(676, 'post_attachment', 1738, 2613, 'en', 'fa'),
(677, 'post_attachment', 1739, 2614, 'en', 'fa'),
(678, 'post_attachment', 1740, 2615, 'en', 'fa'),
(679, 'post_attachment', 1741, 2616, 'en', 'fa'),
(680, 'post_attachment', 1742, 2617, 'en', 'fa'),
(681, 'post_attachment', 1743, 2618, 'en', 'fa'),
(682, 'post_attachment', 1744, 2619, 'en', 'fa'),
(683, 'post_attachment', 1745, 2620, 'en', 'fa'),
(684, 'post_attachment', 1746, 2621, 'en', 'fa'),
(685, 'post_attachment', 1747, 2622, 'en', 'fa'),
(686, 'post_attachment', 1748, 2625, 'en', 'fa'),
(687, 'post_attachment', 1749, 2626, 'en', 'fa'),
(688, 'post_attachment', 1750, 2627, 'en', 'fa'),
(689, 'post_attachment', 1751, 2628, 'en', 'fa'),
(690, 'post_attachment', 1752, 2629, 'en', 'fa'),
(691, 'post_attachment', 1753, 2630, 'en', 'fa'),
(692, 'post_attachment', 1754, 2631, 'en', 'fa'),
(693, 'post_attachment', 1755, 2632, 'en', 'fa'),
(694, 'post_attachment', 1756, 2633, 'en', 'fa'),
(695, 'post_attachment', 1757, 2634, 'en', 'fa'),
(696, 'post_attachment', 1758, 2635, 'en', 'fa'),
(697, 'post_attachment', 1759, 2638, 'en', 'fa'),
(698, 'post_attachment', 1760, 2639, 'en', 'fa'),
(699, 'post_attachment', 1761, 2640, 'en', 'fa'),
(700, 'post_attachment', 1762, 2641, 'en', 'fa'),
(701, 'post_attachment', 1763, 2642, 'en', 'fa'),
(702, 'post_attachment', 1764, 2643, 'en', 'fa'),
(703, 'post_attachment', 1765, 2644, 'en', 'fa'),
(704, 'post_attachment', 1766, 2645, 'en', 'fa'),
(705, 'post_attachment', 1767, 2646, 'en', 'fa'),
(706, 'post_attachment', 1768, 2647, 'en', 'fa'),
(707, 'post_attachment', 1769, 2648, 'en', 'fa'),
(708, 'post_attachment', 1770, 2649, 'en', 'fa'),
(709, 'post_attachment', 1771, 2650, 'en', 'fa'),
(710, 'post_attachment', 1772, 2653, 'en', 'fa'),
(711, 'post_attachment', 1773, 2654, 'en', 'fa'),
(712, 'post_attachment', 1774, 2655, 'en', 'fa'),
(713, 'post_attachment', 1775, 2656, 'en', 'fa'),
(714, 'post_attachment', 1776, 2657, 'en', 'fa'),
(715, 'post_attachment', 1777, 2658, 'en', 'fa'),
(716, 'post_attachment', 1778, 2659, 'en', 'fa'),
(717, 'post_attachment', 1779, 2660, 'en', 'fa'),
(718, 'post_attachment', 1780, 2661, 'en', 'fa'),
(719, 'post_attachment', 1781, 2662, 'en', 'fa'),
(720, 'post_attachment', 1782, 2663, 'en', 'fa'),
(721, 'post_attachment', 1783, 2664, 'en', 'fa'),
(722, 'post_attachment', 1784, 2665, 'en', 'fa'),
(723, 'post_attachment', 1785, 2666, 'en', 'fa'),
(724, 'post_attachment', 1786, 2667, 'en', 'fa'),
(725, 'post_attachment', 1787, 2668, 'en', 'fa'),
(726, 'post_attachment', 1788, 2669, 'en', 'fa'),
(727, 'post_attachment', 1789, 2670, 'en', 'fa'),
(728, 'post_attachment', 1790, 2671, 'en', 'fa'),
(729, 'post_attachment', 1791, 2672, 'en', 'fa'),
(730, 'post_attachment', 1792, 2673, 'en', 'fa'),
(731, 'post_attachment', 1793, 2674, 'en', 'fa'),
(732, 'post_attachment', 1794, 2675, 'en', 'fa'),
(733, 'post_attachment', 1795, 2676, 'en', 'fa'),
(734, 'post_attachment', 1796, 2677, 'en', 'fa'),
(735, 'post_attachment', 1797, 2678, 'en', 'fa'),
(736, 'post_attachment', 1798, 2679, 'en', 'fa'),
(737, 'post_attachment', 1799, 2682, 'en', 'fa'),
(738, 'post_attachment', 1800, 2683, 'en', 'fa'),
(739, 'post_attachment', 1801, 2684, 'en', 'fa'),
(740, 'post_attachment', 1802, 2685, 'en', 'fa'),
(741, 'post_attachment', 1803, 2686, 'en', 'fa'),
(742, 'post_attachment', 1804, 2687, 'en', 'fa'),
(743, 'post_attachment', 1805, 2688, 'en', 'fa'),
(744, 'post_attachment', 1806, 2691, 'en', 'fa'),
(745, 'post_attachment', 1807, 2692, 'en', 'fa'),
(746, 'post_attachment', 1808, 2693, 'en', 'fa'),
(747, 'post_attachment', 1809, 2694, 'en', 'fa'),
(748, 'post_attachment', 1810, 2695, 'en', 'fa'),
(749, 'post_attachment', 1811, 2696, 'en', 'fa'),
(750, 'post_attachment', 1812, 2697, 'en', 'fa'),
(751, 'post_attachment', 1813, 2698, 'en', 'fa'),
(752, 'post_attachment', 1814, 2699, 'en', 'fa'),
(753, 'post_attachment', 1815, 2700, 'en', 'fa'),
(754, 'post_attachment', 1816, 2701, 'en', 'fa'),
(755, 'post_attachment', 1817, 2702, 'en', 'fa'),
(756, 'post_attachment', 1818, 2703, 'en', 'fa'),
(757, 'post_attachment', 1819, 2704, 'en', 'fa'),
(758, 'post_attachment', 1820, 2705, 'en', 'fa'),
(759, 'post_attachment', 1821, 2706, 'en', 'fa'),
(760, 'post_attachment', 1822, 2707, 'en', 'fa'),
(761, 'post_attachment', 1823, 2708, 'en', 'fa'),
(762, 'post_attachment', 1824, 2709, 'en', 'fa'),
(763, 'post_attachment', 1825, 2710, 'en', 'fa'),
(764, 'post_attachment', 1826, 2711, 'en', 'fa'),
(765, 'post_attachment', 1827, 2712, 'en', 'fa'),
(766, 'post_attachment', 1828, 2713, 'en', 'fa'),
(767, 'post_attachment', 1829, 2714, 'en', 'fa'),
(768, 'post_attachment', 1830, 2781, 'en', 'fa'),
(769, 'post_attachment', 1831, 2829, 'en', 'fa'),
(770, 'post_attachment', 1832, 2830, 'en', 'fa'),
(771, 'post_attachment', 1833, 2905, 'en', 'fa'),
(772, 'post_attachment', 1834, 2978, 'en', 'fa'),
(773, 'post_attachment', 1835, 2979, 'en', 'fa'),
(774, 'post_attachment', 1836, 2997, 'en', 'fa'),
(775, 'post_attachment', 1837, 3002, 'en', 'fa'),
(776, 'post_attachment', 1838, 3003, 'en', 'fa'),
(777, 'post_attachment', 1839, 3004, 'en', 'fa'),
(778, 'post_attachment', 1840, 3008, 'en', 'fa'),
(779, 'post_attachment', 1841, 3009, 'en', 'fa'),
(780, 'post_attachment', 1842, 3029, 'en', 'fa'),
(781, 'post_attachment', 1843, 3030, 'en', 'fa'),
(782, 'post_attachment', 1844, 3031, 'en', 'fa'),
(783, 'post_attachment', 1845, 3032, 'en', 'fa'),
(784, 'post_attachment', 1846, 3033, 'en', 'fa'),
(785, 'post_attachment', 1847, 3034, 'en', 'fa'),
(786, 'post_attachment', 1848, 3035, 'en', 'fa'),
(787, 'post_attachment', 1849, 3036, 'en', 'fa'),
(788, 'post_attachment', 1850, 3037, 'en', 'fa'),
(789, 'post_attachment', 1851, 3038, 'en', 'fa'),
(790, 'post_attachment', 1852, 3039, 'en', 'fa'),
(791, 'post_attachment', 1853, 3040, 'en', 'fa'),
(792, 'post_attachment', 1854, 3041, 'en', 'fa'),
(793, 'post_attachment', 1855, 3042, 'en', 'fa'),
(794, 'post_attachment', 1856, 3043, 'en', 'fa'),
(795, 'post_attachment', 1857, 3044, 'en', 'fa'),
(796, 'post_attachment', 1858, 3045, 'en', 'fa'),
(797, 'post_attachment', 1859, 3046, 'en', 'fa'),
(798, 'post_attachment', 1860, 3047, 'en', 'fa'),
(799, 'post_attachment', 1861, 3048, 'en', 'fa'),
(800, 'post_attachment', 1862, 3049, 'en', 'fa'),
(801, 'post_attachment', 1863, 3050, 'en', 'fa'),
(802, 'post_attachment', 1864, 3051, 'en', 'fa'),
(803, 'post_attachment', 1865, 3052, 'en', 'fa'),
(804, 'post_attachment', 1866, 3053, 'en', 'fa'),
(805, 'post_attachment', 1867, 3054, 'en', 'fa'),
(806, 'post_attachment', 1868, 3055, 'en', 'fa'),
(807, 'post_attachment', 1869, 3056, 'en', 'fa'),
(808, 'post_attachment', 1870, 3057, 'en', 'fa'),
(809, 'post_attachment', 1871, 3058, 'en', 'fa'),
(810, 'post_attachment', 1872, 3062, 'en', 'fa'),
(811, 'post_attachment', 1873, 3063, 'en', 'fa'),
(812, 'post_attachment', 1874, 3064, 'en', 'fa'),
(813, 'post_attachment', 1875, 3065, 'en', 'fa'),
(814, 'post_attachment', 1876, 3066, 'en', 'fa'),
(815, 'post_attachment', 1877, 3067, 'en', 'fa'),
(816, 'post_attachment', 1878, 3068, 'en', 'fa'),
(817, 'post_attachment', 1879, 3069, 'en', 'fa'),
(818, 'post_attachment', 1880, 3070, 'en', 'fa'),
(819, 'post_attachment', 1881, 3071, 'en', 'fa'),
(820, 'post_attachment', 1882, 3072, 'en', 'fa'),
(821, 'post_attachment', 1883, 3073, 'en', 'fa'),
(822, 'post_attachment', 1884, 3074, 'en', 'fa'),
(823, 'post_attachment', 1885, 3075, 'en', 'fa'),
(824, 'post_attachment', 1886, 3076, 'en', 'fa'),
(825, 'post_attachment', 1887, 3077, 'en', 'fa'),
(826, 'post_attachment', 1888, 3078, 'en', 'fa'),
(827, 'post_attachment', 1889, 3079, 'en', 'fa'),
(828, 'post_attachment', 1890, 3080, 'en', 'fa'),
(829, 'post_attachment', 1891, 3081, 'en', 'fa'),
(830, 'post_attachment', 1892, 3082, 'en', 'fa'),
(831, 'post_attachment', 1893, 3083, 'en', 'fa'),
(832, 'post_attachment', 1894, 3084, 'en', 'fa'),
(833, 'post_attachment', 1895, 3085, 'en', 'fa'),
(834, 'post_attachment', 1896, 3086, 'en', 'fa'),
(835, 'post_attachment', 1897, 3087, 'en', 'fa'),
(836, 'post_attachment', 1898, 3088, 'en', 'fa'),
(837, 'post_attachment', 1899, 3089, 'en', 'fa'),
(838, 'post_attachment', 1900, 3092, 'en', 'fa'),
(839, 'post_attachment', 1901, 3093, 'en', 'fa'),
(840, 'post_attachment', 1902, 3094, 'en', 'fa'),
(841, 'post_attachment', 1903, 3095, 'en', 'fa'),
(842, 'post_attachment', 1904, 3096, 'en', 'fa'),
(843, 'post_attachment', 1905, 3097, 'en', 'fa'),
(844, 'post_attachment', 1906, 3098, 'en', 'fa'),
(845, 'post_attachment', 1907, 3099, 'en', 'fa'),
(846, 'post_attachment', 1908, 3100, 'en', 'fa'),
(847, 'post_attachment', 1909, 3101, 'en', 'fa'),
(848, 'post_attachment', 1910, 3102, 'en', 'fa'),
(849, 'post_attachment', 1911, 3103, 'en', 'fa'),
(850, 'post_attachment', 1912, 3104, 'en', 'fa'),
(851, 'post_attachment', 1913, 3105, 'en', 'fa'),
(852, 'post_attachment', 1914, 3106, 'en', 'fa'),
(853, 'post_attachment', 1915, 3107, 'en', 'fa'),
(854, 'post_attachment', 1916, 3108, 'en', 'fa'),
(855, 'post_attachment', 1917, 3109, 'en', 'fa'),
(856, 'post_attachment', 1918, 3110, 'en', 'fa'),
(857, 'post_attachment', 1919, 3111, 'en', 'fa'),
(858, 'post_attachment', 1920, 3112, 'en', 'fa'),
(859, 'post_attachment', 1921, 3113, 'en', 'fa'),
(860, 'post_attachment', 1922, 3114, 'en', 'fa'),
(861, 'post_attachment', 1923, 3117, 'en', 'fa'),
(862, 'post_attachment', 1924, 3119, 'en', 'fa'),
(863, 'post_attachment', 1925, 3120, 'en', 'fa'),
(864, 'post_attachment', 1926, 3121, 'en', 'fa'),
(865, 'post_attachment', 1927, 3122, 'en', 'fa'),
(866, 'post_attachment', 1928, 3123, 'en', 'fa'),
(867, 'post_attachment', 1929, 3124, 'en', 'fa'),
(868, 'post_attachment', 1930, 3125, 'en', 'fa'),
(869, 'post_attachment', 1931, 3126, 'en', 'fa'),
(870, 'post_attachment', 1932, 3127, 'en', 'fa'),
(871, 'post_attachment', 1933, 3128, 'en', 'fa'),
(872, 'post_attachment', 1934, 3129, 'en', 'fa'),
(873, 'post_attachment', 1935, 3130, 'en', 'fa'),
(874, 'post_attachment', 1936, 3131, 'en', 'fa'),
(875, 'post_attachment', 1937, 3132, 'en', 'fa'),
(876, 'post_attachment', 1938, 3133, 'en', 'fa'),
(877, 'post_attachment', 1939, 3134, 'en', 'fa'),
(878, 'post_attachment', 1940, 3135, 'en', 'fa'),
(879, 'post_attachment', 1941, 3136, 'en', 'fa'),
(880, 'post_attachment', 1942, 3137, 'en', 'fa'),
(881, 'post_attachment', 1943, 3138, 'en', 'fa'),
(882, 'post_attachment', 1944, 3153, 'en', 'fa'),
(883, 'post_attachment', 1945, 3154, 'en', 'fa'),
(884, 'post_attachment', 1946, 3181, 'en', 'fa'),
(885, 'post_page', 1947, 20, 'en', 'fa'),
(887, 'package_elementor', 2, 3182, 'fa', NULL),
(888, 'tax_product_cat', 31, 1643, 'en', 'fa'),
(889, 'tax_product_cat', 32, 1642, 'en', 'fa'),
(890, 'tax_product_cat', 33, 1644, 'en', 'fa'),
(891, 'tax_product_cat', 34, 1648, 'en', 'fa'),
(892, 'post_product', 1958, 1466, 'en', 'fa'),
(893, 'post_product', 1960, 1441, 'en', 'fa'),
(894, 'post_product', 1963, 1411, 'en', 'fa'),
(895, 'post_product', 1966, 1378, 'en', 'fa'),
(896, 'post_product', 1971, 1040, 'en', 'fa'),
(897, 'post_product', 1973, 1031, 'en', 'fa'),
(898, 'post_product', 1975, 1002, 'en', 'fa'),
(899, 'post_product', 1976, 987, 'en', 'fa'),
(900, 'post_product', 1979, 974, 'en', 'fa'),
(901, 'post_product', 1983, 955, 'en', 'fa'),
(902, 'post_product', 1984, 851, 'en', 'fa'),
(903, 'post_product', 1988, 828, 'en', 'fa'),
(904, 'post_product', 1991, 807, 'en', 'fa'),
(905, 'post_product', 1996, 778, 'en', 'fa'),
(906, 'post_product', 1998, 748, 'en', 'fa'),
(907, 'post_product', 2001, 710, 'en', 'fa'),
(908, 'post_product', 2003, 696, 'en', 'fa'),
(909, 'tax_category', 35, 1567, 'en', 'fa'),
(911, 'package_gutenberg', 3, 3183, 'fa', NULL),
(912, 'post_post', 2013, 1124, 'en', 'fa'),
(913, 'post_post', 2010, 1116, 'en', 'fa'),
(915, 'package_gutenberg', 4, 3184, 'fa', NULL),
(916, 'post_post', 2015, 1112, 'en', 'fa'),
(918, 'package_gutenberg', 5, 3185, 'fa', NULL),
(919, 'post_cms_block', 2045, 266, 'en', 'fa'),
(921, 'package_elementor', 6, 3186, 'fa', NULL),
(922, 'tax_nav_menu', 36, 1585, 'en', 'fa'),
(923, 'post_nav_menu_item', 2056, 3187, 'en', NULL),
(924, 'post_page', 2057, 949, 'en', 'fa'),
(926, 'package_elementor', 7, 3188, 'fa', NULL),
(927, 'post_nav_menu_item', 2062, 3189, 'en', NULL),
(928, 'post_nav_menu_item', 2063, 3190, 'en', NULL),
(929, 'post_nav_menu_item', 2064, 3191, 'en', NULL),
(930, 'post_nav_menu_item', 2065, 3192, 'en', NULL),
(931, 'post_nav_menu_item', 2066, 3193, 'en', NULL),
(932, 'post_nav_menu_item', 2067, 3194, 'en', NULL),
(933, 'post_nav_menu_item', 2068, 3195, 'en', NULL),
(934, 'post_nav_menu_item', 2069, 3196, 'en', NULL),
(935, 'post_nav_menu_item', 2070, 3197, 'en', NULL),
(936, 'post_nav_menu_item', 2071, 3198, 'en', NULL),
(937, 'post_nav_menu_item', 2072, 3199, 'en', NULL),
(938, 'post_nav_menu_item', 2073, 3200, 'en', NULL),
(939, 'post_nav_menu_item', 2074, 3201, 'en', NULL),
(940, 'post_nav_menu_item', 2075, 3202, 'en', NULL),
(952, 'post_attachment', 2107, 3209, 'en', 'fa'),
(951, 'post_attachment', 2106, 3209, 'fa', NULL),
(943, 'post_page', 2078, 903, 'en', 'fa'),
(945, 'package_elementor', 8, 3205, 'fa', NULL),
(946, 'post_page', 2084, 875, 'en', 'fa'),
(948, 'package_elementor', 9, 3206, 'fa', NULL),
(949, 'post_nav_menu_item', 2090, 3207, 'en', NULL),
(950, 'post_nav_menu_item', 2091, 3208, 'en', NULL),
(953, 'post_attachment', 2108, 3210, 'fa', NULL),
(954, 'post_attachment', 2109, 3210, 'en', 'fa'),
(955, 'post_attachment', 2111, 3211, 'fa', NULL),
(956, 'post_attachment', 2112, 3211, 'en', 'fa'),
(957, 'post_attachment', 2113, 3212, 'fa', NULL),
(958, 'post_attachment', 2114, 3212, 'en', 'fa'),
(959, 'post_attachment', 2143, 3213, 'fa', NULL),
(960, 'post_attachment', 2144, 3213, 'en', 'fa'),
(961, 'post_attachment', 2145, 3214, 'fa', NULL),
(962, 'post_attachment', 2146, 3214, 'en', 'fa'),
(963, 'post_attachment', 2147, 3215, 'fa', NULL),
(964, 'post_attachment', 2148, 3215, 'en', 'fa'),
(965, 'post_attachment', 2149, 3216, 'fa', NULL),
(966, 'post_attachment', 2150, 3216, 'en', 'fa');

-- --------------------------------------------------------

--
